{"id":10948,"date":"2018-10-02T15:39:11","date_gmt":"2018-10-02T14:39:11","guid":{"rendered":"http:\/\/jensgustafsson.se\/?page_id=10948"},"modified":"2018-10-02T16:31:02","modified_gmt":"2018-10-02T15:31:02","slug":"september-2018","status":"publish","type":"page","link":"https:\/\/jensgustafsson.se\/?page_id=10948","title":{"rendered":"September 2018."},"content":{"rendered":"<p><span style=\"color: #33cccc;\"><em>September m\u00e5nad b\u00f6rjade med kraftigt regn natten mellan 31 augusti och 1 september, totalt 24,3 mm, som utgjorde ungef\u00e4r h\u00e4lften av m\u00e5nadens nederb\u00f6rd. Totalt m\u00e4tte jag upp 50 mm p\u00e5 min station, f\u00f6rdelat p\u00e5 11 dygn och allts\u00e5 19 dygn med uppeh\u00e5ll, eller ej m\u00e4tbar nederb\u00f6rd.<\/em><\/span><\/p>\n<p><span style=\"color: #33cccc;\"><em>Medeltemperaturen blev 13,8\u00b0, vilket \u00e4r lite h\u00f6gre \u00e4n vad som \u00e4r normalt h\u00e4r,eller ca 0,8\u00b0 h\u00f6gre, vilket ju \u00e4r ganska mycket eftersom det handlar om medelv\u00e4rde.<\/em><\/span><\/p>\n<p><span style=\"color: #33cccc;\"><em>Anm\u00e4rkningsv\u00e4rt \u00e4r ocks\u00e5 att vi haft en natt med minusgrader, har inte varit registrerat p\u00e5 min v\u00e4derstation sedan september 2013. Jag observerade ocks\u00e5 markfrost den 16 september i Tr\u00e5nshult, men mintemperaturen l\u00e5g h\u00e4r p\u00e5 5,1\u00b0 den morgonen. 24,8\u00b0 blev den h\u00f6gsta temperaturen denna m\u00e5nad, och den l\u00e4gsta -1,2\u00b0 .<\/em><\/span><\/p>\n<p><span style=\"color: #33cccc;\"><em>Antal dagar med en maxtemperatur mellan 12,4 och 19,9\u00b0 blev 18 stycken, och antal dagar med maxtemperatur mellan 20 och 24,8\u00b0 blev 12 stycken.<\/em><\/span><\/p>\n<p><span style=\"color: #33cccc;\"><em>Vinden har gjort sig p\u00e5mind ganska mycket denna m\u00e5nad, mycket h\u00e5rda vindbyar tidvis i samband med l\u00e5gtryckspassager. Har gjort en sammanst\u00e4llning nedan, som visar den dominerande vindriktningen, antal dygn p\u00e5 respektive riktning.<\/em><\/span><\/p>\n<p><span style=\"color: #33cccc;\"><em>Sydlig = 4 dygn<\/em><\/span><br \/>\n<span style=\"color: #33cccc;\"><em>Sydv\u00e4stlig = 11 dygn<\/em><\/span><br \/>\n<span style=\"color: #33cccc;\"><em>V\u00e4stlig = 8 dygn<\/em><\/span><br \/>\n<span style=\"color: #33cccc;\"><em>Nordv\u00e4stlig = 0 dygn<\/em><\/span><br \/>\n<span style=\"color: #33cccc;\"><em>Nordlig = 1 dygn<\/em><\/span><br \/>\n<span style=\"color: #33cccc;\"><em>Nordostlig = 4 dygn<\/em><\/span><br \/>\n<span style=\"color: #33cccc;\"><em>Ostlig = 1 dygn<\/em><\/span><br \/>\n<span style=\"color: #33cccc;\"><em>Sydostlig = 1 dygn<\/em><\/span><\/p>\n<p><span style=\"color: #33cccc;\"><em>H\u00e4r nedan kommer d\u00e5 sammanst\u00e4llningen i siffror fr\u00e5n loggen p\u00e5 min v\u00e4derstation, som jobbar med programmen Heavy Weather och Cumulus:<\/em><\/span><\/p>\n<p><span style=\"color: #33cccc;\"><em>Summary for september 2018<\/em><\/span><\/p>\n<p><span style=\"color: #33cccc;\"><em>Temperature (\u00b0C):<\/em><\/span><br \/>\n<span style=\"color: #33cccc;\"><em>Mean (min+max) 13,8<\/em><\/span><br \/>\n<span style=\"color: #33cccc;\"><em>Mean Minimum 9,1<\/em><\/span><br \/>\n<span style=\"color: #33cccc;\"><em>Mean Maximum 18,5<\/em><\/span><br \/>\n<span style=\"color: #33cccc;\"><em>Minimum -1,2 day 29<\/em><\/span><br \/>\n<span style=\"color: #33cccc;\"><em>Maximum 24,8 day 18<\/em><\/span><br \/>\n<span style=\"color: #33cccc;\"><em>Highest Minimum 16,2 day 07<\/em><\/span><br \/>\n<span style=\"color: #33cccc;\"><em>Lowest Maximum 12,4 day 24<\/em><\/span><br \/>\n<span style=\"color: #33cccc;\"><em>Air frosts 1<\/em><\/span><\/p>\n<p><span style=\"color: #33cccc;\"><em>Rainfall (mm):<\/em><\/span><br \/>\n<span style=\"color: #33cccc;\"><em>Total for month 50,0<\/em><\/span><br \/>\n<span style=\"color: #33cccc;\"><em>Wettest day 24,3 day 01<\/em><\/span><br \/>\n<span style=\"color: #33cccc;\"><em>Rain days 11<\/em><\/span><br \/>\n<span style=\"color: #33cccc;\"><em>Dry days 19<\/em><\/span><\/p>\n<p><span style=\"color: #33cccc;\"><em>Wind (m\/s):<\/em><\/span><br \/>\n<span style=\"color: #33cccc;\"><em>Highest Gust 16,8 day 27<\/em><\/span><\/p>\n<p><span style=\"color: #33cccc;\"><em>Pressure (hPa):<\/em><\/span><br \/>\n<span style=\"color: #33cccc;\"><em>Maximum 1029,6 day 25<\/em><\/span><br \/>\n<span style=\"color: #33cccc;\"><em>Minimum 993,4 day 21<\/em><\/span><\/p>\n<p><span style=\"color: #33cccc;\"><em>Som vanligt l\u00e4gger jag in n\u00e5gra bilder som kommit till i september m\u00e5nad:<\/em><\/span><\/p>\n<div id=\"attachment_10950\" style=\"width: 594px\" class=\"wp-caption aligncenter\"><a style=\"color: #33cccc;\" href=\"http:\/\/jensgustafsson.se\/?attachment_id=10950\" rel=\"attachment wp-att-10950\"><img loading=\"lazy\" decoding=\"async\" aria-describedby=\"caption-attachment-10950\" class=\"size-large wp-image-10950\" src=\"http:\/\/media1.jensgustafsson.se\/2018\/10\/DSC_4222-1024x683.jpg\" alt=\"\" width=\"584\" height=\"390\" srcset=\"https:\/\/media1.jensgustafsson.se\/2018\/10\/DSC_4222-1024x683.jpg 1024w, https:\/\/media1.jensgustafsson.se\/2018\/10\/DSC_4222-300x200.jpg 300w, https:\/\/media1.jensgustafsson.se\/2018\/10\/DSC_4222-768x512.jpg 768w, https:\/\/media1.jensgustafsson.se\/2018\/10\/DSC_4222-450x300.jpg 450w\" sizes=\"auto, (max-width: 584px) 100vw, 584px\" \/><\/a><p id=\"caption-attachment-10950\" class=\"wp-caption-text\"><span style=\"color: #33cccc;\"><em>Tr\u00e4nsj\u00f6n p\u00e5 morgonen 2 september.<\/em><\/span><\/p><\/div>\n<div id=\"attachment_10951\" style=\"width: 594px\" class=\"wp-caption aligncenter\"><a style=\"color: #33cccc;\" href=\"http:\/\/jensgustafsson.se\/?attachment_id=10951\" rel=\"attachment wp-att-10951\"><img loading=\"lazy\" decoding=\"async\" aria-describedby=\"caption-attachment-10951\" class=\"size-large wp-image-10951\" src=\"http:\/\/media1.jensgustafsson.se\/2018\/10\/DSC_4282-1024x683.jpg\" alt=\"\" width=\"584\" height=\"390\" srcset=\"https:\/\/media1.jensgustafsson.se\/2018\/10\/DSC_4282-1024x683.jpg 1024w, https:\/\/media1.jensgustafsson.se\/2018\/10\/DSC_4282-300x200.jpg 300w, https:\/\/media1.jensgustafsson.se\/2018\/10\/DSC_4282-768x512.jpg 768w, https:\/\/media1.jensgustafsson.se\/2018\/10\/DSC_4282-450x300.jpg 450w\" sizes=\"auto, (max-width: 584px) 100vw, 584px\" \/><\/a><p id=\"caption-attachment-10951\" class=\"wp-caption-text\"><span style=\"color: #33cccc;\"><em>N\u00f6tebro, 3 september.<\/em><\/span><\/p><\/div>\n<div id=\"attachment_10952\" style=\"width: 594px\" class=\"wp-caption aligncenter\"><a style=\"color: #33cccc;\" href=\"http:\/\/jensgustafsson.se\/?attachment_id=10952\" rel=\"attachment wp-att-10952\"><img loading=\"lazy\" decoding=\"async\" aria-describedby=\"caption-attachment-10952\" class=\"size-large wp-image-10952\" src=\"http:\/\/media1.jensgustafsson.se\/2018\/10\/DSC_4604-1024x683.jpg\" alt=\"\" width=\"584\" height=\"390\" srcset=\"https:\/\/media1.jensgustafsson.se\/2018\/10\/DSC_4604-1024x683.jpg 1024w, https:\/\/media1.jensgustafsson.se\/2018\/10\/DSC_4604-300x200.jpg 300w, https:\/\/media1.jensgustafsson.se\/2018\/10\/DSC_4604-768x512.jpg 768w, https:\/\/media1.jensgustafsson.se\/2018\/10\/DSC_4604-450x300.jpg 450w\" sizes=\"auto, (max-width: 584px) 100vw, 584px\" \/><\/a><p id=\"caption-attachment-10952\" class=\"wp-caption-text\"><span style=\"color: #33cccc;\"><em>Stolta fj\u00e4llskivlingar vid Tr\u00e5nshult, 8 september.<\/em><\/span><\/p><\/div>\n<div id=\"attachment_10953\" style=\"width: 594px\" class=\"wp-caption aligncenter\"><a style=\"color: #33cccc;\" href=\"http:\/\/jensgustafsson.se\/?attachment_id=10953\" rel=\"attachment wp-att-10953\"><img loading=\"lazy\" decoding=\"async\" aria-describedby=\"caption-attachment-10953\" class=\"size-large wp-image-10953\" src=\"http:\/\/media1.jensgustafsson.se\/2018\/10\/DSC_4779-1024x683.jpg\" alt=\"\" width=\"584\" height=\"390\" srcset=\"https:\/\/media1.jensgustafsson.se\/2018\/10\/DSC_4779-1024x683.jpg 1024w, https:\/\/media1.jensgustafsson.se\/2018\/10\/DSC_4779-300x200.jpg 300w, https:\/\/media1.jensgustafsson.se\/2018\/10\/DSC_4779-768x512.jpg 768w, https:\/\/media1.jensgustafsson.se\/2018\/10\/DSC_4779-450x300.jpg 450w\" sizes=\"auto, (max-width: 584px) 100vw, 584px\" \/><\/a><p id=\"caption-attachment-10953\" class=\"wp-caption-text\"><span style=\"color: #33cccc;\"><em>16 september , dimmigt vid soluppg\u00e5ngen.<\/em><\/span><\/p><\/div>\n<div id=\"attachment_10954\" style=\"width: 594px\" class=\"wp-caption aligncenter\"><a style=\"color: #33cccc;\" href=\"http:\/\/jensgustafsson.se\/?attachment_id=10954\" rel=\"attachment wp-att-10954\"><img loading=\"lazy\" decoding=\"async\" aria-describedby=\"caption-attachment-10954\" class=\"size-large wp-image-10954\" src=\"http:\/\/media1.jensgustafsson.se\/2018\/10\/DSC_4935-1024x683.jpg\" alt=\"\" width=\"584\" height=\"390\" srcset=\"https:\/\/media1.jensgustafsson.se\/2018\/10\/DSC_4935-1024x683.jpg 1024w, https:\/\/media1.jensgustafsson.se\/2018\/10\/DSC_4935-300x200.jpg 300w, https:\/\/media1.jensgustafsson.se\/2018\/10\/DSC_4935-768x512.jpg 768w, https:\/\/media1.jensgustafsson.se\/2018\/10\/DSC_4935-450x300.jpg 450w\" sizes=\"auto, (max-width: 584px) 100vw, 584px\" \/><\/a><p id=\"caption-attachment-10954\" class=\"wp-caption-text\"><span style=\"color: #33cccc;\"><em>Vid Leksj\u00f6n, 19 september.<\/em><\/span><\/p><\/div>\n<div id=\"attachment_10955\" style=\"width: 594px\" class=\"wp-caption aligncenter\"><a style=\"color: #33cccc;\" href=\"http:\/\/jensgustafsson.se\/?attachment_id=10955\" rel=\"attachment wp-att-10955\"><img loading=\"lazy\" decoding=\"async\" aria-describedby=\"caption-attachment-10955\" class=\"size-large wp-image-10955\" src=\"http:\/\/media1.jensgustafsson.se\/2018\/10\/DSC_4979-1024x574.jpg\" alt=\"\" width=\"584\" height=\"327\" srcset=\"https:\/\/media1.jensgustafsson.se\/2018\/10\/DSC_4979-1024x574.jpg 1024w, https:\/\/media1.jensgustafsson.se\/2018\/10\/DSC_4979-300x168.jpg 300w, https:\/\/media1.jensgustafsson.se\/2018\/10\/DSC_4979-768x430.jpg 768w, https:\/\/media1.jensgustafsson.se\/2018\/10\/DSC_4979-500x280.jpg 500w\" sizes=\"auto, (max-width: 584px) 100vw, 584px\" \/><\/a><p id=\"caption-attachment-10955\" class=\"wp-caption-text\"><span style=\"color: #33cccc;\"><em>21 september vid Ernemar, Oskarshamn strax innan ett hejdundrandes \u00e5skv\u00e4der med kraftiga vindbyar och sp\u00f6regn br\u00f6t ut.<\/em><\/span><\/p><\/div>\n<div id=\"attachment_10956\" style=\"width: 594px\" class=\"wp-caption aligncenter\"><a style=\"color: #33cccc;\" href=\"http:\/\/jensgustafsson.se\/?attachment_id=10956\" rel=\"attachment wp-att-10956\"><img loading=\"lazy\" decoding=\"async\" aria-describedby=\"caption-attachment-10956\" class=\"size-large wp-image-10956\" src=\"http:\/\/media1.jensgustafsson.se\/2018\/10\/DSC_5111-1024x683.jpg\" alt=\"\" width=\"584\" height=\"390\" srcset=\"https:\/\/media1.jensgustafsson.se\/2018\/10\/DSC_5111-1024x683.jpg 1024w, https:\/\/media1.jensgustafsson.se\/2018\/10\/DSC_5111-300x200.jpg 300w, https:\/\/media1.jensgustafsson.se\/2018\/10\/DSC_5111-768x512.jpg 768w, https:\/\/media1.jensgustafsson.se\/2018\/10\/DSC_5111-450x300.jpg 450w\" sizes=\"auto, (max-width: 584px) 100vw, 584px\" \/><\/a><p id=\"caption-attachment-10956\" class=\"wp-caption-text\"><span style=\"color: #33cccc;\"><em>Vid kvarndammen i Kronobo, 25 september.<\/em><\/span><\/p><\/div>\n<div id=\"attachment_10957\" style=\"width: 594px\" class=\"wp-caption aligncenter\"><a style=\"color: #33cccc;\" href=\"http:\/\/jensgustafsson.se\/?attachment_id=10957\" rel=\"attachment wp-att-10957\"><img loading=\"lazy\" decoding=\"async\" aria-describedby=\"caption-attachment-10957\" class=\"size-large wp-image-10957\" src=\"http:\/\/media1.jensgustafsson.se\/2018\/10\/DSC_5256-1024x683.jpg\" alt=\"\" width=\"584\" height=\"390\" srcset=\"https:\/\/media1.jensgustafsson.se\/2018\/10\/DSC_5256-1024x683.jpg 1024w, https:\/\/media1.jensgustafsson.se\/2018\/10\/DSC_5256-300x200.jpg 300w, https:\/\/media1.jensgustafsson.se\/2018\/10\/DSC_5256-768x512.jpg 768w, https:\/\/media1.jensgustafsson.se\/2018\/10\/DSC_5256-450x300.jpg 450w\" sizes=\"auto, (max-width: 584px) 100vw, 584px\" \/><\/a><p id=\"caption-attachment-10957\" class=\"wp-caption-text\"><span style=\"color: #33cccc;\"><em>Frost p\u00e5 morgonen 29 september.<\/em><\/span><\/p><\/div>\n<div id=\"attachment_10958\" style=\"width: 594px\" class=\"wp-caption aligncenter\"><a style=\"color: #33cccc;\" href=\"http:\/\/jensgustafsson.se\/?attachment_id=10958\" rel=\"attachment wp-att-10958\"><img loading=\"lazy\" decoding=\"async\" aria-describedby=\"caption-attachment-10958\" class=\"size-large wp-image-10958\" src=\"http:\/\/media1.jensgustafsson.se\/2018\/10\/DSC_5497-1024x683.jpg\" alt=\"\" width=\"584\" height=\"390\" srcset=\"https:\/\/media1.jensgustafsson.se\/2018\/10\/DSC_5497-1024x683.jpg 1024w, https:\/\/media1.jensgustafsson.se\/2018\/10\/DSC_5497-300x200.jpg 300w, https:\/\/media1.jensgustafsson.se\/2018\/10\/DSC_5497-768x512.jpg 768w, https:\/\/media1.jensgustafsson.se\/2018\/10\/DSC_5497-450x300.jpg 450w\" sizes=\"auto, (max-width: 584px) 100vw, 584px\" \/><\/a><p id=\"caption-attachment-10958\" class=\"wp-caption-text\"><span style=\"color: #33cccc;\"><em>P\u00e5 kv\u00e4llen 30 september.<\/em><\/span><\/p><\/div>\n<p>&nbsp;<\/p>\n","protected":false},"excerpt":{"rendered":"<p>September m\u00e5nad b\u00f6rjade med kraftigt regn natten mellan 31 augusti och 1 september, totalt 24,3 mm, som utgjorde ungef\u00e4r h\u00e4lften av m\u00e5nadens nederb\u00f6rd. Totalt m\u00e4tte jag upp 50 mm p\u00e5 min station, f\u00f6rdelat p\u00e5 11 dygn och allts\u00e5 19 dygn &hellip; <a href=\"https:\/\/jensgustafsson.se\/?page_id=10948\">Forts\u00e4tt l\u00e4sa <span class=\"meta-nav\">&rarr;<\/span><\/a><\/p>\n","protected":false},"author":1,"featured_media":0,"parent":9263,"menu_order":9,"comment_status":"closed","ping_status":"closed","template":"","meta":{"footnotes":""},"class_list":["post-10948","page","type-page","status-publish","hentry"],"_links":{"self":[{"href":"https:\/\/jensgustafsson.se\/index.php?rest_route=\/wp\/v2\/pages\/10948","targetHints":{"allow":["GET"]}}],"collection":[{"href":"https:\/\/jensgustafsson.se\/index.php?rest_route=\/wp\/v2\/pages"}],"about":[{"href":"https:\/\/jensgustafsson.se\/index.php?rest_route=\/wp\/v2\/types\/page"}],"author":[{"embeddable":true,"href":"https:\/\/jensgustafsson.se\/index.php?rest_route=\/wp\/v2\/users\/1"}],"replies":[{"embeddable":true,"href":"https:\/\/jensgustafsson.se\/index.php?rest_route=%2Fwp%2Fv2%2Fcomments&post=10948"}],"version-history":[{"count":4,"href":"https:\/\/jensgustafsson.se\/index.php?rest_route=\/wp\/v2\/pages\/10948\/revisions"}],"predecessor-version":[{"id":10962,"href":"https:\/\/jensgustafsson.se\/index.php?rest_route=\/wp\/v2\/pages\/10948\/revisions\/10962"}],"up":[{"embeddable":true,"href":"https:\/\/jensgustafsson.se\/index.php?rest_route=\/wp\/v2\/pages\/9263"}],"wp:attachment":[{"href":"https:\/\/jensgustafsson.se\/index.php?rest_route=%2Fwp%2Fv2%2Fmedia&parent=10948"}],"curies":[{"name":"wp","href":"https:\/\/api.w.org\/{rel}","templated":true}]}}