{"id":12295,"date":"2019-04-02T13:59:39","date_gmt":"2019-04-02T12:59:39","guid":{"rendered":"http:\/\/jensgustafsson.se\/?page_id=12295"},"modified":"2019-04-02T13:59:39","modified_gmt":"2019-04-02T12:59:39","slug":"mars-2019","status":"publish","type":"page","link":"https:\/\/jensgustafsson.se\/?page_id=12295","title":{"rendered":"Mars 2019."},"content":{"rendered":"\n<p class=\"has-text-color has-medium-font-size has-blue-color\">Mars 2019 blev en mild m\u00e5nad, medeltemperaturen blev +4,1\u00b0, och det har vi inte haft sedan 2014, d\u00e5 var den + 4,7\u00b0. Som en parentes tittar jag tillbaka p\u00e5 mars i fjol, som var en ganska &#8221;b\u00f6kig&#8221; vinterm\u00e5nad, med kyla och en hel del sn\u00f6, som l\u00e5g kvar \u00e4nda in i april. D\u00e5 var medeltemperaturen f\u00f6r m\u00e5naden -1\u00b0, en v\u00e4sentlig skillnad allts\u00e5. I diagrammet nedan visar jag min-och maxtemperaturen dag f\u00f6r dag under m\u00e5naden, och d\u00e4r ser vi att det varierat en hel del mellan mildare och lite kyligare dagar, men som sagt, totalt sett en m\u00e5nad med tyngdpunkt p\u00e5 v\u00e5r iallafall.<\/p>\n\n\n\n<p class=\"has-text-color has-medium-font-size has-blue-color\"> I diagrammet nedan visar jag min-och maxtemperaturen dag f\u00f6r dag under m\u00e5naden, och d\u00e4r ser vi att det varierat en hel del mellan mildare och lite kyligare dagar, men som sagt, totalt sett en m\u00e5nad med tyngdpunkt p\u00e5 v\u00e5r iallafall.<\/p>\n\n\n\n<figure class=\"wp-block-image\"><img loading=\"lazy\" decoding=\"async\" width=\"683\" height=\"319\" src=\"http:\/\/media1.jensgustafsson.se\/2019\/04\/image.png\" alt=\"\" class=\"wp-image-12296\" srcset=\"https:\/\/media1.jensgustafsson.se\/2019\/04\/image.png 683w, https:\/\/media1.jensgustafsson.se\/2019\/04\/image-300x140.png 300w, https:\/\/media1.jensgustafsson.se\/2019\/04\/image-500x234.png 500w\" sizes=\"auto, (max-width: 683px) 100vw, 683px\" \/><\/figure>\n\n\n\n<p class=\"has-text-color has-medium-font-size has-blue-color\">I diagrammet nedan visar jag dygnens medeltemperatur under m\u00e5naden.<\/p>\n\n\n\n<figure class=\"wp-block-image\"><img loading=\"lazy\" decoding=\"async\" width=\"681\" height=\"324\" src=\"http:\/\/media1.jensgustafsson.se\/2019\/04\/image-1.png\" alt=\"\" class=\"wp-image-12297\" srcset=\"https:\/\/media1.jensgustafsson.se\/2019\/04\/image-1.png 681w, https:\/\/media1.jensgustafsson.se\/2019\/04\/image-1-300x143.png 300w, https:\/\/media1.jensgustafsson.se\/2019\/04\/image-1-500x238.png 500w\" sizes=\"auto, (max-width: 681px) 100vw, 681px\" \/><\/figure>\n\n\n\n<p class=\"has-text-color has-medium-font-size has-blue-color\">Vind har vi haft en hel del, tidvis friska med h\u00e5rda vindbyar, och det har gjort att trots att vi haft ett antal plusgrader n\u00e4r man tittat p\u00e5 termometern, s\u00e5 har det upplevts v\u00e4ldigt kallt i vinden n\u00e4r man varit ute i den. \u00c5terigen konstaterar jag att m\u00e5naden pr\u00e4glats av vindar fr\u00e5n riktning d\u00e4r v\u00e4ster \u00e4r inblandat, och det syns i diagrammet nedan, d\u00e4r antal dagar med respektive riktning visas.<\/p>\n\n\n\n<figure class=\"wp-block-image\"><img loading=\"lazy\" decoding=\"async\" width=\"655\" height=\"288\" src=\"http:\/\/media1.jensgustafsson.se\/2019\/04\/image-3.png\" alt=\"\" class=\"wp-image-12299\" srcset=\"https:\/\/media1.jensgustafsson.se\/2019\/04\/image-3.png 655w, https:\/\/media1.jensgustafsson.se\/2019\/04\/image-3-300x132.png 300w, https:\/\/media1.jensgustafsson.se\/2019\/04\/image-3-500x220.png 500w\" sizes=\"auto, (max-width: 655px) 100vw, 655px\" \/><\/figure>\n\n\n\n<p class=\"has-text-color has-medium-font-size has-blue-color\">Nederb\u00f6rd har vi f\u00e5tt 45 mm under m\u00e5naden, i b\u00f6rjan av m\u00e5naden s\u00e5 kom det i form av sn\u00f6 (5: mars blev det vitt p\u00e5 backen), sedan har resten kommit i form av regn, f\u00f6rdelat p\u00e5 14 dagar, resten av dagarna ingen m\u00e4tbar nederb\u00f6rd. M\u00e4tbart sn\u00f6t\u00e4cke har vi bara haft i tv\u00e5 dygn under m\u00e5naden, och det mesta var den 5:mars med 6 cm djup. Det mesta t\u00f6ade bort dagen efter sedan. Nederb\u00f6rdsm\u00e4ngden och f\u00f6rdelningen \u00f6ver m\u00e5nadens dagar visar jag i diagrammet nedan.<\/p>\n\n\n\n<figure class=\"wp-block-image\"><img loading=\"lazy\" decoding=\"async\" width=\"663\" height=\"349\" src=\"http:\/\/media1.jensgustafsson.se\/2019\/04\/image-4.png\" alt=\"\" class=\"wp-image-12300\" srcset=\"https:\/\/media1.jensgustafsson.se\/2019\/04\/image-4.png 663w, https:\/\/media1.jensgustafsson.se\/2019\/04\/image-4-300x158.png 300w, https:\/\/media1.jensgustafsson.se\/2019\/04\/image-4-500x263.png 500w\" sizes=\"auto, (max-width: 663px) 100vw, 663px\" \/><\/figure>\n\n\n\n<p class=\"has-text-color has-medium-font-size has-blue-color\">S\u00e5 kommer sammanfattningen i siffror fr\u00e5n min v\u00e4derstation, WS-2308, som jobbr med tv\u00e5 program, Heavy Wheather f\u00f6r loggningen, och Cumulus som ocks\u00e5 loggar, och omvandlar med hj\u00e4lp av mig till \u00f6versk\u00e5dliga fakta p\u00e5 min v\u00e4dersida p\u00e5 webben.<\/p>\n\n\n\n<p class=\"has-text-color has-medium-font-size has-blue-color\">Summary for mars 2019        <\/p>\n\n\n\n<p class=\"has-text-color has-medium-font-size has-blue-color\">Temperature (\u00b0C):        <br \/>\nMean (min+max)   4,1        <br \/>\nMean Minimum     -0,2        <br \/>\nMean Maximum     7,7        <br \/>\nMinimum          -5,4 day 12        <br \/>\nMaximum          14,2 day 28        <br \/>\nHighest Minimum  6,3 day 29        <br \/>\nLowest Maximum   1,8 day 11        <br \/>\nAir frosts       14        <\/p>\n\n\n\n<p class=\"has-text-color has-medium-font-size has-blue-color\">Rainfall (mm):        <br \/>\nTotal for month  45        <br \/>\nWettest day      8,8 day 17        <br \/>\nHigh rain rate   12,0 day 17        <br \/>\nRain days        14        <br \/>\nDry days         17        <\/p>\n\n\n\n<p class=\"has-text-color has-medium-font-size has-blue-color\">Wind (m\/s):        <br \/>\nHighest Gust     15,3 day 29        <br \/>\nAverage Speed    2,2        <\/p>\n\n\n\n<p class=\"has-text-color has-medium-font-size has-blue-color\">Pressure (hPa):        <br \/> Maximum          987,9 day 22        <br \/> Minimum          925,3 day 04   <\/p>\n\n\n\n<p class=\"has-text-color has-medium-font-size has-blue-color\">Som vanligt s\u00e5 l\u00e4gger jag in lite foton h\u00e4r nedan som jag tagit under mars m\u00e5nad:<\/p>\n\n\n\n<figure class=\"wp-block-image\"><img loading=\"lazy\" decoding=\"async\" width=\"1024\" height=\"617\" src=\"http:\/\/media1.jensgustafsson.se\/2019\/04\/DSC_9225-1024x617.jpg\" alt=\"\" class=\"wp-image-12302\" srcset=\"https:\/\/media1.jensgustafsson.se\/2019\/04\/DSC_9225-1024x617.jpg 1024w, https:\/\/media1.jensgustafsson.se\/2019\/04\/DSC_9225-300x181.jpg 300w, https:\/\/media1.jensgustafsson.se\/2019\/04\/DSC_9225-768x462.jpg 768w, https:\/\/media1.jensgustafsson.se\/2019\/04\/DSC_9225-498x300.jpg 498w\" sizes=\"auto, (max-width: 1024px) 100vw, 1024px\" \/><figcaption><strong><em>1 mars vid \u00d6vrasj\u00f6n.<\/em><\/strong><br \/><br \/><\/figcaption><\/figure>\n\n\n\n<figure class=\"wp-block-image\"><img loading=\"lazy\" decoding=\"async\" width=\"1024\" height=\"683\" src=\"http:\/\/media1.jensgustafsson.se\/2019\/04\/DSC_9312-1024x683.jpg\" alt=\"\" class=\"wp-image-12303\" srcset=\"https:\/\/media1.jensgustafsson.se\/2019\/04\/DSC_9312-1024x683.jpg 1024w, https:\/\/media1.jensgustafsson.se\/2019\/04\/DSC_9312-300x200.jpg 300w, https:\/\/media1.jensgustafsson.se\/2019\/04\/DSC_9312-768x512.jpg 768w, https:\/\/media1.jensgustafsson.se\/2019\/04\/DSC_9312-450x300.jpg 450w\" sizes=\"auto, (max-width: 1024px) 100vw, 1024px\" \/><figcaption><strong><em>5 mars p\u00e5 Morebov\u00e4gen<\/em><\/strong><\/figcaption><\/figure>\n\n\n\n<figure class=\"wp-block-image\"><img loading=\"lazy\" decoding=\"async\" width=\"1024\" height=\"683\" src=\"http:\/\/media1.jensgustafsson.se\/2019\/04\/DSC_9360-1024x683.jpg\" alt=\"\" class=\"wp-image-12304\" srcset=\"https:\/\/media1.jensgustafsson.se\/2019\/04\/DSC_9360-1024x683.jpg 1024w, https:\/\/media1.jensgustafsson.se\/2019\/04\/DSC_9360-300x200.jpg 300w, https:\/\/media1.jensgustafsson.se\/2019\/04\/DSC_9360-768x512.jpg 768w, https:\/\/media1.jensgustafsson.se\/2019\/04\/DSC_9360-450x300.jpg 450w\" sizes=\"auto, (max-width: 1024px) 100vw, 1024px\" \/><figcaption><strong><em>9 mars, Vecklevad, bra fart p\u00e5 N\u00f6t\u00e5n.<\/em><\/strong><\/figcaption><\/figure>\n\n\n\n<figure class=\"wp-block-image\"><img loading=\"lazy\" decoding=\"async\" width=\"1024\" height=\"683\" src=\"http:\/\/media1.jensgustafsson.se\/2019\/04\/DSC_9375-1024x683.jpg\" alt=\"\" class=\"wp-image-12305\" srcset=\"https:\/\/media1.jensgustafsson.se\/2019\/04\/DSC_9375-1024x683.jpg 1024w, https:\/\/media1.jensgustafsson.se\/2019\/04\/DSC_9375-300x200.jpg 300w, https:\/\/media1.jensgustafsson.se\/2019\/04\/DSC_9375-768x512.jpg 768w, https:\/\/media1.jensgustafsson.se\/2019\/04\/DSC_9375-450x300.jpg 450w\" sizes=\"auto, (max-width: 1024px) 100vw, 1024px\" \/><figcaption><strong><em>9 mars, Tibast.<\/em><\/strong><\/figcaption><\/figure>\n\n\n\n<figure class=\"wp-block-image\"><img loading=\"lazy\" decoding=\"async\" width=\"1024\" height=\"683\" src=\"http:\/\/media1.jensgustafsson.se\/2019\/04\/DSC_9466-1024x683.jpg\" alt=\"\" class=\"wp-image-12306\" srcset=\"https:\/\/media1.jensgustafsson.se\/2019\/04\/DSC_9466-1024x683.jpg 1024w, https:\/\/media1.jensgustafsson.se\/2019\/04\/DSC_9466-300x200.jpg 300w, https:\/\/media1.jensgustafsson.se\/2019\/04\/DSC_9466-768x512.jpg 768w, https:\/\/media1.jensgustafsson.se\/2019\/04\/DSC_9466-450x300.jpg 450w\" sizes=\"auto, (max-width: 1024px) 100vw, 1024px\" \/><figcaption><strong><em>10 mars, v\u00e5rb\u00e4ck i Drageryd.<\/em><\/strong><\/figcaption><\/figure>\n\n\n\n<figure class=\"wp-block-image\"><img loading=\"lazy\" decoding=\"async\" width=\"1024\" height=\"970\" src=\"http:\/\/media1.jensgustafsson.se\/2019\/04\/DSC_9473-1024x970.jpg\" alt=\"\" class=\"wp-image-12307\" srcset=\"https:\/\/media1.jensgustafsson.se\/2019\/04\/DSC_9473-1024x970.jpg 1024w, https:\/\/media1.jensgustafsson.se\/2019\/04\/DSC_9473-300x284.jpg 300w, https:\/\/media1.jensgustafsson.se\/2019\/04\/DSC_9473-768x728.jpg 768w, https:\/\/media1.jensgustafsson.se\/2019\/04\/DSC_9473-317x300.jpg 317w\" sizes=\"auto, (max-width: 1024px) 100vw, 1024px\" \/><figcaption>10 mars, bj\u00f6rkdunge, Karlsborg, M\u00f6rlunda.<\/figcaption><\/figure>\n\n\n\n<figure class=\"wp-block-image\"><img loading=\"lazy\" decoding=\"async\" width=\"1024\" height=\"595\" src=\"http:\/\/media1.jensgustafsson.se\/2019\/04\/DSC_9508-1024x595.jpg\" alt=\"\" class=\"wp-image-12308\" srcset=\"https:\/\/media1.jensgustafsson.se\/2019\/04\/DSC_9508-1024x595.jpg 1024w, https:\/\/media1.jensgustafsson.se\/2019\/04\/DSC_9508-300x174.jpg 300w, https:\/\/media1.jensgustafsson.se\/2019\/04\/DSC_9508-768x447.jpg 768w, https:\/\/media1.jensgustafsson.se\/2019\/04\/DSC_9508-500x291.jpg 500w\" sizes=\"auto, (max-width: 1024px) 100vw, 1024px\" \/><figcaption><strong><em>10 mars, Em\u00e5n vid Ryningsn\u00e4s.<\/em><\/strong><\/figcaption><\/figure>\n\n\n\n<figure class=\"wp-block-image\"><img loading=\"lazy\" decoding=\"async\" width=\"1024\" height=\"683\" src=\"http:\/\/media1.jensgustafsson.se\/2019\/04\/DSC_9537-1024x683.jpg\" alt=\"\" class=\"wp-image-12309\" srcset=\"https:\/\/media1.jensgustafsson.se\/2019\/04\/DSC_9537-1024x683.jpg 1024w, https:\/\/media1.jensgustafsson.se\/2019\/04\/DSC_9537-300x200.jpg 300w, https:\/\/media1.jensgustafsson.se\/2019\/04\/DSC_9537-768x512.jpg 768w, https:\/\/media1.jensgustafsson.se\/2019\/04\/DSC_9537-450x300.jpg 450w\" sizes=\"auto, (max-width: 1024px) 100vw, 1024px\" \/><figcaption><strong><em>14 mars, Svindla Kvarn<\/em><\/strong><\/figcaption><\/figure>\n\n\n\n<figure class=\"wp-block-image\"><img loading=\"lazy\" decoding=\"async\" width=\"1024\" height=\"683\" src=\"http:\/\/media1.jensgustafsson.se\/2019\/04\/DSC_9602-1024x683.jpg\" alt=\"\" class=\"wp-image-12310\" srcset=\"https:\/\/media1.jensgustafsson.se\/2019\/04\/DSC_9602-1024x683.jpg 1024w, https:\/\/media1.jensgustafsson.se\/2019\/04\/DSC_9602-300x200.jpg 300w, https:\/\/media1.jensgustafsson.se\/2019\/04\/DSC_9602-768x512.jpg 768w, https:\/\/media1.jensgustafsson.se\/2019\/04\/DSC_9602-450x300.jpg 450w\" sizes=\"auto, (max-width: 1024px) 100vw, 1024px\" \/><figcaption><strong><em>16 mars, Kristianopel, Blekinge.<\/em><\/strong><\/figcaption><\/figure>\n\n\n\n<figure class=\"wp-block-image\"><img loading=\"lazy\" decoding=\"async\" width=\"1024\" height=\"683\" src=\"http:\/\/media1.jensgustafsson.se\/2019\/04\/DSC_9612-1024x683.jpg\" alt=\"\" class=\"wp-image-12311\" srcset=\"https:\/\/media1.jensgustafsson.se\/2019\/04\/DSC_9612-1024x683.jpg 1024w, https:\/\/media1.jensgustafsson.se\/2019\/04\/DSC_9612-300x200.jpg 300w, https:\/\/media1.jensgustafsson.se\/2019\/04\/DSC_9612-768x512.jpg 768w, https:\/\/media1.jensgustafsson.se\/2019\/04\/DSC_9612-450x300.jpg 450w\" sizes=\"auto, (max-width: 1024px) 100vw, 1024px\" \/><figcaption>17 mars, r\u00e5djur.<\/figcaption><\/figure>\n\n\n\n<figure class=\"wp-block-image\"><img loading=\"lazy\" decoding=\"async\" width=\"1024\" height=\"683\" src=\"http:\/\/media1.jensgustafsson.se\/2019\/04\/DSC_9713-1024x683.jpg\" alt=\"\" class=\"wp-image-12312\" srcset=\"https:\/\/media1.jensgustafsson.se\/2019\/04\/DSC_9713-1024x683.jpg 1024w, https:\/\/media1.jensgustafsson.se\/2019\/04\/DSC_9713-300x200.jpg 300w, https:\/\/media1.jensgustafsson.se\/2019\/04\/DSC_9713-768x513.jpg 768w, https:\/\/media1.jensgustafsson.se\/2019\/04\/DSC_9713-450x300.jpg 450w\" sizes=\"auto, (max-width: 1024px) 100vw, 1024px\" \/><figcaption><strong><em>19 mars, mina f\u00f6rsta fotade bl\u00e5sippor f\u00f6r i \u00e5r.<\/em><\/strong><\/figcaption><\/figure>\n\n\n\n<figure class=\"wp-block-image\"><img loading=\"lazy\" decoding=\"async\" width=\"1024\" height=\"645\" src=\"http:\/\/media1.jensgustafsson.se\/2019\/04\/DSC_9791-1024x645.jpg\" alt=\"\" class=\"wp-image-12313\" srcset=\"https:\/\/media1.jensgustafsson.se\/2019\/04\/DSC_9791-1024x645.jpg 1024w, https:\/\/media1.jensgustafsson.se\/2019\/04\/DSC_9791-300x189.jpg 300w, https:\/\/media1.jensgustafsson.se\/2019\/04\/DSC_9791-768x484.jpg 768w, https:\/\/media1.jensgustafsson.se\/2019\/04\/DSC_9791-476x300.jpg 476w, https:\/\/media1.jensgustafsson.se\/2019\/04\/DSC_9791.jpg 1290w\" sizes=\"auto, (max-width: 1024px) 100vw, 1024px\" \/><figcaption><strong><em>23mars, molnfri himmel..<\/em><\/strong><\/figcaption><\/figure>\n\n\n\n<figure class=\"wp-block-image\"><img loading=\"lazy\" decoding=\"async\" width=\"1024\" height=\"871\" src=\"http:\/\/media1.jensgustafsson.se\/2019\/04\/DSC_9767-1024x871.jpg\" alt=\"\" class=\"wp-image-12314\" srcset=\"https:\/\/media1.jensgustafsson.se\/2019\/04\/DSC_9767-1024x871.jpg 1024w, https:\/\/media1.jensgustafsson.se\/2019\/04\/DSC_9767-300x255.jpg 300w, https:\/\/media1.jensgustafsson.se\/2019\/04\/DSC_9767-768x653.jpg 768w, https:\/\/media1.jensgustafsson.se\/2019\/04\/DSC_9767-353x300.jpg 353w\" sizes=\"auto, (max-width: 1024px) 100vw, 1024px\" \/><figcaption><strong><em>23 mars, sn\u00f6droppar.<\/em><\/strong><\/figcaption><\/figure>\n\n\n\n<figure class=\"wp-block-image\"><img loading=\"lazy\" decoding=\"async\" width=\"1024\" height=\"683\" src=\"http:\/\/media1.jensgustafsson.se\/2019\/04\/DSC_0227-1024x683.jpg\" alt=\"\" class=\"wp-image-12315\" srcset=\"https:\/\/media1.jensgustafsson.se\/2019\/04\/DSC_0227-1024x683.jpg 1024w, https:\/\/media1.jensgustafsson.se\/2019\/04\/DSC_0227-300x200.jpg 300w, https:\/\/media1.jensgustafsson.se\/2019\/04\/DSC_0227-768x512.jpg 768w, https:\/\/media1.jensgustafsson.se\/2019\/04\/DSC_0227-450x300.jpg 450w\" sizes=\"auto, (max-width: 1024px) 100vw, 1024px\" \/><figcaption><strong><em>27 mars, Gamlehult.<\/em><\/strong><\/figcaption><\/figure>\n\n\n\n<figure class=\"wp-block-image\"><img loading=\"lazy\" decoding=\"async\" width=\"1024\" height=\"682\" src=\"http:\/\/media1.jensgustafsson.se\/2019\/04\/DSC_9931-1024x682.jpg\" alt=\"\" class=\"wp-image-12316\" srcset=\"https:\/\/media1.jensgustafsson.se\/2019\/04\/DSC_9931-1024x682.jpg 1024w, https:\/\/media1.jensgustafsson.se\/2019\/04\/DSC_9931-300x200.jpg 300w, https:\/\/media1.jensgustafsson.se\/2019\/04\/DSC_9931-768x512.jpg 768w, https:\/\/media1.jensgustafsson.se\/2019\/04\/DSC_9931-450x300.jpg 450w\" sizes=\"auto, (max-width: 1024px) 100vw, 1024px\" \/><figcaption><strong><em>27 mars, Klobosj\u00f6n vid solnedg\u00e5ngen.<\/em><\/strong><\/figcaption><\/figure>\n\n\n\n<figure class=\"wp-block-image\"><img loading=\"lazy\" decoding=\"async\" width=\"1024\" height=\"683\" src=\"http:\/\/media1.jensgustafsson.se\/2019\/04\/DSC_0257-1024x683.jpg\" alt=\"\" class=\"wp-image-12317\" srcset=\"https:\/\/media1.jensgustafsson.se\/2019\/04\/DSC_0257-1024x683.jpg 1024w, https:\/\/media1.jensgustafsson.se\/2019\/04\/DSC_0257-300x200.jpg 300w, https:\/\/media1.jensgustafsson.se\/2019\/04\/DSC_0257-768x512.jpg 768w, https:\/\/media1.jensgustafsson.se\/2019\/04\/DSC_0257-450x300.jpg 450w\" sizes=\"auto, (max-width: 1024px) 100vw, 1024px\" \/><figcaption><strong><em>28 mars, Em\u00e5n sv\u00e4mmar \u00f6ver vid Tr\u00e5nshult.<\/em><\/strong><\/figcaption><\/figure>\n\n\n\n<figure class=\"wp-block-image\"><img loading=\"lazy\" decoding=\"async\" width=\"1024\" height=\"683\" src=\"http:\/\/media1.jensgustafsson.se\/2019\/04\/DSC_0267-1024x683.jpg\" alt=\"\" class=\"wp-image-12318\" srcset=\"https:\/\/media1.jensgustafsson.se\/2019\/04\/DSC_0267-1024x683.jpg 1024w, https:\/\/media1.jensgustafsson.se\/2019\/04\/DSC_0267-300x200.jpg 300w, https:\/\/media1.jensgustafsson.se\/2019\/04\/DSC_0267-768x512.jpg 768w, https:\/\/media1.jensgustafsson.se\/2019\/04\/DSC_0267-450x300.jpg 450w\" sizes=\"auto, (max-width: 1024px) 100vw, 1024px\" \/><figcaption>31 mars, solnedg\u00e5ng vid \u00d6vrasj\u00f6badet.<br \/><br \/><br \/><\/figcaption><\/figure>\n\n\n\n<p class=\"has-text-color has-medium-font-size has-blue-color\">Intressant forts\u00e4ttning f\u00f6ljer i v\u00e4derv\u00e4rlden fram\u00f6ver.<\/p>\n","protected":false},"excerpt":{"rendered":"<p>Mars 2019 blev en mild m\u00e5nad, medeltemperaturen blev +4,1\u00b0, och det har vi inte haft sedan 2014, d\u00e5 var den + 4,7\u00b0. Som en parentes tittar jag tillbaka p\u00e5 mars i fjol, som var en ganska &#8221;b\u00f6kig&#8221; vinterm\u00e5nad, med kyla &hellip; <a href=\"https:\/\/jensgustafsson.se\/?page_id=12295\">Forts\u00e4tt l\u00e4sa <span class=\"meta-nav\">&rarr;<\/span><\/a><\/p>\n","protected":false},"author":1,"featured_media":0,"parent":11912,"menu_order":3,"comment_status":"closed","ping_status":"closed","template":"","meta":{"footnotes":""},"class_list":["post-12295","page","type-page","status-publish","hentry"],"_links":{"self":[{"href":"https:\/\/jensgustafsson.se\/index.php?rest_route=\/wp\/v2\/pages\/12295","targetHints":{"allow":["GET"]}}],"collection":[{"href":"https:\/\/jensgustafsson.se\/index.php?rest_route=\/wp\/v2\/pages"}],"about":[{"href":"https:\/\/jensgustafsson.se\/index.php?rest_route=\/wp\/v2\/types\/page"}],"author":[{"embeddable":true,"href":"https:\/\/jensgustafsson.se\/index.php?rest_route=\/wp\/v2\/users\/1"}],"replies":[{"embeddable":true,"href":"https:\/\/jensgustafsson.se\/index.php?rest_route=%2Fwp%2Fv2%2Fcomments&post=12295"}],"version-history":[{"count":3,"href":"https:\/\/jensgustafsson.se\/index.php?rest_route=\/wp\/v2\/pages\/12295\/revisions"}],"predecessor-version":[{"id":12320,"href":"https:\/\/jensgustafsson.se\/index.php?rest_route=\/wp\/v2\/pages\/12295\/revisions\/12320"}],"up":[{"embeddable":true,"href":"https:\/\/jensgustafsson.se\/index.php?rest_route=\/wp\/v2\/pages\/11912"}],"wp:attachment":[{"href":"https:\/\/jensgustafsson.se\/index.php?rest_route=%2Fwp%2Fv2%2Fmedia&parent=12295"}],"curies":[{"name":"wp","href":"https:\/\/api.w.org\/{rel}","templated":true}]}}