{"id":13889,"date":"2019-10-01T16:34:04","date_gmt":"2019-10-01T15:34:04","guid":{"rendered":"http:\/\/jensgustafsson.se\/?page_id=13889"},"modified":"2019-10-01T16:34:04","modified_gmt":"2019-10-01T15:34:04","slug":"september-2019","status":"publish","type":"page","link":"https:\/\/jensgustafsson.se\/?page_id=13889","title":{"rendered":"September 2019."},"content":{"rendered":"\n<p class=\"has-text-color has-medium-font-size has-blue-color\"><em>September m\u00e5nad i \u00e5r blev en f\u00f6rh\u00e5llandevis varm och nederb\u00f6rdsfattig m\u00e5nad, medeltemperaturen blev 13,3\u00b0, och september i fjol blev den 13,8\u00b0. Nu ska vi komma ih\u00e5g att sommaren 2018 var ju mycket varm, s\u00e5 man ska nog inte j\u00e4mf\u00f6ra med den, utan se tillbaka n\u00e5gra \u00e5r och j\u00e4mf\u00f6ra. Statistiken p\u00e5 min v\u00e4derstation finns under fliken i menyn ovan &#8221; \u00c5rsstatistik nederb\u00f6rd och medeltemperatur &#8221;. Som en parentes kan jag n\u00e4mna att jag h\u00e5ller p\u00e5 att bearbeta medeltemperatur och nederb\u00f6rd under \u00e5ren 1900-1996. Informationen tar jag fr\u00e5n en bok som jag f\u00e5tt tillg\u00e5ng till, och i den finns uppgifter om nederb\u00f6rd och medeltemperatur fr\u00e5n en av SMHI:s m\u00e4tplatser, inte s\u00e5 l\u00e5ngt h\u00e4rifr\u00e5n. Har hunnit en bit p\u00e5 v\u00e4gen att l\u00e4gga in informationen i excelformat f\u00f6r att kunna presentera och j\u00e4mf\u00f6ra i diagram, som blir lite l\u00e4tt\u00f6versk\u00e5dligt. Jag vill p\u00e5minna om att jag inte vill spekulera i det nu i dagarna s\u00e5   heta \u00e4mnet, klimatet och dess f\u00f6r\u00e4ndring. Jag sysslar bara med dokumentation av v\u00e4dret med siffror och diagram fr\u00e5n min privata v\u00e4derstation, och sedan \u00e4r det upp till var och en att tro\/tycka\/utv\u00e4rdera infon.Tanken \u00e4r sedan att l\u00e4gga upp diagrammen p\u00e5 \u00e5ren 1900-1996 fram\u00f6ver,som jag d\u00e5 plockar fr\u00e5n en annan v\u00e4derstation (SMHI:s) s\u00e5 man kan j\u00e4mf\u00f6ra n\u00e5gorlunda p\u00e5 ett l\u00e4ngre perspektiv.<\/em><\/p>\n\n\n\n<p class=\"has-text-color has-medium-font-size has-blue-color\"><em>D\u00e4r gled jag iv\u00e4g lite ifr\u00e5n septemberm\u00e5naden, som ju var huvudingrediensen i detta inl\u00e4gg. M\u00e5naden b\u00f6rjade varmt, med den enda h\u00f6gsommardagen vi haft under m\u00e5naden, allts\u00e5 \u00f6ver 25\u00ad\u00b0 i maxtemperatur. D\u00e4refter sj\u00f6nk temperaturen lite sakta, men fick en skjuts upp\u00e5t igen runt den 20:e. Jag str\u00e4var hela tiden mot att g\u00f6ra mitt arbete med siffrorna s\u00e5 enkelt som m\u00f6jligt, och d\u00e4rf\u00f6r samlar jag in informationen i excelblad och som sedan omvandlar siffrorna i diagram som uppdaterar sig sj\u00e4lvt varje dag jag uppdaterar min v\u00e4derblogg och v\u00e4dersida h\u00e4r. S\u00e5 d\u00e4rf\u00f6r l\u00e4gger jag in lite diagram som \u00e4r sj\u00e4lvtalande information s\u00e5 att s\u00e4ga.<\/em><\/p>\n\n\n\n<figure class=\"wp-block-image\"><img loading=\"lazy\" decoding=\"async\" width=\"686\" height=\"342\" src=\"http:\/\/media1.jensgustafsson.se\/2019\/10\/image-5.png\" alt=\"\" class=\"wp-image-13890\" srcset=\"https:\/\/media1.jensgustafsson.se\/2019\/10\/image-5.png 686w, https:\/\/media1.jensgustafsson.se\/2019\/10\/image-5-300x150.png 300w, https:\/\/media1.jensgustafsson.se\/2019\/10\/image-5-500x249.png 500w\" sizes=\"auto, (max-width: 686px) 100vw, 686px\" \/><\/figure>\n\n\n\n<figure class=\"wp-block-image\"><img loading=\"lazy\" decoding=\"async\" width=\"682\" height=\"305\" src=\"http:\/\/media1.jensgustafsson.se\/2019\/10\/image-6.png\" alt=\"\" class=\"wp-image-13891\" srcset=\"https:\/\/media1.jensgustafsson.se\/2019\/10\/image-6.png 682w, https:\/\/media1.jensgustafsson.se\/2019\/10\/image-6-300x134.png 300w, https:\/\/media1.jensgustafsson.se\/2019\/10\/image-6-500x224.png 500w\" sizes=\"auto, (max-width: 682px) 100vw, 682px\" \/><\/figure>\n\n\n\n<figure class=\"wp-block-image is-resized\"><img loading=\"lazy\" decoding=\"async\" src=\"http:\/\/media1.jensgustafsson.se\/2019\/10\/image-7.png\" alt=\"\" class=\"wp-image-13892\" width=\"589\" height=\"342\" srcset=\"https:\/\/media1.jensgustafsson.se\/2019\/10\/image-7.png 664w, https:\/\/media1.jensgustafsson.se\/2019\/10\/image-7-300x174.png 300w, https:\/\/media1.jensgustafsson.se\/2019\/10\/image-7-500x291.png 500w\" sizes=\"auto, (max-width: 589px) 100vw, 589px\" \/><\/figure>\n\n\n\n<figure class=\"wp-block-image\"><img loading=\"lazy\" decoding=\"async\" width=\"669\" height=\"312\" src=\"http:\/\/media1.jensgustafsson.se\/2019\/10\/image-8.png\" alt=\"\" class=\"wp-image-13893\" srcset=\"https:\/\/media1.jensgustafsson.se\/2019\/10\/image-8.png 669w, https:\/\/media1.jensgustafsson.se\/2019\/10\/image-8-300x140.png 300w, https:\/\/media1.jensgustafsson.se\/2019\/10\/image-8-500x233.png 500w\" sizes=\"auto, (max-width: 669px) 100vw, 669px\" \/><\/figure>\n\n\n\n<figure class=\"wp-block-image is-resized\"><img loading=\"lazy\" decoding=\"async\" src=\"http:\/\/media1.jensgustafsson.se\/2019\/10\/image-9.png\" alt=\"\" class=\"wp-image-13894\" width=\"594\" height=\"347\" srcset=\"https:\/\/media1.jensgustafsson.se\/2019\/10\/image-9.png 661w, https:\/\/media1.jensgustafsson.se\/2019\/10\/image-9-300x175.png 300w, https:\/\/media1.jensgustafsson.se\/2019\/10\/image-9-500x292.png 500w\" sizes=\"auto, (max-width: 594px) 100vw, 594px\" \/><\/figure>\n\n\n\n<p class=\"has-text-color has-medium-font-size has-blue-color\"><em>D\u00e4r sparade jag in mycket skrivande.. \ud83d\ude09  <\/em><\/p>\n\n\n\n<p class=\"has-text-color has-medium-font-size has-blue-color\"><em>S\u00e5 kommer sammanfattningen i siffror fr\u00e5n min v\u00e4derstation, WS-2308, som jobbar med tv\u00e5 program, Heavy Wheather f\u00f6r loggningen, och Cumulus som ocks\u00e5 loggar, och omvandlar med hj\u00e4lp av mig till \u00f6versk\u00e5dliga fakta p\u00e5 min v\u00e4dersida p\u00e5 webben<\/em><\/p>\n\n\n\n<p class=\"has-text-color has-medium-font-size has-blue-color\">S<em>ummary for september 2019   <\/em> <\/p>\n\n\n\n<p class=\"has-text-color has-medium-font-size has-blue-color\"> <em>Temperature (\u00b0C):    <br \/> Mean (min+max)   13,3    <br \/> Mean Minimum     8,2    <br \/> Mean Maximum     17,7    <br \/> Minimum         &#8211; 0,1 day 24    <br \/> Maximum          28,2 day 01    <br \/> Highest Minimum  15,5 day 01    <br \/> Lowest Maximum   11,9 day 17    <br \/> Air frosts       1   ( d\u00e4rut\u00f6ver 3 n\u00e4tter med markfrost)  <\/em><\/p>\n\n\n\n<p class=\"has-text-color has-medium-font-size has-blue-color\"> <em>Rainfall (mm):    <br \/> Total for month  48    <br \/> Wettest day      11,4 day 17    <br \/> High rain rate   29,9 day 07    <br \/> Rain days        16    <br \/> Dry days         14    <\/em><\/p>\n\n\n\n<p class=\"has-text-color has-medium-font-size has-blue-color\"> <em>Wind (m\/s):    <br \/> Highest Gust     12 day 15,16    <\/em><\/p>\n\n\n\n<p class=\"has-text-color has-medium-font-size has-blue-color\"> <em>Pressure (hPa):    <br \/> Maximum          10101,0 day 20    <br \/> Minimum          972,9 day 30    <\/em><\/p>\n\n\n\n<p class=\"has-text-color has-medium-font-size has-blue-color\"> <em>Den h\u00e4r m\u00e5naden l\u00e4gger jag inte in n\u00e5gra bilder i denna sammanfattning. F\u00f6r den som \u00e4r intresserad att se, s\u00e5 l\u00e4gger jag in lite v\u00e4derrelaterade bilder n\u00e4stan varje dag i mina dagliga blogginl\u00e4gg med dygnssammanfattning, som \u00e4r p\u00e5 min startsida: www.jensgustafsson.se<\/em><\/p>\n\n\n\n<p><\/p>\n","protected":false},"excerpt":{"rendered":"<p>September m\u00e5nad i \u00e5r blev en f\u00f6rh\u00e5llandevis varm och nederb\u00f6rdsfattig m\u00e5nad, medeltemperaturen blev 13,3\u00b0, och september i fjol blev den 13,8\u00b0. Nu ska vi komma ih\u00e5g att sommaren 2018 var ju mycket varm, s\u00e5 man ska nog inte j\u00e4mf\u00f6ra med &hellip; <a href=\"https:\/\/jensgustafsson.se\/?page_id=13889\">Forts\u00e4tt l\u00e4sa <span class=\"meta-nav\">&rarr;<\/span><\/a><\/p>\n","protected":false},"author":1,"featured_media":0,"parent":11912,"menu_order":9,"comment_status":"closed","ping_status":"closed","template":"","meta":{"footnotes":""},"class_list":["post-13889","page","type-page","status-publish","hentry"],"_links":{"self":[{"href":"https:\/\/jensgustafsson.se\/index.php?rest_route=\/wp\/v2\/pages\/13889","targetHints":{"allow":["GET"]}}],"collection":[{"href":"https:\/\/jensgustafsson.se\/index.php?rest_route=\/wp\/v2\/pages"}],"about":[{"href":"https:\/\/jensgustafsson.se\/index.php?rest_route=\/wp\/v2\/types\/page"}],"author":[{"embeddable":true,"href":"https:\/\/jensgustafsson.se\/index.php?rest_route=\/wp\/v2\/users\/1"}],"replies":[{"embeddable":true,"href":"https:\/\/jensgustafsson.se\/index.php?rest_route=%2Fwp%2Fv2%2Fcomments&post=13889"}],"version-history":[{"count":2,"href":"https:\/\/jensgustafsson.se\/index.php?rest_route=\/wp\/v2\/pages\/13889\/revisions"}],"predecessor-version":[{"id":13900,"href":"https:\/\/jensgustafsson.se\/index.php?rest_route=\/wp\/v2\/pages\/13889\/revisions\/13900"}],"up":[{"embeddable":true,"href":"https:\/\/jensgustafsson.se\/index.php?rest_route=\/wp\/v2\/pages\/11912"}],"wp:attachment":[{"href":"https:\/\/jensgustafsson.se\/index.php?rest_route=%2Fwp%2Fv2%2Fmedia&parent=13889"}],"curies":[{"name":"wp","href":"https:\/\/api.w.org\/{rel}","templated":true}]}}