{"id":14462,"date":"2019-12-01T08:04:29","date_gmt":"2019-12-01T07:04:29","guid":{"rendered":"http:\/\/jensgustafsson.se\/?page_id=14462"},"modified":"2019-12-01T08:04:29","modified_gmt":"2019-12-01T07:04:29","slug":"november-2019","status":"publish","type":"page","link":"https:\/\/jensgustafsson.se\/?page_id=14462","title":{"rendered":"November 2019."},"content":{"rendered":"\n<p class=\"has-text-color has-drop-cap has-medium-font-size has-blue-color\"> <em>Att sammanfatta hur man upplevt november 2019 \u00e4r ganska enkelt&#8230;mulet, disigt, dimmigt, tidvis nederb\u00f6rd och extremt solfattigt. Det har varit n\u00e5gra f\u00e5 undantag med solglimtar trots allt ocks\u00e5. Jag har lagt till en ny s\u00f6kv\u00e4g ocks\u00e5 i menyn p\u00e5 min sida, &#8221;V\u00e4derdagbok Arkiv&#8221;. D\u00e4r finns alla mina inl\u00e4gg arkiverade i \u00e5r m\u00e5nader och dagar, bara att klicka sig fram f\u00f6r den som \u00e4r intresserad.<\/em><\/p>\n\n\n\n<p class=\"has-text-color has-medium-font-size has-blue-color\"> <em>Jag ska som vanligt i min m\u00e5nadssammanfattning f\u00f6rmedla lite siffror och diagram fr\u00e5n min v\u00e4derstation h\u00e4r i F\u00e5gelfors d\u00e5.<\/em> <\/p>\n\n\n\n<p class=\"has-text-color has-medium-font-size has-blue-color\"><em> Det har varit i huvudsak mild m\u00e5nad med n\u00e5gra inbrytningar av lite kallare luft tidvis. Enklast ses detta i mina temperaturdiagram nedan. Vi har haft 6 frostn\u00e4tter, och 1 isdygn. Isdygnet blev p\u00e5 Anders-dagen, s\u00e5 allts\u00e5 s\u00e5 ska julen slaska n\u00e4r Anders braskar enligt Bondepraktikan.Os\u00e4kerheten \u00e4r v\u00e4l stor i dessa gamla v\u00e4dersp\u00e5domar, men kan n\u00e4mna att 2017 och 2018 har det st\u00e4mt h\u00e4r i F\u00e5gelfors ser jag n\u00e4r jag blickar tillbaka. Medeltemperaturen f\u00f6r m\u00e5naden blev +4,2\u00b0, allts\u00e5 j\u00e4mf\u00f6relsevis mild novemberm\u00e5nad trots en kall avslutning.<\/em><\/p>\n\n\n\n<figure class=\"wp-block-image size-large is-resized\"><img loading=\"lazy\" decoding=\"async\" src=\"http:\/\/media1.jensgustafsson.se\/2019\/12\/image-1.png\" alt=\"\" class=\"wp-image-14463\" width=\"686\" height=\"343\" srcset=\"https:\/\/media1.jensgustafsson.se\/2019\/12\/image-1.png 686w, https:\/\/media1.jensgustafsson.se\/2019\/12\/image-1-300x150.png 300w, https:\/\/media1.jensgustafsson.se\/2019\/12\/image-1-500x250.png 500w\" sizes=\"auto, (max-width: 686px) 100vw, 686px\" \/><\/figure>\n\n\n\n<figure class=\"wp-block-image size-large is-resized\"><img loading=\"lazy\" decoding=\"async\" src=\"http:\/\/media1.jensgustafsson.se\/2019\/12\/image-2.png\" alt=\"\" class=\"wp-image-14464\" width=\"703\" height=\"325\" srcset=\"https:\/\/media1.jensgustafsson.se\/2019\/12\/image-2.png 703w, https:\/\/media1.jensgustafsson.se\/2019\/12\/image-2-300x139.png 300w, https:\/\/media1.jensgustafsson.se\/2019\/12\/image-2-500x231.png 500w\" sizes=\"auto, (max-width: 703px) 100vw, 703px\" \/><figcaption><strong><em>Som vi ser i diagrammet \u00e4r det fortfarande definitionen h\u00f6st som g\u00e4ller f\u00f6r oss<\/em><\/strong><\/figcaption><\/figure>\n\n\n\n<figure class=\"wp-block-image size-large is-resized\"><img loading=\"lazy\" decoding=\"async\" src=\"http:\/\/media1.jensgustafsson.se\/2019\/12\/image-3.png\" alt=\"\" class=\"wp-image-14466\" width=\"690\" height=\"345\" srcset=\"https:\/\/media1.jensgustafsson.se\/2019\/12\/image-3.png 690w, https:\/\/media1.jensgustafsson.se\/2019\/12\/image-3-300x150.png 300w, https:\/\/media1.jensgustafsson.se\/2019\/12\/image-3-500x250.png 500w\" sizes=\"auto, (max-width: 690px) 100vw, 690px\" \/><\/figure>\n\n\n\n<p class=\"has-text-color has-medium-font-size has-blue-color\"> <em>Nederb\u00f6rd har vi gl\u00e4djande nog f\u00e5tt 78 mm i november. Det har kommit mestadels som regn, men \u00e4ven i form av sn\u00f6. M\u00e4tbart sn\u00f6djup har vi bara haft de sista tv\u00e5 dagarna i m\u00e5naden. I och med denna ganska nederb\u00f6rdsrika m\u00e5nad, \u00e4r vi uppe i 521 mm i \u00e5rsnederb\u00f6rd s\u00e5 h\u00e4r l\u00e5ngt in p\u00e5 \u00e5ret. Detta kan j\u00e4mf\u00f6ras med 2018 \u00e5rs totalnederb\u00f6rd p\u00e5 488 mm. Nederb\u00f6rden har kommit under 22 dygn, allts\u00e5 bara 8 dygn med uppeh\u00e5ll. F\u00f6r den intresserade finns alla siffror p\u00e5 b\u00e5de medeltemperaturer och nederb\u00f6rd i statistiken p\u00e5 min v\u00e4dersida, eller klicka p\u00e5 l\u00e4nken h\u00e4r efter: <a href=\"http:\/\/jensgustafsson.se\/?page_id=11115\">http:\/\/jensgustafsson.se\/?page_id=11115<\/a><\/em><\/p>\n\n\n\n<figure class=\"wp-block-image size-large is-resized\"><img loading=\"lazy\" decoding=\"async\" src=\"http:\/\/media1.jensgustafsson.se\/2019\/12\/image-4.png\" alt=\"\" class=\"wp-image-14469\" width=\"717\" height=\"384\" srcset=\"https:\/\/media1.jensgustafsson.se\/2019\/12\/image-4.png 717w, https:\/\/media1.jensgustafsson.se\/2019\/12\/image-4-300x161.png 300w, https:\/\/media1.jensgustafsson.se\/2019\/12\/image-4-500x268.png 500w\" sizes=\"auto, (max-width: 717px) 100vw, 717px\" \/><figcaption><strong><em>Nederb\u00f6rden f\u00f6rdela \u00f6ver 22 dygn.<\/em><\/strong><\/figcaption><\/figure>\n\n\n\n<figure class=\"wp-block-image size-large is-resized\"><img loading=\"lazy\" decoding=\"async\" src=\"http:\/\/media1.jensgustafsson.se\/2019\/12\/image-5.png\" alt=\"\" class=\"wp-image-14470\" width=\"694\" height=\"351\" srcset=\"https:\/\/media1.jensgustafsson.se\/2019\/12\/image-5.png 694w, https:\/\/media1.jensgustafsson.se\/2019\/12\/image-5-300x152.png 300w, https:\/\/media1.jensgustafsson.se\/2019\/12\/image-5-500x253.png 500w\" sizes=\"auto, (max-width: 694px) 100vw, 694px\" \/><\/figure>\n\n\n\n<p class=\"has-text-color has-medium-font-size has-blue-color\"> <em>Vinden har gjort en trendbrytning denna m\u00e5nad. Fr\u00e5n att de senaste m\u00e5naderna i huvudsak kommit \u00f6verv\u00e4gande fr\u00e5n v\u00e4stlig riktning, har den kommit fr\u00e5n mestadels en riktning d\u00e4r ostlig varit dominerande, visar det i diagrammet nedan. Jag tror att detta kan ha varit en bidragande orsak till allt dis och dimma som vi f\u00e5tt dragits med under m\u00e5naden.<\/em><\/p>\n\n\n\n<figure class=\"wp-block-image size-large is-resized\"><img loading=\"lazy\" decoding=\"async\" src=\"http:\/\/media1.jensgustafsson.se\/2019\/12\/image-7.png\" alt=\"\" class=\"wp-image-14473\" width=\"669\" height=\"311\" srcset=\"https:\/\/media1.jensgustafsson.se\/2019\/12\/image-7.png 669w, https:\/\/media1.jensgustafsson.se\/2019\/12\/image-7-300x139.png 300w, https:\/\/media1.jensgustafsson.se\/2019\/12\/image-7-500x232.png 500w\" sizes=\"auto, (max-width: 669px) 100vw, 669px\" \/><\/figure>\n\n\n\n<p class=\"has-text-color has-medium-font-size has-blue-color\"> <em>S\u00e5 kommer sammanfattningen i siffror fr\u00e5n min v\u00e4derstation, WS-2308, som jobbar med tv\u00e5 program, Heavy Wheather f\u00f6r loggningen, och Cumulus som ocks\u00e5 loggar, och omvandlar med hj\u00e4lp av mig till \u00f6versk\u00e5dliga fakta p\u00e5 min v\u00e4dersida p\u00e5 webben<\/em>. <\/p>\n\n\n\n<figure class=\"wp-block-image size-large\"><img loading=\"lazy\" decoding=\"async\" width=\"538\" height=\"1024\" src=\"http:\/\/media1.jensgustafsson.se\/2019\/12\/November-538x1024.png\" alt=\"\" class=\"wp-image-14474\" srcset=\"https:\/\/media1.jensgustafsson.se\/2019\/12\/November-538x1024.png 538w, https:\/\/media1.jensgustafsson.se\/2019\/12\/November-158x300.png 158w, https:\/\/media1.jensgustafsson.se\/2019\/12\/November.png 541w\" sizes=\"auto, (max-width: 538px) 100vw, 538px\" \/><\/figure>\n\n\n\n<p class=\"has-text-color has-medium-font-size has-blue-color\"> <em>H\u00e4r kommer n\u00e5gra foton som jag tagit under mina natur- och v\u00e4deriaktagelser under m\u00e5naden.<\/em><\/p>\n\n\n\n<figure class=\"wp-block-image size-large\"><img loading=\"lazy\" decoding=\"async\" width=\"1024\" height=\"683\" src=\"http:\/\/media1.jensgustafsson.se\/2019\/12\/DSC_0168-1024x683.jpg\" alt=\"\" class=\"wp-image-14477\" srcset=\"https:\/\/media1.jensgustafsson.se\/2019\/12\/DSC_0168-1024x683.jpg 1024w, https:\/\/media1.jensgustafsson.se\/2019\/12\/DSC_0168-300x200.jpg 300w, https:\/\/media1.jensgustafsson.se\/2019\/12\/DSC_0168-768x513.jpg 768w, https:\/\/media1.jensgustafsson.se\/2019\/12\/DSC_0168-1536x1025.jpg 1536w, https:\/\/media1.jensgustafsson.se\/2019\/12\/DSC_0168-2048x1367.jpg 2048w, https:\/\/media1.jensgustafsson.se\/2019\/12\/DSC_0168-450x300.jpg 450w\" sizes=\"auto, (max-width: 1024px) 100vw, 1024px\" \/><figcaption><strong><em>6 november, svanunge i en vassrugge, N\u00f6t\u00e5n.<\/em><\/strong><\/figcaption><\/figure>\n\n\n\n<figure class=\"wp-block-image size-large\"><img loading=\"lazy\" decoding=\"async\" width=\"1024\" height=\"669\" src=\"http:\/\/media1.jensgustafsson.se\/2019\/12\/DSC_0185-1024x669.jpg\" alt=\"\" class=\"wp-image-14478\" srcset=\"https:\/\/media1.jensgustafsson.se\/2019\/12\/DSC_0185-1024x669.jpg 1024w, https:\/\/media1.jensgustafsson.se\/2019\/12\/DSC_0185-300x196.jpg 300w, https:\/\/media1.jensgustafsson.se\/2019\/12\/DSC_0185-768x502.jpg 768w, https:\/\/media1.jensgustafsson.se\/2019\/12\/DSC_0185-1536x1004.jpg 1536w, https:\/\/media1.jensgustafsson.se\/2019\/12\/DSC_0185-2048x1338.jpg 2048w, https:\/\/media1.jensgustafsson.se\/2019\/12\/DSC_0185-459x300.jpg 459w\" sizes=\"auto, (max-width: 1024px) 100vw, 1024px\" \/><figcaption><strong><em>11 november<\/em><\/strong>,<strong><em>N\u00f6t\u00e5n vid Blankastr\u00f6ms kraftstation.<\/em><\/strong><\/figcaption><\/figure>\n\n\n\n<figure class=\"wp-block-image size-large\"><img loading=\"lazy\" decoding=\"async\" width=\"1024\" height=\"577\" src=\"http:\/\/media1.jensgustafsson.se\/2019\/12\/DSC_0251-2-1024x577.jpg\" alt=\"\" class=\"wp-image-14479\" srcset=\"https:\/\/media1.jensgustafsson.se\/2019\/12\/DSC_0251-2-1024x577.jpg 1024w, https:\/\/media1.jensgustafsson.se\/2019\/12\/DSC_0251-2-300x169.jpg 300w, https:\/\/media1.jensgustafsson.se\/2019\/12\/DSC_0251-2-768x433.jpg 768w, https:\/\/media1.jensgustafsson.se\/2019\/12\/DSC_0251-2-1536x865.jpg 1536w, https:\/\/media1.jensgustafsson.se\/2019\/12\/DSC_0251-2-2048x1153.jpg 2048w, https:\/\/media1.jensgustafsson.se\/2019\/12\/DSC_0251-2-500x282.jpg 500w\" sizes=\"auto, (max-width: 1024px) 100vw, 1024px\" \/><figcaption><strong><em>14 november, vid L\u00e5ngem\u00e5la kyrka.<\/em><\/strong><\/figcaption><\/figure>\n\n\n\n<figure class=\"wp-block-image size-large\"><img loading=\"lazy\" decoding=\"async\" width=\"1024\" height=\"767\" src=\"http:\/\/media1.jensgustafsson.se\/2019\/12\/DSC_0293-1024x767.jpg\" alt=\"\" class=\"wp-image-14480\" srcset=\"https:\/\/media1.jensgustafsson.se\/2019\/12\/DSC_0293-1024x767.jpg 1024w, https:\/\/media1.jensgustafsson.se\/2019\/12\/DSC_0293-300x225.jpg 300w, https:\/\/media1.jensgustafsson.se\/2019\/12\/DSC_0293-768x575.jpg 768w, https:\/\/media1.jensgustafsson.se\/2019\/12\/DSC_0293-1536x1151.jpg 1536w, https:\/\/media1.jensgustafsson.se\/2019\/12\/DSC_0293-400x300.jpg 400w, https:\/\/media1.jensgustafsson.se\/2019\/12\/DSC_0293.jpg 1654w\" sizes=\"auto, (max-width: 1024px) 100vw, 1024px\" \/><figcaption><strong><em>17 november, p\u00e5 v\u00e4g s\u00f6derut.<\/em><\/strong><\/figcaption><\/figure>\n\n\n\n<figure class=\"wp-block-image size-large\"><img loading=\"lazy\" decoding=\"async\" width=\"1024\" height=\"677\" src=\"http:\/\/media1.jensgustafsson.se\/2019\/12\/DSC_0340-1024x677.jpg\" alt=\"\" class=\"wp-image-14481\" srcset=\"https:\/\/media1.jensgustafsson.se\/2019\/12\/DSC_0340-1024x677.jpg 1024w, https:\/\/media1.jensgustafsson.se\/2019\/12\/DSC_0340-300x198.jpg 300w, https:\/\/media1.jensgustafsson.se\/2019\/12\/DSC_0340-768x508.jpg 768w, https:\/\/media1.jensgustafsson.se\/2019\/12\/DSC_0340-1536x1015.jpg 1536w, https:\/\/media1.jensgustafsson.se\/2019\/12\/DSC_0340-2048x1354.jpg 2048w, https:\/\/media1.jensgustafsson.se\/2019\/12\/DSC_0340-454x300.jpg 454w\" sizes=\"auto, (max-width: 1024px) 100vw, 1024px\" \/><figcaption><strong><em>19 november, Salemv\u00e4gen, Lilla Klobo.<\/em><\/strong><\/figcaption><\/figure>\n\n\n\n<figure class=\"wp-block-image size-large\"><img loading=\"lazy\" decoding=\"async\" width=\"1024\" height=\"669\" src=\"http:\/\/media1.jensgustafsson.se\/2019\/12\/DSC_0433-1024x669.jpg\" alt=\"\" class=\"wp-image-14482\" srcset=\"https:\/\/media1.jensgustafsson.se\/2019\/12\/DSC_0433-1024x669.jpg 1024w, https:\/\/media1.jensgustafsson.se\/2019\/12\/DSC_0433-300x196.jpg 300w, https:\/\/media1.jensgustafsson.se\/2019\/12\/DSC_0433-768x502.jpg 768w, https:\/\/media1.jensgustafsson.se\/2019\/12\/DSC_0433-1536x1004.jpg 1536w, https:\/\/media1.jensgustafsson.se\/2019\/12\/DSC_0433-2048x1338.jpg 2048w, https:\/\/media1.jensgustafsson.se\/2019\/12\/DSC_0433-459x300.jpg 459w\" sizes=\"auto, (max-width: 1024px) 100vw, 1024px\" \/><figcaption><strong><em>20 november, Bruksdammen.<\/em><\/strong><\/figcaption><\/figure>\n\n\n\n<figure class=\"wp-block-image size-large\"><img loading=\"lazy\" decoding=\"async\" width=\"1024\" height=\"683\" src=\"http:\/\/media1.jensgustafsson.se\/2019\/12\/DSC_0447-1024x683.jpg\" alt=\"\" class=\"wp-image-14483\" srcset=\"https:\/\/media1.jensgustafsson.se\/2019\/12\/DSC_0447-1024x683.jpg 1024w, https:\/\/media1.jensgustafsson.se\/2019\/12\/DSC_0447-300x200.jpg 300w, https:\/\/media1.jensgustafsson.se\/2019\/12\/DSC_0447-768x512.jpg 768w, https:\/\/media1.jensgustafsson.se\/2019\/12\/DSC_0447-1536x1024.jpg 1536w, https:\/\/media1.jensgustafsson.se\/2019\/12\/DSC_0447-2048x1365.jpg 2048w, https:\/\/media1.jensgustafsson.se\/2019\/12\/DSC_0447-450x300.jpg 450w\" sizes=\"auto, (max-width: 1024px) 100vw, 1024px\" \/><figcaption><strong><em>25 november.<\/em><\/strong><\/figcaption><\/figure>\n\n\n\n<figure class=\"wp-block-image size-large\"><img loading=\"lazy\" decoding=\"async\" width=\"1024\" height=\"683\" src=\"http:\/\/media1.jensgustafsson.se\/2019\/12\/DSC_0494-1024x683.jpg\" alt=\"\" class=\"wp-image-14484\" srcset=\"https:\/\/media1.jensgustafsson.se\/2019\/12\/DSC_0494-1024x683.jpg 1024w, https:\/\/media1.jensgustafsson.se\/2019\/12\/DSC_0494-300x200.jpg 300w, https:\/\/media1.jensgustafsson.se\/2019\/12\/DSC_0494-768x512.jpg 768w, https:\/\/media1.jensgustafsson.se\/2019\/12\/DSC_0494-1536x1024.jpg 1536w, https:\/\/media1.jensgustafsson.se\/2019\/12\/DSC_0494-2048x1365.jpg 2048w, https:\/\/media1.jensgustafsson.se\/2019\/12\/DSC_0494-450x300.jpg 450w\" sizes=\"auto, (max-width: 1024px) 100vw, 1024px\" \/><figcaption><strong><em>29 november, vid Morebo.<\/em><\/strong><\/figcaption><\/figure>\n\n\n\n<figure class=\"wp-block-image size-large\"><img loading=\"lazy\" decoding=\"async\" width=\"1024\" height=\"683\" src=\"http:\/\/media1.jensgustafsson.se\/2019\/12\/DSC_0501-1024x683.jpg\" alt=\"\" class=\"wp-image-14488\" srcset=\"https:\/\/media1.jensgustafsson.se\/2019\/12\/DSC_0501-1024x683.jpg 1024w, https:\/\/media1.jensgustafsson.se\/2019\/12\/DSC_0501-300x200.jpg 300w, https:\/\/media1.jensgustafsson.se\/2019\/12\/DSC_0501-768x512.jpg 768w, https:\/\/media1.jensgustafsson.se\/2019\/12\/DSC_0501-1536x1024.jpg 1536w, https:\/\/media1.jensgustafsson.se\/2019\/12\/DSC_0501-2048x1365.jpg 2048w, https:\/\/media1.jensgustafsson.se\/2019\/12\/DSC_0501-450x300.jpg 450w\" sizes=\"auto, (max-width: 1024px) 100vw, 1024px\" \/><figcaption><strong><em>29 november.<\/em><\/strong><\/figcaption><\/figure>\n\n\n\n<figure class=\"wp-block-image size-large\"><img loading=\"lazy\" decoding=\"async\" width=\"1024\" height=\"683\" src=\"http:\/\/media1.jensgustafsson.se\/2019\/12\/DSC_0133-1024x683.jpg\" alt=\"\" class=\"wp-image-14485\" srcset=\"https:\/\/media1.jensgustafsson.se\/2019\/12\/DSC_0133-1024x683.jpg 1024w, https:\/\/media1.jensgustafsson.se\/2019\/12\/DSC_0133-300x200.jpg 300w, https:\/\/media1.jensgustafsson.se\/2019\/12\/DSC_0133-768x512.jpg 768w, https:\/\/media1.jensgustafsson.se\/2019\/12\/DSC_0133-1536x1024.jpg 1536w, https:\/\/media1.jensgustafsson.se\/2019\/12\/DSC_0133-2048x1365.jpg 2048w, https:\/\/media1.jensgustafsson.se\/2019\/12\/DSC_0133-450x300.jpg 450w\" sizes=\"auto, (max-width: 1024px) 100vw, 1024px\" \/><figcaption><strong><em>30 november, innan soluppg\u00e5ngen.<\/em><\/strong><\/figcaption><\/figure>\n","protected":false},"excerpt":{"rendered":"<p>Att sammanfatta hur man upplevt november 2019 \u00e4r ganska enkelt&#8230;mulet, disigt, dimmigt, tidvis nederb\u00f6rd och extremt solfattigt. Det har varit n\u00e5gra f\u00e5 undantag med solglimtar trots allt ocks\u00e5. Jag har lagt till en ny s\u00f6kv\u00e4g ocks\u00e5 i menyn p\u00e5 min &hellip; <a href=\"https:\/\/jensgustafsson.se\/?page_id=14462\">Forts\u00e4tt l\u00e4sa <span class=\"meta-nav\">&rarr;<\/span><\/a><\/p>\n","protected":false},"author":1,"featured_media":0,"parent":11912,"menu_order":11,"comment_status":"closed","ping_status":"closed","template":"","meta":{"footnotes":""},"class_list":["post-14462","page","type-page","status-publish","hentry"],"_links":{"self":[{"href":"https:\/\/jensgustafsson.se\/index.php?rest_route=\/wp\/v2\/pages\/14462","targetHints":{"allow":["GET"]}}],"collection":[{"href":"https:\/\/jensgustafsson.se\/index.php?rest_route=\/wp\/v2\/pages"}],"about":[{"href":"https:\/\/jensgustafsson.se\/index.php?rest_route=\/wp\/v2\/types\/page"}],"author":[{"embeddable":true,"href":"https:\/\/jensgustafsson.se\/index.php?rest_route=\/wp\/v2\/users\/1"}],"replies":[{"embeddable":true,"href":"https:\/\/jensgustafsson.se\/index.php?rest_route=%2Fwp%2Fv2%2Fcomments&post=14462"}],"version-history":[{"count":9,"href":"https:\/\/jensgustafsson.se\/index.php?rest_route=\/wp\/v2\/pages\/14462\/revisions"}],"predecessor-version":[{"id":14489,"href":"https:\/\/jensgustafsson.se\/index.php?rest_route=\/wp\/v2\/pages\/14462\/revisions\/14489"}],"up":[{"embeddable":true,"href":"https:\/\/jensgustafsson.se\/index.php?rest_route=\/wp\/v2\/pages\/11912"}],"wp:attachment":[{"href":"https:\/\/jensgustafsson.se\/index.php?rest_route=%2Fwp%2Fv2%2Fmedia&parent=14462"}],"curies":[{"name":"wp","href":"https:\/\/api.w.org\/{rel}","templated":true}]}}