{"id":21308,"date":"2021-07-01T14:38:23","date_gmt":"2021-07-01T13:38:23","guid":{"rendered":"https:\/\/jensgustafsson.se\/?page_id=21308"},"modified":"2021-07-01T14:38:23","modified_gmt":"2021-07-01T13:38:23","slug":"juni-2021","status":"publish","type":"page","link":"https:\/\/jensgustafsson.se\/?page_id=21308","title":{"rendered":"Juni 2021."},"content":{"rendered":"\n<p class=\"has-blue-color has-light-gray-background-color has-text-color has-background has-medium-font-size\"><em> \u00c5rets junim\u00e5nad h\u00e4r i F\u00e5gelfors, \u00f6stra Sm\u00e5land, blev varm och regnfattig. Det finns  m\u00e5nga likheter mellan juni 2019 och \u00e5rets junim\u00e5nad. Medeltemperaturen blev samma som 2019, 19,6\u00b0. Regn fick vi 14 mm mera i \u00e5r j\u00e4mf\u00f6rt med 2019. Jag redovisar alla siffror nedan med diagram<\/em>, <em>text och n\u00e5gra bilder jag tagit under m\u00e5naden. F\u00f6r det mesta str\u00e4var jag efter att ha en aktuell bild med i de dagliga inl\u00e4ggen i bloggen\/v\u00e4derdagboken, som vid det h\u00e4r laget inneh\u00e5ller 3062 s\u00f6kbara inl\u00e4gg f\u00f6r den intresserade.<\/em><\/p>\n\n\n\n<figure class=\"wp-block-image size-large\"><img loading=\"lazy\" decoding=\"async\" width=\"1024\" height=\"660\" src=\"https:\/\/media1.jensgustafsson.se\/2021\/07\/DSC_6942-1024x660.jpg\" alt=\"\" class=\"wp-image-21330\" srcset=\"https:\/\/media1.jensgustafsson.se\/2021\/07\/DSC_6942-1024x660.jpg 1024w, https:\/\/media1.jensgustafsson.se\/2021\/07\/DSC_6942-300x193.jpg 300w, https:\/\/media1.jensgustafsson.se\/2021\/07\/DSC_6942-768x495.jpg 768w, https:\/\/media1.jensgustafsson.se\/2021\/07\/DSC_6942-1536x990.jpg 1536w, https:\/\/media1.jensgustafsson.se\/2021\/07\/DSC_6942-2048x1320.jpg 2048w, https:\/\/media1.jensgustafsson.se\/2021\/07\/DSC_6942-466x300.jpg 466w\" sizes=\"auto, (max-width: 1024px) 100vw, 1024px\" \/><figcaption><strong><em>4 juni.<\/em><\/strong><\/figcaption><\/figure>\n\n\n\n<p class=\"has-blue-color has-light-gray-background-color has-text-color has-background has-medium-font-size\"><em>Temperaturen <\/em><\/p>\n\n\n\n<figure class=\"wp-block-image size-large is-resized\"><img loading=\"lazy\" decoding=\"async\" src=\"https:\/\/media1.jensgustafsson.se\/2021\/07\/image.png\" alt=\"\" class=\"wp-image-21311\" width=\"614\" height=\"327\" srcset=\"https:\/\/media1.jensgustafsson.se\/2021\/07\/image.png 901w, https:\/\/media1.jensgustafsson.se\/2021\/07\/image-300x160.png 300w, https:\/\/media1.jensgustafsson.se\/2021\/07\/image-768x409.png 768w, https:\/\/media1.jensgustafsson.se\/2021\/07\/image-500x266.png 500w\" sizes=\"auto, (max-width: 614px) 100vw, 614px\" \/><figcaption><strong><em>Data h\u00e4mtade fr\u00e5n min privata v\u00e4derstation.<\/em><\/strong><\/figcaption><\/figure>\n\n\n\n<p class=\"has-blue-color has-light-gray-background-color has-text-color has-background has-medium-font-size\"><em> I diagrammet ovan ser vi hur temperaturen varit dagligen genom m\u00e5naden. Rekordh\u00f6g maxtemperatur p\u00e5 min v\u00e4derstation den 18 juni med 34,4\u00b0, vilket ocks\u00e5 \u00e4r det h\u00f6gst avl\u00e4sta v\u00e4rdet genom \u00e5ren som jag registrerat v\u00e4der h\u00e4r. Det har varit 19 dagar med h\u00f6gsommarv\u00e4rme (\u00f6ver 25\u00b0), 8 dagar med maxtemperatur mellan 20 och 24,9\u00b0, och 3 dagar med maxtemperatur mellan 15 och 20\u00b0. Kan n\u00e4mna som j\u00e4mf\u00f6relse att 2019 hade vi 22 dagar med h\u00f6gsommarv\u00e4rme, men allts\u00e5 inte fullt s\u00e5 h\u00f6ga maxtemperaturer som i \u00e5r. Jag l\u00e4gger in n\u00e5gra f\u00f6rklarande diagram nedan, med olika tidsintervaller (referensperioder), s\u00e5 kan ni l\u00e4tt j\u00e4mf\u00f6ra \u00e5rets junim\u00e5nad mot tidigare \u00e5r.<\/em><\/p>\n\n\n\n<figure class=\"wp-block-image size-large\"><img loading=\"lazy\" decoding=\"async\" width=\"831\" height=\"386\" src=\"https:\/\/media1.jensgustafsson.se\/2021\/07\/image-1.png\" alt=\"\" class=\"wp-image-21314\" srcset=\"https:\/\/media1.jensgustafsson.se\/2021\/07\/image-1.png 831w, https:\/\/media1.jensgustafsson.se\/2021\/07\/image-1-300x139.png 300w, https:\/\/media1.jensgustafsson.se\/2021\/07\/image-1-768x357.png 768w, https:\/\/media1.jensgustafsson.se\/2021\/07\/image-1-500x232.png 500w\" sizes=\"auto, (max-width: 831px) 100vw, 831px\" \/><figcaption><strong><em>K\u00e4llor: 1931-2012 SMHI:s m\u00e4tstationer Blankastr\u00f6m\/Drageryd. 2013 och fram\u00e5t \u00e4r min privata v\u00e4derstation i F\u00e5gelfors.<\/em><\/strong><\/figcaption><\/figure>\n\n\n\n<figure class=\"wp-block-image size-large\"><img loading=\"lazy\" decoding=\"async\" width=\"1024\" height=\"408\" src=\"https:\/\/media1.jensgustafsson.se\/2021\/07\/image-2-1024x408.png\" alt=\"\" class=\"wp-image-21315\" srcset=\"https:\/\/media1.jensgustafsson.se\/2021\/07\/image-2-1024x408.png 1024w, https:\/\/media1.jensgustafsson.se\/2021\/07\/image-2-300x120.png 300w, https:\/\/media1.jensgustafsson.se\/2021\/07\/image-2-768x306.png 768w, https:\/\/media1.jensgustafsson.se\/2021\/07\/image-2-500x199.png 500w, https:\/\/media1.jensgustafsson.se\/2021\/07\/image-2.png 1031w\" sizes=\"auto, (max-width: 1024px) 100vw, 1024px\" \/><figcaption><strong><em>K\u00e4llor: 1931-2012 SMHI:s m\u00e4tstationer Blankastr\u00f6m\/Drageryd. 2013 och fram\u00e5t \u00e4r min privata v\u00e4derstation i F\u00e5gelfors.<\/em><\/strong><\/figcaption><\/figure>\n\n\n\n<figure class=\"wp-block-image size-large\"><img loading=\"lazy\" decoding=\"async\" width=\"1024\" height=\"683\" src=\"https:\/\/media1.jensgustafsson.se\/2021\/07\/DSC_7314-1024x683.jpg\" alt=\"\" class=\"wp-image-21331\" srcset=\"https:\/\/media1.jensgustafsson.se\/2021\/07\/DSC_7314-1024x683.jpg 1024w, https:\/\/media1.jensgustafsson.se\/2021\/07\/DSC_7314-300x200.jpg 300w, https:\/\/media1.jensgustafsson.se\/2021\/07\/DSC_7314-768x512.jpg 768w, https:\/\/media1.jensgustafsson.se\/2021\/07\/DSC_7314-1536x1024.jpg 1536w, https:\/\/media1.jensgustafsson.se\/2021\/07\/DSC_7314-2048x1365.jpg 2048w, https:\/\/media1.jensgustafsson.se\/2021\/07\/DSC_7314-450x300.jpg 450w\" sizes=\"auto, (max-width: 1024px) 100vw, 1024px\" \/><figcaption><strong><em>9 juni.<\/em><\/strong><\/figcaption><\/figure>\n\n\n\n<p class=\"has-blue-color has-light-gray-background-color has-text-color has-background has-medium-font-size\">Nederb\u00f6rden.<\/p>\n\n\n\n<figure class=\"wp-block-image size-large\"><img loading=\"lazy\" decoding=\"async\" width=\"664\" height=\"274\" src=\"https:\/\/media1.jensgustafsson.se\/2021\/07\/image-4.png\" alt=\"\" class=\"wp-image-21317\" srcset=\"https:\/\/media1.jensgustafsson.se\/2021\/07\/image-4.png 664w, https:\/\/media1.jensgustafsson.se\/2021\/07\/image-4-300x124.png 300w, https:\/\/media1.jensgustafsson.se\/2021\/07\/image-4-500x206.png 500w\" sizes=\"auto, (max-width: 664px) 100vw, 664px\" \/><figcaption><strong><em>Data h\u00e4mtade fr\u00e5n min privata v\u00e4derstation.<\/em><\/strong><\/figcaption><\/figure>\n\n\n\n<p class=\"has-blue-color has-light-gray-background-color has-text-color has-background has-medium-font-size\"><em> Regn har vi f\u00e5tt 33 mm, f\u00f6rdelat \u00f6ver 7 regndygn. Som vi ser inleddes m\u00e5naden med knappast inget regn alls. Det tillsammans med h\u00f6gsommarv\u00e4rmen gjorde att det torkade v\u00e4ldigt snabbt, och det gr\u00e4smattor och \u00e5krar b\u00f6rjade gulna. Som tur var fyllde det p\u00e5 lite i slutet av m\u00e5naden. Jag har registrerat \u00e5ska vid 3 tillf\u00e4llen under m\u00e5naden, och vid det senaste \u00e5skv\u00e4dret var det n\u00e5gon blixt mitt \u00f6ver samh\u00e4llet. Precis som jag gjorde med temperaturen i avsnittet ovan, l\u00e4gger jag in n\u00e5gra diagram p\u00e5 nederb\u00f6rden i juni genom \u00e5ren.<\/em><\/p>\n\n\n\n<figure class=\"wp-block-image size-large\"><img loading=\"lazy\" decoding=\"async\" width=\"836\" height=\"346\" src=\"https:\/\/media1.jensgustafsson.se\/2021\/07\/image-5.png\" alt=\"\" class=\"wp-image-21318\" srcset=\"https:\/\/media1.jensgustafsson.se\/2021\/07\/image-5.png 836w, https:\/\/media1.jensgustafsson.se\/2021\/07\/image-5-300x124.png 300w, https:\/\/media1.jensgustafsson.se\/2021\/07\/image-5-768x318.png 768w, https:\/\/media1.jensgustafsson.se\/2021\/07\/image-5-500x207.png 500w\" sizes=\"auto, (max-width: 836px) 100vw, 836px\" \/><figcaption><strong><em>K\u00e4llor: 1931-2012 SMHI:s m\u00e4tstationer Blankastr\u00f6m\/Drageryd. 2013 och fram\u00e5t \u00e4r min privata v\u00e4derstation i F\u00e5gelfors<\/em>.<\/strong><\/figcaption><\/figure>\n\n\n\n<figure class=\"wp-block-image size-large\"><img loading=\"lazy\" decoding=\"async\" width=\"1024\" height=\"371\" src=\"https:\/\/media1.jensgustafsson.se\/2021\/07\/image-6-1024x371.png\" alt=\"\" class=\"wp-image-21319\" srcset=\"https:\/\/media1.jensgustafsson.se\/2021\/07\/image-6-1024x371.png 1024w, https:\/\/media1.jensgustafsson.se\/2021\/07\/image-6-300x109.png 300w, https:\/\/media1.jensgustafsson.se\/2021\/07\/image-6-768x278.png 768w, https:\/\/media1.jensgustafsson.se\/2021\/07\/image-6-500x181.png 500w, https:\/\/media1.jensgustafsson.se\/2021\/07\/image-6.png 1028w\" sizes=\"auto, (max-width: 1024px) 100vw, 1024px\" \/><figcaption><strong><em>K\u00e4llor: 1931-2012 SMHI:s m\u00e4tstationer Blankastr\u00f6m\/Drageryd. 2013 och fram\u00e5t \u00e4r min privata v\u00e4derstation i F\u00e5gelfors.<\/em><\/strong><\/figcaption><\/figure>\n\n\n\n<figure class=\"wp-block-image size-large\"><img loading=\"lazy\" decoding=\"async\" width=\"1024\" height=\"683\" src=\"https:\/\/media1.jensgustafsson.se\/2021\/07\/DSC_7393-1024x683.jpg\" alt=\"\" class=\"wp-image-21332\" srcset=\"https:\/\/media1.jensgustafsson.se\/2021\/07\/DSC_7393-1024x683.jpg 1024w, https:\/\/media1.jensgustafsson.se\/2021\/07\/DSC_7393-300x200.jpg 300w, https:\/\/media1.jensgustafsson.se\/2021\/07\/DSC_7393-768x512.jpg 768w, https:\/\/media1.jensgustafsson.se\/2021\/07\/DSC_7393-1536x1024.jpg 1536w, https:\/\/media1.jensgustafsson.se\/2021\/07\/DSC_7393-2048x1365.jpg 2048w, https:\/\/media1.jensgustafsson.se\/2021\/07\/DSC_7393-450x300.jpg 450w\" sizes=\"auto, (max-width: 1024px) 100vw, 1024px\" \/><figcaption><strong><em>15 juni.<\/em><\/strong><\/figcaption><\/figure>\n\n\n\n<p class=\"has-blue-color has-light-gray-background-color has-text-color has-background has-medium-font-size\">Vindarna.<\/p>\n\n\n\n<figure class=\"wp-block-image size-large\"><img loading=\"lazy\" decoding=\"async\" width=\"849\" height=\"378\" src=\"https:\/\/media1.jensgustafsson.se\/2021\/07\/image-7.png\" alt=\"\" class=\"wp-image-21320\" srcset=\"https:\/\/media1.jensgustafsson.se\/2021\/07\/image-7.png 849w, https:\/\/media1.jensgustafsson.se\/2021\/07\/image-7-300x134.png 300w, https:\/\/media1.jensgustafsson.se\/2021\/07\/image-7-768x342.png 768w, https:\/\/media1.jensgustafsson.se\/2021\/07\/image-7-500x223.png 500w\" sizes=\"auto, (max-width: 849px) 100vw, 849px\" \/><figcaption><strong><em>Data h\u00e4mtade fr\u00e5n min privata v\u00e4derstation.<\/em><\/strong><\/figcaption><\/figure>\n\n\n\n<p class=\"has-blue-color has-light-gray-background-color has-text-color has-background has-medium-font-size\"><em>Vindarna under m\u00e5naden har dominerats av v\u00e4stlig riktning (s, sv, v och nv) F\u00f6rdelningen ser vi i diagrammet ovan.<\/em><\/p>\n\n\n\n<figure class=\"wp-block-image size-large\"><img loading=\"lazy\" decoding=\"async\" width=\"1024\" height=\"683\" src=\"https:\/\/media1.jensgustafsson.se\/2021\/07\/DSC_7521-1024x683.jpg\" alt=\"\" class=\"wp-image-21333\" srcset=\"https:\/\/media1.jensgustafsson.se\/2021\/07\/DSC_7521-1024x683.jpg 1024w, https:\/\/media1.jensgustafsson.se\/2021\/07\/DSC_7521-300x200.jpg 300w, https:\/\/media1.jensgustafsson.se\/2021\/07\/DSC_7521-768x512.jpg 768w, https:\/\/media1.jensgustafsson.se\/2021\/07\/DSC_7521-1536x1024.jpg 1536w, https:\/\/media1.jensgustafsson.se\/2021\/07\/DSC_7521-2048x1365.jpg 2048w, https:\/\/media1.jensgustafsson.se\/2021\/07\/DSC_7521-450x300.jpg 450w\" sizes=\"auto, (max-width: 1024px) 100vw, 1024px\" \/><figcaption><strong><em>17 juni.<\/em><\/strong><\/figcaption><\/figure>\n\n\n\n<p class=\"has-blue-color has-light-gray-background-color has-text-color has-background has-medium-font-size\"><em>S\u00e5 kommer sammanfattningen i siffror fr\u00e5n min v\u00e4derstation, WS-2308, som jobbar med tv\u00e5 program, Heavy Wheather f\u00f6r loggningen, och Cumulus som ocks\u00e5 loggar, och omvandlar med hj\u00e4lp av mig till \u00f6versk\u00e5dliga fakta p\u00e5 min v\u00e4dersida p\u00e5 webben.<\/em><\/p>\n\n\n\n<p class=\"has-blue-color has-light-gray-background-color has-text-color has-background has-medium-font-size\"><em>Summary for period 2021-06-01 to 2021-06-30<\/em><\/p>\n\n\n\n<p class=\"has-blue-color has-light-gray-background-color has-text-color has-background has-medium-font-size\"><em>Temperature (\u00b0C):<br \/>Mean (min+max) 19,6<br \/>Mean Minimum 13,2<br \/>Mean Maximum 26,6<br \/>Minimum 5,8 on 2021-06-03<br \/>Maximum 34,4 on 2021-06-18<br \/>Highest Minimum 19,9 on 2021-06-21<br \/>Lowest Maximum 17,4 on 2021-06-01<br \/>Air frosts 0<\/em><\/p>\n\n\n\n<p class=\"has-blue-color has-light-gray-background-color has-text-color has-background has-medium-font-size\"><em>Rainfall (mm):<br \/>Total for period 33<br \/>Wettest day 11 on 2021-06-26,27<br \/>Rain days 7<br \/>Dry days 23<\/em><\/p>\n\n\n\n<p class=\"has-blue-color has-light-gray-background-color has-text-color has-background has-medium-font-size\"><em>Wind (m\/s):<br \/>Highest Gust 11 on 2021-06-12<br \/>Average Speed 1,1<\/em><\/p>\n\n\n\n<p class=\"has-blue-color has-light-gray-background-color has-text-color has-background has-medium-font-size\"><em>Pressure (hPa):<br \/>Maximum 1036,1 on 2021-06-03<br \/>Minimum 1009,9 on 2021-06-12<\/em><\/p>\n\n\n\n<p class=\"has-blue-color has-light-gray-background-color has-text-color has-background has-medium-font-size\"><em> Som avslutning p\u00e5 denna m\u00e5nadsrapport, s\u00e5 l\u00e4gger jag in en sammanfattning p\u00e5 hur vi ligger till i medeltemperatur och nederb\u00f6rd, nu n\u00e4r halva \u00e5ret ligger bakom oss. Det blir intressant att f\u00f6lja resten av \u00e5ret, och hur det utvecklas, f\u00f6r som vi ser har den upp\u00e5tg\u00e5ende trenden brutits i \u00e5r, vad g\u00e4ller temperaturkurvan i alla fall. Nederb\u00f6rdsm\u00e4ssigt ligger vi lite efter j\u00e4mf\u00f6rt med fjol\u00e5ret, men en \u00f6kande trend sedan 2017.<\/em><\/p>\n\n\n\n<figure class=\"wp-block-image size-large\"><img loading=\"lazy\" decoding=\"async\" width=\"716\" height=\"288\" src=\"https:\/\/media1.jensgustafsson.se\/2021\/07\/image-10.png\" alt=\"\" class=\"wp-image-21328\" srcset=\"https:\/\/media1.jensgustafsson.se\/2021\/07\/image-10.png 716w, https:\/\/media1.jensgustafsson.se\/2021\/07\/image-10-300x121.png 300w, https:\/\/media1.jensgustafsson.se\/2021\/07\/image-10-500x201.png 500w\" sizes=\"auto, (max-width: 716px) 100vw, 716px\" \/><figcaption><strong><em>K\u00e4llor: 1931-2012 SMHI:s m\u00e4tstationer Blankastr\u00f6m\/Drageryd. 2013 och fram\u00e5t \u00e4r min privata v\u00e4derstation i F\u00e5gelfors.<\/em><\/strong><\/figcaption><\/figure>\n\n\n\n<figure class=\"wp-block-image size-large\"><img loading=\"lazy\" decoding=\"async\" width=\"641\" height=\"288\" src=\"https:\/\/media1.jensgustafsson.se\/2021\/07\/image-9.png\" alt=\"\" class=\"wp-image-21325\" srcset=\"https:\/\/media1.jensgustafsson.se\/2021\/07\/image-9.png 641w, https:\/\/media1.jensgustafsson.se\/2021\/07\/image-9-300x135.png 300w, https:\/\/media1.jensgustafsson.se\/2021\/07\/image-9-500x225.png 500w\" sizes=\"auto, (max-width: 641px) 100vw, 641px\" \/><figcaption><strong><em>K\u00e4llor: 1931-2012 SMHI:s m\u00e4tstationer Blankastr\u00f6m\/Drageryd. 2013 och fram\u00e5t \u00e4r min privata v\u00e4derstation i F\u00e5gelfors.<\/em><\/strong><\/figcaption><\/figure>\n\n\n\n<figure class=\"wp-block-image size-large\"><img loading=\"lazy\" decoding=\"async\" width=\"1024\" height=\"683\" src=\"https:\/\/media1.jensgustafsson.se\/2021\/07\/DSC_7688-1024x683.jpg\" alt=\"\" class=\"wp-image-21334\" srcset=\"https:\/\/media1.jensgustafsson.se\/2021\/07\/DSC_7688-1024x683.jpg 1024w, https:\/\/media1.jensgustafsson.se\/2021\/07\/DSC_7688-300x200.jpg 300w, https:\/\/media1.jensgustafsson.se\/2021\/07\/DSC_7688-768x512.jpg 768w, https:\/\/media1.jensgustafsson.se\/2021\/07\/DSC_7688-1536x1024.jpg 1536w, https:\/\/media1.jensgustafsson.se\/2021\/07\/DSC_7688-2048x1365.jpg 2048w, https:\/\/media1.jensgustafsson.se\/2021\/07\/DSC_7688-450x300.jpg 450w\" sizes=\"auto, (max-width: 1024px) 100vw, 1024px\" \/><figcaption><strong><em>19 juni.<\/em><\/strong><\/figcaption><\/figure>\n\n\n\n<p><\/p>\n","protected":false},"excerpt":{"rendered":"<p>\u00c5rets junim\u00e5nad h\u00e4r i F\u00e5gelfors, \u00f6stra Sm\u00e5land, blev varm och regnfattig. Det finns m\u00e5nga likheter mellan juni 2019 och \u00e5rets junim\u00e5nad. Medeltemperaturen blev samma som 2019, 19,6\u00b0. Regn fick vi 14 mm mera i \u00e5r j\u00e4mf\u00f6rt med 2019. Jag redovisar &hellip; <a href=\"https:\/\/jensgustafsson.se\/?page_id=21308\">Forts\u00e4tt l\u00e4sa <span class=\"meta-nav\">&rarr;<\/span><\/a><\/p>\n","protected":false},"author":1,"featured_media":21309,"parent":19700,"menu_order":6,"comment_status":"closed","ping_status":"closed","template":"","meta":{"footnotes":""},"class_list":["post-21308","page","type-page","status-publish","has-post-thumbnail","hentry"],"_links":{"self":[{"href":"https:\/\/jensgustafsson.se\/index.php?rest_route=\/wp\/v2\/pages\/21308","targetHints":{"allow":["GET"]}}],"collection":[{"href":"https:\/\/jensgustafsson.se\/index.php?rest_route=\/wp\/v2\/pages"}],"about":[{"href":"https:\/\/jensgustafsson.se\/index.php?rest_route=\/wp\/v2\/types\/page"}],"author":[{"embeddable":true,"href":"https:\/\/jensgustafsson.se\/index.php?rest_route=\/wp\/v2\/users\/1"}],"replies":[{"embeddable":true,"href":"https:\/\/jensgustafsson.se\/index.php?rest_route=%2Fwp%2Fv2%2Fcomments&post=21308"}],"version-history":[{"count":12,"href":"https:\/\/jensgustafsson.se\/index.php?rest_route=\/wp\/v2\/pages\/21308\/revisions"}],"predecessor-version":[{"id":21337,"href":"https:\/\/jensgustafsson.se\/index.php?rest_route=\/wp\/v2\/pages\/21308\/revisions\/21337"}],"up":[{"embeddable":true,"href":"https:\/\/jensgustafsson.se\/index.php?rest_route=\/wp\/v2\/pages\/19700"}],"wp:featuredmedia":[{"embeddable":true,"href":"https:\/\/jensgustafsson.se\/index.php?rest_route=\/wp\/v2\/media\/21309"}],"wp:attachment":[{"href":"https:\/\/jensgustafsson.se\/index.php?rest_route=%2Fwp%2Fv2%2Fmedia&parent=21308"}],"curies":[{"name":"wp","href":"https:\/\/api.w.org\/{rel}","templated":true}]}}