{"id":22765,"date":"2021-11-01T14:05:16","date_gmt":"2021-11-01T13:05:16","guid":{"rendered":"https:\/\/jensgustafsson.se\/?page_id=22765"},"modified":"2021-11-01T14:05:16","modified_gmt":"2021-11-01T13:05:16","slug":"oktober-2021","status":"publish","type":"page","link":"https:\/\/jensgustafsson.se\/?page_id=22765","title":{"rendered":"Oktober 2021."},"content":{"rendered":"\n<figure class=\"wp-block-image size-large\"><img loading=\"lazy\" decoding=\"async\" width=\"1024\" height=\"683\" src=\"https:\/\/media1.jensgustafsson.se\/2021\/11\/DSC_1635-1-1024x683.jpg\" alt=\"\" class=\"wp-image-22779\" srcset=\"https:\/\/media1.jensgustafsson.se\/2021\/11\/DSC_1635-1-1024x683.jpg 1024w, https:\/\/media1.jensgustafsson.se\/2021\/11\/DSC_1635-1-300x200.jpg 300w, https:\/\/media1.jensgustafsson.se\/2021\/11\/DSC_1635-1-768x512.jpg 768w, https:\/\/media1.jensgustafsson.se\/2021\/11\/DSC_1635-1-1536x1024.jpg 1536w, https:\/\/media1.jensgustafsson.se\/2021\/11\/DSC_1635-1-2048x1365.jpg 2048w, https:\/\/media1.jensgustafsson.se\/2021\/11\/DSC_1635-1-450x300.jpg 450w\" sizes=\"auto, (max-width: 1024px) 100vw, 1024px\" \/><\/figure>\n\n\n\n<figure class=\"wp-block-image size-full is-resized\"><img loading=\"lazy\" decoding=\"async\" src=\"https:\/\/media1.jensgustafsson.se\/2021\/11\/image.png\" alt=\"\" class=\"wp-image-22767\" width=\"661\" height=\"309\" srcset=\"https:\/\/media1.jensgustafsson.se\/2021\/11\/image.png 901w, https:\/\/media1.jensgustafsson.se\/2021\/11\/image-300x141.png 300w, https:\/\/media1.jensgustafsson.se\/2021\/11\/image-768x360.png 768w, https:\/\/media1.jensgustafsson.se\/2021\/11\/image-500x234.png 500w\" sizes=\"auto, (max-width: 661px) 100vw, 661px\" \/><\/figure>\n\n\n\n<p class=\"has-blue-color has-light-gray-background-color has-text-color has-background has-medium-font-size\">M\u00e5nadens temperatur ser vi i diagrammet ovan. Har varit lite varierat \u00f6ver m\u00e5naden, precis som det brukar vara. M\u00e5nadens medeltemperatur blev +8,7\u00b0C. J\u00e4mf\u00f6rt med den nu anv\u00e4nda referensperioden (1991-2020) s\u00e5 \u00e4r det ca 1,3\u00b0C h\u00f6gre medeltemp i \u00e5r i oktober. Jag redovisar temperatursiffrorna fr\u00e5n loggen p\u00e5 min v\u00e4derstation i oktober nedan:<\/p>\n\n\n\n<p class=\"has-blue-color has-light-gray-background-color has-text-color has-background has-medium-font-size\">Temperatur (\u00b0C):<br \/>Medel (min+max)8,7<br \/>Medelminimum 4,9<br \/>Medelmaximum 12,6<br \/>Minimum -2,2 den 24 oktober<br \/>Maximum 17,3 den 4 oktober<br \/>H\u00f6gsta minimum 11,4 den 3 oktober<br \/>L\u00e4gsta maximum 7,5 den 23 oktober<br \/>Frostn\u00e4tter: 4<br \/>Markfrost: 4<\/p>\n\n\n\n<p class=\"has-blue-color has-light-gray-background-color has-text-color has-background has-medium-font-size\">F\u00f6r att kunna j\u00e4mf\u00f6ra \u00e5rets oktoberm\u00e5nad mot tidigare \u00e5r, s\u00e5 visar jag det i n\u00e5gra diagram nedan, sammanfattade i n\u00e5gra olika referensperioder b\u00e5de p\u00e5 kort och l\u00e5ng sikt. Som vanligt s\u00e5 \u00e4r siffrorna h\u00e4mtade fr\u00e5n SMHI:s till mig n\u00e4rmsta m\u00e4tstationer Blankastr\u00f6m och Drageryd (inaktiva idag) f\u00f6r perioden 1931-2012. Fr\u00e5n 2013 \u00e4r det siffror fr\u00e5n min egna v\u00e4derstation.<\/p>\n\n\n\n<figure class=\"wp-block-image size-full\"><img loading=\"lazy\" decoding=\"async\" width=\"831\" height=\"386\" src=\"https:\/\/media1.jensgustafsson.se\/2021\/11\/image-1.png\" alt=\"\" class=\"wp-image-22768\" srcset=\"https:\/\/media1.jensgustafsson.se\/2021\/11\/image-1.png 831w, https:\/\/media1.jensgustafsson.se\/2021\/11\/image-1-300x139.png 300w, https:\/\/media1.jensgustafsson.se\/2021\/11\/image-1-768x357.png 768w, https:\/\/media1.jensgustafsson.se\/2021\/11\/image-1-500x232.png 500w\" sizes=\"auto, (max-width: 831px) 100vw, 831px\" \/><\/figure>\n\n\n\n<figure class=\"wp-block-image size-large\"><img loading=\"lazy\" decoding=\"async\" width=\"1024\" height=\"385\" src=\"https:\/\/media1.jensgustafsson.se\/2021\/11\/image-2-1024x385.png\" alt=\"\" class=\"wp-image-22769\" srcset=\"https:\/\/media1.jensgustafsson.se\/2021\/11\/image-2-1024x385.png 1024w, https:\/\/media1.jensgustafsson.se\/2021\/11\/image-2-300x113.png 300w, https:\/\/media1.jensgustafsson.se\/2021\/11\/image-2-768x289.png 768w, https:\/\/media1.jensgustafsson.se\/2021\/11\/image-2-500x188.png 500w, https:\/\/media1.jensgustafsson.se\/2021\/11\/image-2.png 1091w\" sizes=\"auto, (max-width: 1024px) 100vw, 1024px\" \/><\/figure>\n\n\n\n<figure class=\"wp-block-image size-large\"><img loading=\"lazy\" decoding=\"async\" width=\"1024\" height=\"683\" src=\"https:\/\/media1.jensgustafsson.se\/2021\/11\/DSC_2008-Notan-Kronobo-14-okt-2021-1024x683.jpg\" alt=\"\" class=\"wp-image-22780\" srcset=\"https:\/\/media1.jensgustafsson.se\/2021\/11\/DSC_2008-Notan-Kronobo-14-okt-2021-1024x683.jpg 1024w, https:\/\/media1.jensgustafsson.se\/2021\/11\/DSC_2008-Notan-Kronobo-14-okt-2021-300x200.jpg 300w, https:\/\/media1.jensgustafsson.se\/2021\/11\/DSC_2008-Notan-Kronobo-14-okt-2021-768x512.jpg 768w, https:\/\/media1.jensgustafsson.se\/2021\/11\/DSC_2008-Notan-Kronobo-14-okt-2021-1536x1024.jpg 1536w, https:\/\/media1.jensgustafsson.se\/2021\/11\/DSC_2008-Notan-Kronobo-14-okt-2021-2048x1365.jpg 2048w, https:\/\/media1.jensgustafsson.se\/2021\/11\/DSC_2008-Notan-Kronobo-14-okt-2021-450x300.jpg 450w\" sizes=\"auto, (max-width: 1024px) 100vw, 1024px\" \/><\/figure>\n\n\n\n<figure class=\"wp-block-image size-full\"><img loading=\"lazy\" decoding=\"async\" width=\"664\" height=\"274\" src=\"https:\/\/media1.jensgustafsson.se\/2021\/11\/image-3.png\" alt=\"\" class=\"wp-image-22770\" srcset=\"https:\/\/media1.jensgustafsson.se\/2021\/11\/image-3.png 664w, https:\/\/media1.jensgustafsson.se\/2021\/11\/image-3-300x124.png 300w, https:\/\/media1.jensgustafsson.se\/2021\/11\/image-3-500x206.png 500w\" sizes=\"auto, (max-width: 664px) 100vw, 664px\" \/><\/figure>\n\n\n\n<p class=\"has-blue-color has-light-gray-background-color has-text-color has-background has-medium-font-size\">Regn har vi f\u00e5tt 56 mm i denna m\u00e5nad, och det \u00e4r ungef\u00e4r vad som \u00e4r vanligt om man tittar tillbaka genom \u00e5ren. Som vi ser i stapeldiagrammet ovan, s\u00e5 f\u00f6rdelades regnet \u00f6ver 13 dygn av m\u00e5nadens 31 dygn. Nedan visar jag den genomsnittliga nederb\u00f6rden i oktober genom \u00e5ren.<\/p>\n\n\n\n<figure class=\"wp-block-image size-full\"><img loading=\"lazy\" decoding=\"async\" width=\"836\" height=\"346\" src=\"https:\/\/media1.jensgustafsson.se\/2021\/11\/image-4.png\" alt=\"\" class=\"wp-image-22771\" srcset=\"https:\/\/media1.jensgustafsson.se\/2021\/11\/image-4.png 836w, https:\/\/media1.jensgustafsson.se\/2021\/11\/image-4-300x124.png 300w, https:\/\/media1.jensgustafsson.se\/2021\/11\/image-4-768x318.png 768w, https:\/\/media1.jensgustafsson.se\/2021\/11\/image-4-500x207.png 500w\" sizes=\"auto, (max-width: 836px) 100vw, 836px\" \/><\/figure>\n\n\n\n<figure class=\"wp-block-image size-large\"><img loading=\"lazy\" decoding=\"async\" width=\"1024\" height=\"366\" src=\"https:\/\/media1.jensgustafsson.se\/2021\/11\/image-5-1024x366.png\" alt=\"\" class=\"wp-image-22772\" srcset=\"https:\/\/media1.jensgustafsson.se\/2021\/11\/image-5-1024x366.png 1024w, https:\/\/media1.jensgustafsson.se\/2021\/11\/image-5-300x107.png 300w, https:\/\/media1.jensgustafsson.se\/2021\/11\/image-5-768x274.png 768w, https:\/\/media1.jensgustafsson.se\/2021\/11\/image-5-500x179.png 500w, https:\/\/media1.jensgustafsson.se\/2021\/11\/image-5.png 1028w\" sizes=\"auto, (max-width: 1024px) 100vw, 1024px\" \/><\/figure>\n\n\n\n<figure class=\"wp-block-image size-large\"><img loading=\"lazy\" decoding=\"async\" width=\"1024\" height=\"683\" src=\"https:\/\/media1.jensgustafsson.se\/2021\/11\/DSC_2042-Morgon-vid-Eman-Hogsby-i-okt-2021-1024x683.jpg\" alt=\"\" class=\"wp-image-22782\" srcset=\"https:\/\/media1.jensgustafsson.se\/2021\/11\/DSC_2042-Morgon-vid-Eman-Hogsby-i-okt-2021-1024x683.jpg 1024w, https:\/\/media1.jensgustafsson.se\/2021\/11\/DSC_2042-Morgon-vid-Eman-Hogsby-i-okt-2021-300x200.jpg 300w, https:\/\/media1.jensgustafsson.se\/2021\/11\/DSC_2042-Morgon-vid-Eman-Hogsby-i-okt-2021-768x512.jpg 768w, https:\/\/media1.jensgustafsson.se\/2021\/11\/DSC_2042-Morgon-vid-Eman-Hogsby-i-okt-2021-1536x1024.jpg 1536w, https:\/\/media1.jensgustafsson.se\/2021\/11\/DSC_2042-Morgon-vid-Eman-Hogsby-i-okt-2021-2048x1365.jpg 2048w, https:\/\/media1.jensgustafsson.se\/2021\/11\/DSC_2042-Morgon-vid-Eman-Hogsby-i-okt-2021-450x300.jpg 450w\" sizes=\"auto, (max-width: 1024px) 100vw, 1024px\" \/><\/figure>\n\n\n\n<figure class=\"wp-block-image size-full\"><img loading=\"lazy\" decoding=\"async\" width=\"849\" height=\"377\" src=\"https:\/\/media1.jensgustafsson.se\/2021\/11\/image-6.png\" alt=\"\" class=\"wp-image-22773\" srcset=\"https:\/\/media1.jensgustafsson.se\/2021\/11\/image-6.png 849w, https:\/\/media1.jensgustafsson.se\/2021\/11\/image-6-300x133.png 300w, https:\/\/media1.jensgustafsson.se\/2021\/11\/image-6-768x341.png 768w, https:\/\/media1.jensgustafsson.se\/2021\/11\/image-6-500x222.png 500w\" sizes=\"auto, (max-width: 849px) 100vw, 849px\" \/><\/figure>\n\n\n\n<p class=\"has-blue-color has-light-gray-background-color has-text-color has-background has-medium-font-size\">Stapeldiagrammet ovan visar de dominerande vindriktningarna dygnsvis under m\u00e5naden. Vindar fr\u00e5n den v\u00e4stliga sidan har dominerat som vi ser. Genomsnittet p\u00e5 maxvinden i oktober blev cirka 6 m\/s.<\/p>\n\n\n\n<figure class=\"wp-block-image size-large\"><img loading=\"lazy\" decoding=\"async\" width=\"1024\" height=\"683\" src=\"https:\/\/media1.jensgustafsson.se\/2021\/11\/DSC_2114-Vecklevad-24-okt-2021-1024x683.jpg\" alt=\"\" class=\"wp-image-22781\" srcset=\"https:\/\/media1.jensgustafsson.se\/2021\/11\/DSC_2114-Vecklevad-24-okt-2021-1024x683.jpg 1024w, https:\/\/media1.jensgustafsson.se\/2021\/11\/DSC_2114-Vecklevad-24-okt-2021-300x200.jpg 300w, https:\/\/media1.jensgustafsson.se\/2021\/11\/DSC_2114-Vecklevad-24-okt-2021-768x512.jpg 768w, https:\/\/media1.jensgustafsson.se\/2021\/11\/DSC_2114-Vecklevad-24-okt-2021-1536x1024.jpg 1536w, https:\/\/media1.jensgustafsson.se\/2021\/11\/DSC_2114-Vecklevad-24-okt-2021-2048x1365.jpg 2048w, https:\/\/media1.jensgustafsson.se\/2021\/11\/DSC_2114-Vecklevad-24-okt-2021-450x300.jpg 450w\" sizes=\"auto, (max-width: 1024px) 100vw, 1024px\" \/><\/figure>\n\n\n\n<p class=\"has-blue-color has-light-gray-background-color has-text-color has-background has-medium-font-size\">D\u00e4rmed avslutar vi oktober 2021, och g\u00e5r in i tredje och sista h\u00f6stm\u00e5naden, november 2021. Hur den blev f\u00e5r vi svaret p\u00e5 om exakt en m\u00e5nad.<\/p>\n\n\n\n<p><\/p>\n","protected":false},"excerpt":{"rendered":"<p>M\u00e5nadens temperatur ser vi i diagrammet ovan. Har varit lite varierat \u00f6ver m\u00e5naden, precis som det brukar vara. M\u00e5nadens medeltemperatur blev +8,7\u00b0C. J\u00e4mf\u00f6rt med den nu anv\u00e4nda referensperioden (1991-2020) s\u00e5 \u00e4r det ca 1,3\u00b0C h\u00f6gre medeltemp i \u00e5r i oktober. &hellip; <a href=\"https:\/\/jensgustafsson.se\/?page_id=22765\">Forts\u00e4tt l\u00e4sa <span class=\"meta-nav\">&rarr;<\/span><\/a><\/p>\n","protected":false},"author":1,"featured_media":22778,"parent":19700,"menu_order":10,"comment_status":"closed","ping_status":"closed","template":"","meta":{"footnotes":""},"class_list":["post-22765","page","type-page","status-publish","has-post-thumbnail","hentry"],"_links":{"self":[{"href":"https:\/\/jensgustafsson.se\/index.php?rest_route=\/wp\/v2\/pages\/22765","targetHints":{"allow":["GET"]}}],"collection":[{"href":"https:\/\/jensgustafsson.se\/index.php?rest_route=\/wp\/v2\/pages"}],"about":[{"href":"https:\/\/jensgustafsson.se\/index.php?rest_route=\/wp\/v2\/types\/page"}],"author":[{"embeddable":true,"href":"https:\/\/jensgustafsson.se\/index.php?rest_route=\/wp\/v2\/users\/1"}],"replies":[{"embeddable":true,"href":"https:\/\/jensgustafsson.se\/index.php?rest_route=%2Fwp%2Fv2%2Fcomments&post=22765"}],"version-history":[{"count":5,"href":"https:\/\/jensgustafsson.se\/index.php?rest_route=\/wp\/v2\/pages\/22765\/revisions"}],"predecessor-version":[{"id":22783,"href":"https:\/\/jensgustafsson.se\/index.php?rest_route=\/wp\/v2\/pages\/22765\/revisions\/22783"}],"up":[{"embeddable":true,"href":"https:\/\/jensgustafsson.se\/index.php?rest_route=\/wp\/v2\/pages\/19700"}],"wp:featuredmedia":[{"embeddable":true,"href":"https:\/\/jensgustafsson.se\/index.php?rest_route=\/wp\/v2\/media\/22778"}],"wp:attachment":[{"href":"https:\/\/jensgustafsson.se\/index.php?rest_route=%2Fwp%2Fv2%2Fmedia&parent=22765"}],"curies":[{"name":"wp","href":"https:\/\/api.w.org\/{rel}","templated":true}]}}