{"id":26497,"date":"2022-10-02T08:25:55","date_gmt":"2022-10-02T07:25:55","guid":{"rendered":"https:\/\/jensgustafsson.se\/?page_id=26497"},"modified":"2022-10-02T08:26:29","modified_gmt":"2022-10-02T07:26:29","slug":"september-2022","status":"publish","type":"page","link":"https:\/\/jensgustafsson.se\/?page_id=26497","title":{"rendered":"September 2022."},"content":{"rendered":"\n<figure class=\"wp-block-image size-large\"><img loading=\"lazy\" decoding=\"async\" width=\"1024\" height=\"683\" src=\"https:\/\/media1.jensgustafsson.se\/2022\/10\/DSC_1483-1024x683.jpg\" alt=\"\" class=\"wp-image-26522\" srcset=\"https:\/\/media1.jensgustafsson.se\/2022\/10\/DSC_1483-1024x683.jpg 1024w, https:\/\/media1.jensgustafsson.se\/2022\/10\/DSC_1483-300x200.jpg 300w, https:\/\/media1.jensgustafsson.se\/2022\/10\/DSC_1483-768x512.jpg 768w, https:\/\/media1.jensgustafsson.se\/2022\/10\/DSC_1483-1536x1024.jpg 1536w, https:\/\/media1.jensgustafsson.se\/2022\/10\/DSC_1483-2048x1365.jpg 2048w, https:\/\/media1.jensgustafsson.se\/2022\/10\/DSC_1483-450x300.jpg 450w\" sizes=\"auto, (max-width: 1024px) 100vw, 1024px\" \/><\/figure>\n\n\n\n<p class=\"has-blue-color has-light-gray-background-color has-text-color has-background has-medium-font-size\">Nu \u00e4r det dags september 2022 m\u00e5nads sammanfattning av v\u00e4dret i F\u00e5gelfors, med data fr\u00e5n min privata v\u00e4derstation. Statistiken som jag anv\u00e4nder och j\u00e4mf\u00f6r \u00e5rets septemberm\u00e5nad mot, \u00e4r h\u00e4mtad fr\u00e5n SMHI:s n\u00e4rmaste m\u00e4tstationer Blankastr\u00f6m, och Drageryd f\u00f6r \u00e5ren 1931-2012. Fr\u00e5n 2013 och fram\u00e5t \u00e4r det min egna, privata v\u00e4derstation som levererar siffrorna. Nuvarande &#8221;normalperiod&#8221; som anv\u00e4nds att j\u00e4mf\u00f6ra mot \u00e4r \u00e5ren 1991-2020, men jag redovisar ocks\u00e5 \u00e5ren 1931-2022 i mina diagram i min redog\u00f6relse nedan. Det \u00e4r intressant att kunna se \u00f6ver ett l\u00e4ngre tidsperspektiv, hur det sett ut med temperatur och nederb\u00f6rd i september.<\/p>\n\n\n\n<figure class=\"wp-block-image size-large is-resized\"><img loading=\"lazy\" decoding=\"async\" src=\"https:\/\/media1.jensgustafsson.se\/2022\/10\/image-3-1024x459.png\" alt=\"\" class=\"wp-image-26504\" width=\"647\" height=\"290\" srcset=\"https:\/\/media1.jensgustafsson.se\/2022\/10\/image-3-1024x459.png 1024w, https:\/\/media1.jensgustafsson.se\/2022\/10\/image-3-300x134.png 300w, https:\/\/media1.jensgustafsson.se\/2022\/10\/image-3-768x344.png 768w, https:\/\/media1.jensgustafsson.se\/2022\/10\/image-3-1536x688.png 1536w, https:\/\/media1.jensgustafsson.se\/2022\/10\/image-3-500x224.png 500w, https:\/\/media1.jensgustafsson.se\/2022\/10\/image-3.png 1782w\" sizes=\"auto, (max-width: 647px) 100vw, 647px\" \/><\/figure>\n\n\n\n<figure class=\"wp-block-image size-large\"><img loading=\"lazy\" decoding=\"async\" width=\"1024\" height=\"482\" src=\"https:\/\/media1.jensgustafsson.se\/2022\/10\/image-4-1024x482.png\" alt=\"\" class=\"wp-image-26506\" srcset=\"https:\/\/media1.jensgustafsson.se\/2022\/10\/image-4-1024x482.png 1024w, https:\/\/media1.jensgustafsson.se\/2022\/10\/image-4-300x141.png 300w, https:\/\/media1.jensgustafsson.se\/2022\/10\/image-4-768x362.png 768w, https:\/\/media1.jensgustafsson.se\/2022\/10\/image-4-500x236.png 500w, https:\/\/media1.jensgustafsson.se\/2022\/10\/image-4.png 1418w\" sizes=\"auto, (max-width: 1024px) 100vw, 1024px\" \/><\/figure>\n\n\n\n<p class=\"has-blue-color has-light-gray-background-color has-text-color has-background has-medium-font-size\">September i \u00e5r blev 0,5 grader kallare j\u00e4mf\u00f6rt mot normalperioden 1991-2020, medeltemperaturen blev +11,9\u00b0. Vi f\u00e5r g\u00e5 tillbaka till \u00e5r 2013 f\u00f6r att hitta en septemberm\u00e5nad som varit s\u00e5 kylig som \u00e5rets. Som vi ser i diagrammet ovan med den dagliga min- och maxtemperaturen, har vi bara haft en dag med maxtemperatur \u00f6ver 20 grader. Vi har haft 1 frostdygn (minusgrader p\u00e5 termometern) och 6 dygn med markfrost (plusgrader p\u00e5 termometern, men frost p\u00e5 marken). I diagrammen nedan visar jag temperaturen i september i ett par olika tidsperioder.<\/p>\n\n\n\n<figure class=\"wp-block-image size-large is-resized\"><img loading=\"lazy\" decoding=\"async\" src=\"https:\/\/media1.jensgustafsson.se\/2022\/10\/image-5-1024x360.png\" alt=\"\" class=\"wp-image-26507\" width=\"644\" height=\"226\" srcset=\"https:\/\/media1.jensgustafsson.se\/2022\/10\/image-5-1024x360.png 1024w, https:\/\/media1.jensgustafsson.se\/2022\/10\/image-5-300x105.png 300w, https:\/\/media1.jensgustafsson.se\/2022\/10\/image-5-768x270.png 768w, https:\/\/media1.jensgustafsson.se\/2022\/10\/image-5-1536x540.png 1536w, https:\/\/media1.jensgustafsson.se\/2022\/10\/image-5-500x176.png 500w, https:\/\/media1.jensgustafsson.se\/2022\/10\/image-5.png 1826w\" sizes=\"auto, (max-width: 644px) 100vw, 644px\" \/><\/figure>\n\n\n\n<figure class=\"wp-block-image size-large is-resized\"><img loading=\"lazy\" decoding=\"async\" src=\"https:\/\/media1.jensgustafsson.se\/2022\/10\/image-6-1024x344.png\" alt=\"\" class=\"wp-image-26508\" width=\"751\" height=\"253\" srcset=\"https:\/\/media1.jensgustafsson.se\/2022\/10\/image-6-1024x344.png 1024w, https:\/\/media1.jensgustafsson.se\/2022\/10\/image-6-300x101.png 300w, https:\/\/media1.jensgustafsson.se\/2022\/10\/image-6-768x258.png 768w, https:\/\/media1.jensgustafsson.se\/2022\/10\/image-6-1536x517.png 1536w, https:\/\/media1.jensgustafsson.se\/2022\/10\/image-6-2048x689.png 2048w, https:\/\/media1.jensgustafsson.se\/2022\/10\/image-6-500x168.png 500w\" sizes=\"auto, (max-width: 751px) 100vw, 751px\" \/><\/figure>\n\n\n\n<p class=\"has-blue-color has-light-gray-background-color has-text-color has-background has-medium-font-size\">Nedan ser vi en sammanfattning av lite temperatursiffror fr\u00e5n loggen p\u00e5 min v\u00e4derstation under september 2022.<\/p>\n\n\n\n<p class=\"has-blue-color has-light-gray-background-color has-text-color has-background has-medium-font-size\">Temperatur (\u00b0C):<br \/>Medel (min+max): 11,9<br \/>Medelminimum: 7,0<br \/>Medelmaximum: 17,4<br \/>Minimum: -0,3 den 22 september<br \/>Maximum: 20,9 den 7 september<br \/>H\u00f6gsta minimum: 12,5 den 9 och 11 september<br \/>L\u00e4gsta maximum: 11,8 den 29 september<br \/>Frostdygn: 1 ( mintemp. under 0\u00b0)<br \/>Markfrost: 6 dygn (mintemp. \u00f6ver 0\u00b0, men frost p\u00e5 marken)<\/p>\n\n\n\n<figure class=\"wp-block-image size-large\"><img loading=\"lazy\" decoding=\"async\" width=\"1024\" height=\"683\" src=\"https:\/\/media1.jensgustafsson.se\/2022\/10\/DSC_1658-1024x683.jpg\" alt=\"\" class=\"wp-image-26525\" srcset=\"https:\/\/media1.jensgustafsson.se\/2022\/10\/DSC_1658-1024x683.jpg 1024w, https:\/\/media1.jensgustafsson.se\/2022\/10\/DSC_1658-300x200.jpg 300w, https:\/\/media1.jensgustafsson.se\/2022\/10\/DSC_1658-768x512.jpg 768w, https:\/\/media1.jensgustafsson.se\/2022\/10\/DSC_1658-1536x1024.jpg 1536w, https:\/\/media1.jensgustafsson.se\/2022\/10\/DSC_1658-2048x1365.jpg 2048w, https:\/\/media1.jensgustafsson.se\/2022\/10\/DSC_1658-450x300.jpg 450w\" sizes=\"auto, (max-width: 1024px) 100vw, 1024px\" \/><\/figure>\n\n\n\n<p><\/p>\n\n\n\n<figure class=\"wp-block-image size-large is-resized\"><img loading=\"lazy\" decoding=\"async\" src=\"https:\/\/media1.jensgustafsson.se\/2022\/10\/image-7-1024x402.png\" alt=\"\" class=\"wp-image-26510\" width=\"654\" height=\"257\" srcset=\"https:\/\/media1.jensgustafsson.se\/2022\/10\/image-7-1024x402.png 1024w, https:\/\/media1.jensgustafsson.se\/2022\/10\/image-7-300x118.png 300w, https:\/\/media1.jensgustafsson.se\/2022\/10\/image-7-768x302.png 768w, https:\/\/media1.jensgustafsson.se\/2022\/10\/image-7-500x196.png 500w, https:\/\/media1.jensgustafsson.se\/2022\/10\/image-7.png 1476w\" sizes=\"auto, (max-width: 654px) 100vw, 654px\" \/><\/figure>\n\n\n\n<p class=\"has-blue-color has-light-gray-background-color has-text-color has-background has-medium-font-size\">33 millimeter regn har vi f\u00e5tt denna m\u00e5nad. Det \u00e4r 64% av den normala regnm\u00e4ngden i september. Det inneb\u00e4r att vi fortfarande dras med ett stort underskott av nederb\u00f6rd h\u00e4r. J\u00e4mf\u00f6r vi mot den normala totala nederb\u00f6rden f\u00f6r ett \u00e5r i v\u00e5ra trakter, s\u00e5 har vi vid septembers utg\u00e5ng f\u00e5tt endast 47% av den totala \u00e5rsnederb\u00f6rden. Jag visar i diagrammen nedan i n\u00e5gra olika tidsperioder hur septembernederb\u00f6rden sett ut.<\/p>\n\n\n\n<figure class=\"wp-block-image size-large is-resized\"><img loading=\"lazy\" decoding=\"async\" src=\"https:\/\/media1.jensgustafsson.se\/2022\/10\/image-8-1024x388.png\" alt=\"\" class=\"wp-image-26513\" width=\"645\" height=\"244\" srcset=\"https:\/\/media1.jensgustafsson.se\/2022\/10\/image-8-1024x388.png 1024w, https:\/\/media1.jensgustafsson.se\/2022\/10\/image-8-300x114.png 300w, https:\/\/media1.jensgustafsson.se\/2022\/10\/image-8-768x291.png 768w, https:\/\/media1.jensgustafsson.se\/2022\/10\/image-8-500x190.png 500w, https:\/\/media1.jensgustafsson.se\/2022\/10\/image-8.png 1427w\" sizes=\"auto, (max-width: 645px) 100vw, 645px\" \/><\/figure>\n\n\n\n<figure class=\"wp-block-image size-large\"><img loading=\"lazy\" decoding=\"async\" width=\"1024\" height=\"367\" src=\"https:\/\/media1.jensgustafsson.se\/2022\/10\/image-10-1024x367.png\" alt=\"\" class=\"wp-image-26515\" srcset=\"https:\/\/media1.jensgustafsson.se\/2022\/10\/image-10-1024x367.png 1024w, https:\/\/media1.jensgustafsson.se\/2022\/10\/image-10-300x107.png 300w, https:\/\/media1.jensgustafsson.se\/2022\/10\/image-10-768x275.png 768w, https:\/\/media1.jensgustafsson.se\/2022\/10\/image-10-1536x550.png 1536w, https:\/\/media1.jensgustafsson.se\/2022\/10\/image-10-2048x733.png 2048w, https:\/\/media1.jensgustafsson.se\/2022\/10\/image-10-500x179.png 500w\" sizes=\"auto, (max-width: 1024px) 100vw, 1024px\" \/><\/figure>\n\n\n\n<figure class=\"wp-block-image size-large\"><img loading=\"lazy\" decoding=\"async\" width=\"1024\" height=\"683\" src=\"https:\/\/media1.jensgustafsson.se\/2022\/10\/DSC_1584-1024x683.jpg\" alt=\"\" class=\"wp-image-26526\" srcset=\"https:\/\/media1.jensgustafsson.se\/2022\/10\/DSC_1584-1024x683.jpg 1024w, https:\/\/media1.jensgustafsson.se\/2022\/10\/DSC_1584-300x200.jpg 300w, https:\/\/media1.jensgustafsson.se\/2022\/10\/DSC_1584-768x512.jpg 768w, https:\/\/media1.jensgustafsson.se\/2022\/10\/DSC_1584-1536x1024.jpg 1536w, https:\/\/media1.jensgustafsson.se\/2022\/10\/DSC_1584-2048x1365.jpg 2048w, https:\/\/media1.jensgustafsson.se\/2022\/10\/DSC_1584-450x300.jpg 450w\" sizes=\"auto, (max-width: 1024px) 100vw, 1024px\" \/><\/figure>\n\n\n\n<figure class=\"wp-block-image size-large\"><img loading=\"lazy\" decoding=\"async\" width=\"1024\" height=\"417\" src=\"https:\/\/media1.jensgustafsson.se\/2022\/10\/image-11-1024x417.png\" alt=\"\" class=\"wp-image-26516\" srcset=\"https:\/\/media1.jensgustafsson.se\/2022\/10\/image-11-1024x417.png 1024w, https:\/\/media1.jensgustafsson.se\/2022\/10\/image-11-300x122.png 300w, https:\/\/media1.jensgustafsson.se\/2022\/10\/image-11-768x313.png 768w, https:\/\/media1.jensgustafsson.se\/2022\/10\/image-11-500x204.png 500w, https:\/\/media1.jensgustafsson.se\/2022\/10\/image-11.png 1445w\" sizes=\"auto, (max-width: 1024px) 100vw, 1024px\" \/><\/figure>\n\n\n\n<p class=\"has-blue-color has-light-gray-background-color has-text-color has-background has-medium-font-size\">Vindriktningarna under m\u00e5naden ser vi i diagrammet ovan. Inget som sticker ut speciellt att kommentera som jag ser det. Den genomsnittliga maxvindhastigheten blev 5,6 m\/s.<\/p>\n\n\n\n<figure class=\"wp-block-image size-large\"><img loading=\"lazy\" decoding=\"async\" width=\"1024\" height=\"682\" src=\"https:\/\/media1.jensgustafsson.se\/2022\/10\/DSC_1989-1024x682.jpg\" alt=\"\" class=\"wp-image-26524\" srcset=\"https:\/\/media1.jensgustafsson.se\/2022\/10\/DSC_1989-1024x682.jpg 1024w, https:\/\/media1.jensgustafsson.se\/2022\/10\/DSC_1989-300x200.jpg 300w, https:\/\/media1.jensgustafsson.se\/2022\/10\/DSC_1989-768x512.jpg 768w, https:\/\/media1.jensgustafsson.se\/2022\/10\/DSC_1989-1536x1024.jpg 1536w, https:\/\/media1.jensgustafsson.se\/2022\/10\/DSC_1989-2048x1365.jpg 2048w, https:\/\/media1.jensgustafsson.se\/2022\/10\/DSC_1989-450x300.jpg 450w\" sizes=\"auto, (max-width: 1024px) 100vw, 1024px\" \/><\/figure>\n\n\n\n<p class=\"has-blue-color has-light-gray-background-color has-text-color has-background has-medium-font-size\">Vi g\u00e5r in i andra h\u00f6stm\u00e5naden av tre i och med att vi har oktober nu i skrivande stund. Vi har fortfarande meteorologisk sommar, f\u00f6r kriterierna med att vi ska ha 5 dygn p\u00e5 raken med en dygnsmedeltemperatur under +10\u00b0 har inte uppfyllts \u00e4nnu. Vi f\u00e5r hoppas p\u00e5 att f\u00e5 mera regn f\u00f6r att minska underskottet med vatten, b\u00e5de f\u00f6r grundvattnet och i sj\u00f6ar och vattendrag. Milt v\u00e4der f\u00e5r vi ocks\u00e5 hoppas p\u00e5, f\u00f6r den uppkomna energikrisen vi har nu.<\/p>\n\n\n\n<p class=\"has-blue-color has-light-gray-background-color has-text-color has-background has-medium-font-size\">Avslutar denna m\u00e5nadssammanfattning med lite tankar jag har om min v\u00e4dersida\/v\u00e4derblogg. Vi har tre m\u00e5nader kvar av detta \u00e5r, och om allt h\u00e5ller och g\u00e5r, och jag k\u00f6r p\u00e5 likadant, s\u00e5 har jag dokumenterat 10 \u00e5r av v\u00e4dret h\u00e4r d\u00e4r jag bor n\u00e4r detta \u00e5r \u00e4r slut. Jag har i dagsl\u00e4get gjort 3521 inl\u00e4gg p\u00e5 min sida, de flesta best\u00e5r av dagliga inl\u00e4gg om v\u00e4dret i siffror och bilder just den dagen. Jag har gjort 127 sidor best\u00e5ende av m\u00e5nadssammanfattningar och statistik \u00f6ver v\u00e4dret h\u00e4r. V\u00e4derstationen har varit i drift i princip alla dagar under dessa \u00e5r. \u00c5ldern tar ju ut sin r\u00e4tt p\u00e5 allting, s\u00e5 jag har \u00f6ver tid f\u00e5tt byta ut diverse delar till v\u00e4derstationen och datautrustning. Allt har sin tid, och kanske dags att omv\u00e4rdera just tiden, och hur jag anv\u00e4nder den ocks\u00e5? Vore kanske b\u00e4ttre s\u00e4tta en punkt efter dessa \u00e5r, kanske g\u00f6ra n\u00e5gon slags utv\u00e4rdering p\u00e5 v\u00e4drets utveckling under dessa \u00e5r? S\u00e5 vad g\u00f6r jag d\u00e5? Funderar p\u00e5 att bygga om min hemsida, l\u00e4gga st\u00f6rre del av p\u00e5 mitt intresse nummer 1: <strong>Foto<\/strong>. Kanske l\u00e4gga in lite mera av typ vecko- och m\u00e5nadssammanfattning b\u00e5de om v\u00e4der, mitt fotograferande i naturen, och h\u00e4ndelser runt omkring i ord och bild? M\u00e5nga fr\u00e5getecken h\u00e4r, och m\u00e5nga fr\u00e5getecken i dessa tider ocks\u00e5. Hur eller hur s\u00e5 \u00e4r det f\u00f6r\u00e4ndringar p\u00e5 g\u00e5ng, b\u00e5de h\u00e4r och i v\u00e5r omv\u00e4rld.<\/p>\n\n\n\n<figure class=\"wp-block-image size-large\"><img loading=\"lazy\" decoding=\"async\" width=\"1024\" height=\"683\" src=\"https:\/\/media1.jensgustafsson.se\/2022\/10\/DSC_2089-1024x683.jpg\" alt=\"\" class=\"wp-image-26523\" srcset=\"https:\/\/media1.jensgustafsson.se\/2022\/10\/DSC_2089-1024x683.jpg 1024w, https:\/\/media1.jensgustafsson.se\/2022\/10\/DSC_2089-300x200.jpg 300w, https:\/\/media1.jensgustafsson.se\/2022\/10\/DSC_2089-768x512.jpg 768w, https:\/\/media1.jensgustafsson.se\/2022\/10\/DSC_2089-1536x1024.jpg 1536w, https:\/\/media1.jensgustafsson.se\/2022\/10\/DSC_2089-2048x1365.jpg 2048w, https:\/\/media1.jensgustafsson.se\/2022\/10\/DSC_2089-450x300.jpg 450w\" sizes=\"auto, (max-width: 1024px) 100vw, 1024px\" \/><\/figure>\n","protected":false},"excerpt":{"rendered":"<p>Nu \u00e4r det dags september 2022 m\u00e5nads sammanfattning av v\u00e4dret i F\u00e5gelfors, med data fr\u00e5n min privata v\u00e4derstation. Statistiken som jag anv\u00e4nder och j\u00e4mf\u00f6r \u00e5rets septemberm\u00e5nad mot, \u00e4r h\u00e4mtad fr\u00e5n SMHI:s n\u00e4rmaste m\u00e4tstationer Blankastr\u00f6m, och Drageryd f\u00f6r \u00e5ren 1931-2012. Fr\u00e5n &hellip; <a href=\"https:\/\/jensgustafsson.se\/?page_id=26497\">Forts\u00e4tt l\u00e4sa <span class=\"meta-nav\">&rarr;<\/span><\/a><\/p>\n","protected":false},"author":1,"featured_media":26498,"parent":23747,"menu_order":9,"comment_status":"open","ping_status":"closed","template":"","meta":{"footnotes":""},"class_list":["post-26497","page","type-page","status-publish","has-post-thumbnail","hentry"],"_links":{"self":[{"href":"https:\/\/jensgustafsson.se\/index.php?rest_route=\/wp\/v2\/pages\/26497","targetHints":{"allow":["GET"]}}],"collection":[{"href":"https:\/\/jensgustafsson.se\/index.php?rest_route=\/wp\/v2\/pages"}],"about":[{"href":"https:\/\/jensgustafsson.se\/index.php?rest_route=\/wp\/v2\/types\/page"}],"author":[{"embeddable":true,"href":"https:\/\/jensgustafsson.se\/index.php?rest_route=\/wp\/v2\/users\/1"}],"replies":[{"embeddable":true,"href":"https:\/\/jensgustafsson.se\/index.php?rest_route=%2Fwp%2Fv2%2Fcomments&post=26497"}],"version-history":[{"count":12,"href":"https:\/\/jensgustafsson.se\/index.php?rest_route=\/wp\/v2\/pages\/26497\/revisions"}],"predecessor-version":[{"id":26527,"href":"https:\/\/jensgustafsson.se\/index.php?rest_route=\/wp\/v2\/pages\/26497\/revisions\/26527"}],"up":[{"embeddable":true,"href":"https:\/\/jensgustafsson.se\/index.php?rest_route=\/wp\/v2\/pages\/23747"}],"wp:featuredmedia":[{"embeddable":true,"href":"https:\/\/jensgustafsson.se\/index.php?rest_route=\/wp\/v2\/media\/26498"}],"wp:attachment":[{"href":"https:\/\/jensgustafsson.se\/index.php?rest_route=%2Fwp%2Fv2%2Fmedia&parent=26497"}],"curies":[{"name":"wp","href":"https:\/\/api.w.org\/{rel}","templated":true}]}}