{"id":30286,"date":"2023-10-01T07:33:31","date_gmt":"2023-10-01T06:33:31","guid":{"rendered":"https:\/\/jensgustafsson.se\/?page_id=30286"},"modified":"2023-10-01T07:33:31","modified_gmt":"2023-10-01T06:33:31","slug":"september-2023","status":"publish","type":"page","link":"https:\/\/jensgustafsson.se\/?page_id=30286","title":{"rendered":"September 2023."},"content":{"rendered":"\n<figure class=\"wp-block-image size-large\"><img loading=\"lazy\" decoding=\"async\" width=\"1024\" height=\"582\" src=\"https:\/\/media1.jensgustafsson.se\/2023\/10\/Sverige-idag-1024x582.jpg\" alt=\"\" class=\"wp-image-30306\" srcset=\"https:\/\/media1.jensgustafsson.se\/2023\/10\/Sverige-idag-1024x582.jpg 1024w, https:\/\/media1.jensgustafsson.se\/2023\/10\/Sverige-idag-300x171.jpg 300w, https:\/\/media1.jensgustafsson.se\/2023\/10\/Sverige-idag-768x437.jpg 768w, https:\/\/media1.jensgustafsson.se\/2023\/10\/Sverige-idag-1536x873.jpg 1536w, https:\/\/media1.jensgustafsson.se\/2023\/10\/Sverige-idag-500x284.jpg 500w, https:\/\/media1.jensgustafsson.se\/2023\/10\/Sverige-idag.jpg 2048w\" sizes=\"auto, (max-width: 1024px) 100vw, 1024px\" \/><\/figure>\n\n\n\n<p class=\"has-black-color has-white-background-color has-text-color has-background has-medium-font-size\">H\u00e4r kommer en sammanfattning av september 2023. V\u00e4derdata f\u00f6r \u00e5rets septemberm\u00e5nad \u00e4r h\u00e4mtade fr\u00e5n min privata v\u00e4derstation h\u00e4r i F\u00e5gelfors. Statistiken som jag anv\u00e4nder och j\u00e4mf\u00f6r mot, \u00e4r h\u00e4mtad fr\u00e5n SMHI:s n\u00e4rmaste m\u00e4tstationer Blankastr\u00f6m, och Drageryd f\u00f6r \u00e5ren 1931-2012. Fr\u00e5n 2013 och fram\u00e5t \u00e4r det min egna, privata v\u00e4derstation som levererar siffrorna. Nuvarande \u201dnormalperiod\u201d som anv\u00e4nds att j\u00e4mf\u00f6ra september 2023 mot, \u00e4r \u00e5ren 1991-2020. D\u00e4r jag anv\u00e4nder ordet \u201dnormalt\u201d i texterna h\u00e4r, menas allts\u00e5 d\u00e5 medeltalen f\u00f6r referensperioden 1991-2020.<\/p>\n\n\n\n<figure class=\"wp-block-image size-large\"><img loading=\"lazy\" decoding=\"async\" width=\"1024\" height=\"979\" src=\"https:\/\/media1.jensgustafsson.se\/2023\/10\/DSC_19949-1024x979.jpg\" alt=\"\" class=\"wp-image-30307\" srcset=\"https:\/\/media1.jensgustafsson.se\/2023\/10\/DSC_19949-1024x979.jpg 1024w, https:\/\/media1.jensgustafsson.se\/2023\/10\/DSC_19949-300x287.jpg 300w, https:\/\/media1.jensgustafsson.se\/2023\/10\/DSC_19949-768x734.jpg 768w, https:\/\/media1.jensgustafsson.se\/2023\/10\/DSC_19949-1536x1469.jpg 1536w, https:\/\/media1.jensgustafsson.se\/2023\/10\/DSC_19949-314x300.jpg 314w, https:\/\/media1.jensgustafsson.se\/2023\/10\/DSC_19949.jpg 1942w\" sizes=\"auto, (max-width: 1024px) 100vw, 1024px\" \/><\/figure>\n\n\n\n<figure class=\"wp-block-image size-large\"><img loading=\"lazy\" decoding=\"async\" width=\"1024\" height=\"459\" src=\"https:\/\/media1.jensgustafsson.se\/2023\/10\/image-1024x459.png\" alt=\"\" class=\"wp-image-30289\" srcset=\"https:\/\/media1.jensgustafsson.se\/2023\/10\/image-1024x459.png 1024w, https:\/\/media1.jensgustafsson.se\/2023\/10\/image-300x135.png 300w, https:\/\/media1.jensgustafsson.se\/2023\/10\/image-768x344.png 768w, https:\/\/media1.jensgustafsson.se\/2023\/10\/image-1536x689.png 1536w, https:\/\/media1.jensgustafsson.se\/2023\/10\/image-500x224.png 500w, https:\/\/media1.jensgustafsson.se\/2023\/10\/image.png 1782w\" sizes=\"auto, (max-width: 1024px) 100vw, 1024px\" \/><\/figure>\n\n\n\n<p class=\"has-black-color has-white-background-color has-text-color has-background has-medium-font-size\">\u00c5rets september blev rekordvarm. M\u00e5nadens medeltemperatur blev +16,1 grader, och det \u00e4r <strong>3,7 grader varmare<\/strong> j\u00e4mf\u00f6rt mot normalt. Den h\u00f6gsta medeltemperaturen i september innan detta \u00e5r var +14,8 grader, \u00e5r 2016, och d\u00e5 har jag g\u00e5tt igenom \u00e5ren 1931-2022, som jag har i min sparade statistik. Vi har haft 4 dagar med h\u00f6gsommarv\u00e4rme (maxtemp. \u00f6ver +25 grader) och det f\u00e5r anses ovanligt. Ingen natt med minusgrader, men markfrost en morgon. <\/p>\n\n\n\n<p class=\"has-black-color has-white-background-color has-text-color has-background has-medium-font-size\">Diagrammen nedan visar dels n\u00e5gra olika referensperioder, och s\u00e5 den nu g\u00e4llande normalperioden 1991-2020, d\u00e4r det g\u00e5r att se varje \u00e5rs septemberm\u00e5nads medeltemperatur.<\/p>\n\n\n\n<figure class=\"wp-block-image size-large is-resized\"><img loading=\"lazy\" decoding=\"async\" src=\"https:\/\/media1.jensgustafsson.se\/2023\/10\/image-1-1024x449.png\" alt=\"\" class=\"wp-image-30292\" style=\"width:666px;height:292px\" width=\"666\" height=\"292\" srcset=\"https:\/\/media1.jensgustafsson.se\/2023\/10\/image-1-1024x449.png 1024w, https:\/\/media1.jensgustafsson.se\/2023\/10\/image-1-300x132.png 300w, https:\/\/media1.jensgustafsson.se\/2023\/10\/image-1-768x337.png 768w, https:\/\/media1.jensgustafsson.se\/2023\/10\/image-1-500x219.png 500w, https:\/\/media1.jensgustafsson.se\/2023\/10\/image-1.png 1434w\" sizes=\"auto, (max-width: 666px) 100vw, 666px\" \/><figcaption class=\"wp-element-caption\"><strong><em>Referensperioderna 1931-1960, 1961-1990, 1981-2010, 1991-2020 \u00e4r medelv\u00e4rdet i en 30-\u00e5rig m\u00e4tserie. 2011-2020 \u00e4r 10 \u00e5rs medelv\u00e4rde, och s\u00e5 \u00e5rets september l\u00e4ngst till h\u00f6ger.<\/em><\/strong><\/figcaption><\/figure>\n\n\n\n<figure class=\"wp-block-image size-large is-resized\"><img loading=\"lazy\" decoding=\"async\" src=\"https:\/\/media1.jensgustafsson.se\/2023\/10\/image-2-1024x356.png\" alt=\"\" class=\"wp-image-30294\" style=\"width:725px;height:252px\" width=\"725\" height=\"252\" srcset=\"https:\/\/media1.jensgustafsson.se\/2023\/10\/image-2-1024x356.png 1024w, https:\/\/media1.jensgustafsson.se\/2023\/10\/image-2-300x104.png 300w, https:\/\/media1.jensgustafsson.se\/2023\/10\/image-2-768x267.png 768w, https:\/\/media1.jensgustafsson.se\/2023\/10\/image-2-1536x533.png 1536w, https:\/\/media1.jensgustafsson.se\/2023\/10\/image-2-2048x711.png 2048w, https:\/\/media1.jensgustafsson.se\/2023\/10\/image-2-500x174.png 500w\" sizes=\"auto, (max-width: 725px) 100vw, 725px\" \/><figcaption class=\"wp-element-caption\"><strong><em>Nuvarande normalperiod, och d\u00e4rut\u00f6ver \u00e4r \u00e5ren 2021, 2022 och 2023 tillagda.<\/em><\/strong><\/figcaption><\/figure>\n\n\n\n<p class=\"has-black-color has-white-background-color has-text-color has-background has-medium-font-size\">Nedan ser vi en sammanfattning av lite data fr\u00e5n loggen p\u00e5 min v\u00e4derstation under september 2023.<\/p>\n\n\n\n<p class=\"has-black-color has-white-background-color has-text-color has-background has-medium-font-size\"><strong>Temperatur (\u00b0C):<br \/>Medel (min+max): 16,1<br \/>Medelminimum: 10,8<br \/>Medelmaximum: 21,9<br \/>Minimum: +2,8 den 25 september<br \/>Maximum: +26,8 den 8 september<br \/>H\u00f6gsta minimum: +15,3 den 20 september<br \/>L\u00e4gsta maximum: +15,4 den 1 september<br \/>Frostdygn:0 ( mintemp. under 0\u00b0)<br \/>Markfrost: 1 dygn (mintemp. \u00f6ver 0\u00b0, men frost p\u00e5 marken)<\/strong><\/p>\n\n\n\n<figure class=\"wp-block-image size-large\"><img loading=\"lazy\" decoding=\"async\" width=\"1024\" height=\"683\" src=\"https:\/\/media1.jensgustafsson.se\/2023\/10\/DSC_9613-1024x683.jpg\" alt=\"\" class=\"wp-image-30308\" srcset=\"https:\/\/media1.jensgustafsson.se\/2023\/10\/DSC_9613-1024x683.jpg 1024w, https:\/\/media1.jensgustafsson.se\/2023\/10\/DSC_9613-300x200.jpg 300w, https:\/\/media1.jensgustafsson.se\/2023\/10\/DSC_9613-768x512.jpg 768w, https:\/\/media1.jensgustafsson.se\/2023\/10\/DSC_9613-1536x1024.jpg 1536w, https:\/\/media1.jensgustafsson.se\/2023\/10\/DSC_9613-2048x1365.jpg 2048w, https:\/\/media1.jensgustafsson.se\/2023\/10\/DSC_9613-450x300.jpg 450w\" sizes=\"auto, (max-width: 1024px) 100vw, 1024px\" \/><\/figure>\n\n\n\n<figure class=\"wp-block-image size-large is-resized\"><img loading=\"lazy\" decoding=\"async\" src=\"https:\/\/media1.jensgustafsson.se\/2023\/10\/image-3-1024x450.png\" alt=\"\" class=\"wp-image-30296\" style=\"width:664px;height:292px\" width=\"664\" height=\"292\" srcset=\"https:\/\/media1.jensgustafsson.se\/2023\/10\/image-3-1024x450.png 1024w, https:\/\/media1.jensgustafsson.se\/2023\/10\/image-3-300x132.png 300w, https:\/\/media1.jensgustafsson.se\/2023\/10\/image-3-768x338.png 768w, https:\/\/media1.jensgustafsson.se\/2023\/10\/image-3-500x220.png 500w, https:\/\/media1.jensgustafsson.se\/2023\/10\/image-3.png 1476w\" sizes=\"auto, (max-width: 664px) 100vw, 664px\" \/><\/figure>\n\n\n\n<p class=\"has-black-color has-white-background-color has-text-color has-background has-medium-font-size\">M\u00e5naden inleddes med ordentligt regn. Tyv\u00e4rr, s\u00e5 blev resten av m\u00e5naden regnfattig, och nu \u00e4r det torrt igen, vattenniv\u00e5erna i sj\u00f6ar och \u00e5ar \u00e4r v\u00e4ldigt l\u00e5ga. Vi fick totalt 37 mm regn, f\u00f6rdelat \u00f6ver 5 dygn under m\u00e5naden. Dessa 37 mm \u00e4r 71% av den normala regnm\u00e4ngden f\u00f6r m\u00e5naden. Vi f\u00e5r hoppas p\u00e5 att de tre m\u00e5nader som \u00e4r kvar av \u00e5ret fyller p\u00e5 med lite st\u00f6rre regnm\u00e4ngder, s\u00e5 vi kommer i balans. Jag l\u00e4gger in siffror p\u00e5 regnm\u00e4ngder f\u00f6r september i n\u00e5gra diagram nedan, s\u00e5 g\u00e5r det l\u00e4tt att f\u00f6lja hur septemberm\u00e5naden sett ut historiskt.<\/p>\n\n\n\n<figure class=\"wp-block-image size-large is-resized\"><img loading=\"lazy\" decoding=\"async\" src=\"https:\/\/media1.jensgustafsson.se\/2023\/10\/image-4-1024x379.png\" alt=\"\" class=\"wp-image-30297\" style=\"width:657px;height:243px\" width=\"657\" height=\"243\" srcset=\"https:\/\/media1.jensgustafsson.se\/2023\/10\/image-4-1024x379.png 1024w, https:\/\/media1.jensgustafsson.se\/2023\/10\/image-4-300x111.png 300w, https:\/\/media1.jensgustafsson.se\/2023\/10\/image-4-768x284.png 768w, https:\/\/media1.jensgustafsson.se\/2023\/10\/image-4-500x185.png 500w, https:\/\/media1.jensgustafsson.se\/2023\/10\/image-4.png 1451w\" sizes=\"auto, (max-width: 657px) 100vw, 657px\" \/><\/figure>\n\n\n\n<figure class=\"wp-block-image size-large is-resized\"><img loading=\"lazy\" decoding=\"async\" src=\"https:\/\/media1.jensgustafsson.se\/2023\/10\/image-6-1024x391.png\" alt=\"\" class=\"wp-image-30299\" style=\"width:657px;height:251px\" width=\"657\" height=\"251\" srcset=\"https:\/\/media1.jensgustafsson.se\/2023\/10\/image-6-1024x391.png 1024w, https:\/\/media1.jensgustafsson.se\/2023\/10\/image-6-300x114.png 300w, https:\/\/media1.jensgustafsson.se\/2023\/10\/image-6-768x293.png 768w, https:\/\/media1.jensgustafsson.se\/2023\/10\/image-6-1536x586.png 1536w, https:\/\/media1.jensgustafsson.se\/2023\/10\/image-6-2048x782.png 2048w, https:\/\/media1.jensgustafsson.se\/2023\/10\/image-6-500x191.png 500w\" sizes=\"auto, (max-width: 657px) 100vw, 657px\" \/><\/figure>\n\n\n\n<figure class=\"wp-block-image size-large\"><img loading=\"lazy\" decoding=\"async\" width=\"1024\" height=\"683\" src=\"https:\/\/media1.jensgustafsson.se\/2023\/10\/DSC_9880-1024x683.jpg\" alt=\"\" class=\"wp-image-30309\" srcset=\"https:\/\/media1.jensgustafsson.se\/2023\/10\/DSC_9880-1024x683.jpg 1024w, https:\/\/media1.jensgustafsson.se\/2023\/10\/DSC_9880-300x200.jpg 300w, https:\/\/media1.jensgustafsson.se\/2023\/10\/DSC_9880-768x512.jpg 768w, https:\/\/media1.jensgustafsson.se\/2023\/10\/DSC_9880-1536x1024.jpg 1536w, https:\/\/media1.jensgustafsson.se\/2023\/10\/DSC_9880-2048x1365.jpg 2048w, https:\/\/media1.jensgustafsson.se\/2023\/10\/DSC_9880-450x300.jpg 450w\" sizes=\"auto, (max-width: 1024px) 100vw, 1024px\" \/><\/figure>\n\n\n\n<figure class=\"wp-block-image size-large is-resized\"><img loading=\"lazy\" decoding=\"async\" src=\"https:\/\/media1.jensgustafsson.se\/2023\/10\/image-7-1024x410.png\" alt=\"\" class=\"wp-image-30300\" style=\"width:632px;height:253px\" width=\"632\" height=\"253\" srcset=\"https:\/\/media1.jensgustafsson.se\/2023\/10\/image-7-1024x410.png 1024w, https:\/\/media1.jensgustafsson.se\/2023\/10\/image-7-300x120.png 300w, https:\/\/media1.jensgustafsson.se\/2023\/10\/image-7-768x308.png 768w, https:\/\/media1.jensgustafsson.se\/2023\/10\/image-7-500x200.png 500w, https:\/\/media1.jensgustafsson.se\/2023\/10\/image-7.png 1467w\" sizes=\"auto, (max-width: 632px) 100vw, 632px\" \/><\/figure>\n\n\n\n<p class=\"has-black-color has-white-background-color has-text-color has-background has-medium-font-size\">F\u00f6rdelningen \u00f6ver vindriktningarna i m\u00e5naden ser vi i stapeldiagrammet h\u00e4r ovanf\u00f6r.&nbsp;Syd, sydv\u00e4st och v\u00e4stvindar har dominerat \u00e4ven denna m\u00e5nad som vi ser. Medelmaxvinden i september blev 6,2 m\/s.<\/p>\n\n\n\n<figure class=\"wp-block-image size-large\"><img loading=\"lazy\" decoding=\"async\" width=\"1024\" height=\"683\" src=\"https:\/\/media1.jensgustafsson.se\/2023\/10\/DSC_9729-1024x683.jpg\" alt=\"\" class=\"wp-image-30311\" srcset=\"https:\/\/media1.jensgustafsson.se\/2023\/10\/DSC_9729-1024x683.jpg 1024w, https:\/\/media1.jensgustafsson.se\/2023\/10\/DSC_9729-300x200.jpg 300w, https:\/\/media1.jensgustafsson.se\/2023\/10\/DSC_9729-768x512.jpg 768w, https:\/\/media1.jensgustafsson.se\/2023\/10\/DSC_9729-1536x1024.jpg 1536w, https:\/\/media1.jensgustafsson.se\/2023\/10\/DSC_9729-2048x1365.jpg 2048w, https:\/\/media1.jensgustafsson.se\/2023\/10\/DSC_9729-450x300.jpg 450w\" sizes=\"auto, (max-width: 1024px) 100vw, 1024px\" \/><\/figure>\n\n\n\n<p class=\"has-black-color has-white-background-color has-text-color has-background has-medium-font-size\">Oktober nu, h\u00f6stm\u00e5nad 2 av 3. Vi har fortfarande meteorologisk sommar, tack vare den v\u00e4rme som vi haft. \u00c5terst\u00e5r att se, hur v\u00e4dret utvecklar sig under de tre m\u00e5nader som \u00e4r kvar av \u00e5ret. Det l\u00e5ter kanske tr\u00e5kigt, men vi beh\u00f6ver ca 180 mm nederb\u00f6rd till i \u00e5r, f\u00f6r att komma upp i vad som \u00e4r normal \u00e5rsnederb\u00f6rd. Jag tittade p\u00e5 medeltemperaturen lite grann ocks\u00e5. Efter att 9 m\u00e5nader av \u00e5ret har g\u00e5tt, s\u00e5 ligger vi 1,3 grader varmare i \u00e5r, j\u00e4mf\u00f6rt med medelv\u00e4rdet f\u00f6r de 9 f\u00f6rsta m\u00e5naderna i normalperioden 1991-2020. Det betyder att vi ocks\u00e5 beh\u00f6ver 3 kallare m\u00e5nader resten av \u00e5ret f\u00f6r att balansera det.<\/p>\n\n\n\n<p class=\"has-black-color has-white-background-color has-text-color has-background has-medium-font-size\">Lite tr\u00e5kiga fakta p\u00e5 slutet h\u00e4r, men det \u00e4r s\u00e5 verkligheten ser ut just nu. Vi drar vidare i h\u00f6stens v\u00e4derh\u00e4ndelser, och jag \u00e5terkommer med lite siffror p\u00e5 det efter hand.<\/p>\n","protected":false},"excerpt":{"rendered":"<p>H\u00e4r kommer en sammanfattning av september 2023. V\u00e4derdata f\u00f6r \u00e5rets septemberm\u00e5nad \u00e4r h\u00e4mtade fr\u00e5n min privata v\u00e4derstation h\u00e4r i F\u00e5gelfors. Statistiken som jag anv\u00e4nder och j\u00e4mf\u00f6r mot, \u00e4r h\u00e4mtad fr\u00e5n SMHI:s n\u00e4rmaste m\u00e4tstationer Blankastr\u00f6m, och Drageryd f\u00f6r \u00e5ren 1931-2012. Fr\u00e5n &hellip; <a href=\"https:\/\/jensgustafsson.se\/?page_id=30286\">Forts\u00e4tt l\u00e4sa <span class=\"meta-nav\">&rarr;<\/span><\/a><\/p>\n","protected":false},"author":1,"featured_media":30316,"parent":28036,"menu_order":8,"comment_status":"open","ping_status":"closed","template":"","meta":{"footnotes":""},"class_list":["post-30286","page","type-page","status-publish","has-post-thumbnail","hentry"],"_links":{"self":[{"href":"https:\/\/jensgustafsson.se\/index.php?rest_route=\/wp\/v2\/pages\/30286","targetHints":{"allow":["GET"]}}],"collection":[{"href":"https:\/\/jensgustafsson.se\/index.php?rest_route=\/wp\/v2\/pages"}],"about":[{"href":"https:\/\/jensgustafsson.se\/index.php?rest_route=\/wp\/v2\/types\/page"}],"author":[{"embeddable":true,"href":"https:\/\/jensgustafsson.se\/index.php?rest_route=\/wp\/v2\/users\/1"}],"replies":[{"embeddable":true,"href":"https:\/\/jensgustafsson.se\/index.php?rest_route=%2Fwp%2Fv2%2Fcomments&post=30286"}],"version-history":[{"count":17,"href":"https:\/\/jensgustafsson.se\/index.php?rest_route=\/wp\/v2\/pages\/30286\/revisions"}],"predecessor-version":[{"id":30317,"href":"https:\/\/jensgustafsson.se\/index.php?rest_route=\/wp\/v2\/pages\/30286\/revisions\/30317"}],"up":[{"embeddable":true,"href":"https:\/\/jensgustafsson.se\/index.php?rest_route=\/wp\/v2\/pages\/28036"}],"wp:featuredmedia":[{"embeddable":true,"href":"https:\/\/jensgustafsson.se\/index.php?rest_route=\/wp\/v2\/media\/30316"}],"wp:attachment":[{"href":"https:\/\/jensgustafsson.se\/index.php?rest_route=%2Fwp%2Fv2%2Fmedia&parent=30286"}],"curies":[{"name":"wp","href":"https:\/\/api.w.org\/{rel}","templated":true}]}}