{"id":33698,"date":"2024-10-02T15:13:57","date_gmt":"2024-10-02T14:13:57","guid":{"rendered":"https:\/\/jensgustafsson.se\/?page_id=33698"},"modified":"2024-10-03T05:03:59","modified_gmt":"2024-10-03T04:03:59","slug":"september-2024","status":"publish","type":"page","link":"https:\/\/jensgustafsson.se\/?page_id=33698","title":{"rendered":"September 2024."},"content":{"rendered":"\n<p class=\"has-medium-font-size\"><em>H\u00e4r kommer en sammanfattning av september 2024. V\u00e4derdata f\u00f6r \u00e5rets septemberm\u00e5nad \u00e4r h\u00e4mtade fr\u00e5n min privata v\u00e4derstation h\u00e4r i F\u00e5gelfors. Statistiken som jag anv\u00e4nder och j\u00e4mf\u00f6r mot, \u00e4r h\u00e4mtad fr\u00e5n SMHI:s n\u00e4rmaste m\u00e4tstationer Blankastr\u00f6m, och Drageryd f\u00f6r \u00e5ren 1931-2012. Fr\u00e5n 2013 och fram\u00e5t \u00e4r det min egna, privata v\u00e4derstation som levererar siffrorna. Nuvarande \u201dnormalperiod\u201d som anv\u00e4nds att j\u00e4mf\u00f6ra september 2024 mot, \u00e4r \u00e5ren 1991-2020. D\u00e4r jag anv\u00e4nder ordet \u201dnormalt\u201d i texterna h\u00e4r, menas allts\u00e5 d\u00e5 medeltalen f\u00f6r referensperioden 1991-2020.<\/em><\/p>\n\n\n\n<figure class=\"wp-block-image size-large is-resized\"><img loading=\"lazy\" decoding=\"async\" width=\"1024\" height=\"683\" src=\"https:\/\/media1.jensgustafsson.se\/2024\/10\/DSC_8193-1024x683.jpg\" alt=\"\" class=\"wp-image-33715\" style=\"width:672px;height:auto\" srcset=\"https:\/\/media1.jensgustafsson.se\/2024\/10\/DSC_8193-1024x683.jpg 1024w, https:\/\/media1.jensgustafsson.se\/2024\/10\/DSC_8193-300x200.jpg 300w, https:\/\/media1.jensgustafsson.se\/2024\/10\/DSC_8193-768x512.jpg 768w, https:\/\/media1.jensgustafsson.se\/2024\/10\/DSC_8193-1536x1024.jpg 1536w, https:\/\/media1.jensgustafsson.se\/2024\/10\/DSC_8193-2048x1366.jpg 2048w, https:\/\/media1.jensgustafsson.se\/2024\/10\/DSC_8193-450x300.jpg 450w\" sizes=\"auto, (max-width: 1024px) 100vw, 1024px\" \/><figcaption class=\"wp-element-caption\"><strong><em>N\u00f6t\u00e5n, Vecklevad, innan h\u00f6stf\u00e4rgerna kommit.<\/em><\/strong><\/figcaption><\/figure>\n\n\n\n<figure class=\"wp-block-image size-large is-resized\"><img loading=\"lazy\" decoding=\"async\" width=\"1024\" height=\"435\" src=\"https:\/\/media1.jensgustafsson.se\/2024\/10\/image-2-1024x435.png\" alt=\"\" class=\"wp-image-33702\" style=\"width:751px;height:auto\" srcset=\"https:\/\/media1.jensgustafsson.se\/2024\/10\/image-2-1024x435.png 1024w, https:\/\/media1.jensgustafsson.se\/2024\/10\/image-2-300x127.png 300w, https:\/\/media1.jensgustafsson.se\/2024\/10\/image-2-768x326.png 768w, https:\/\/media1.jensgustafsson.se\/2024\/10\/image-2-1536x653.png 1536w, https:\/\/media1.jensgustafsson.se\/2024\/10\/image-2-500x212.png 500w, https:\/\/media1.jensgustafsson.se\/2024\/10\/image-2.png 1923w\" sizes=\"auto, (max-width: 1024px) 100vw, 1024px\" \/><\/figure>\n\n\n\n<p class=\"has-medium-font-size\"><em>September inleddes med mycket varmt v\u00e4der. Vi fick 4 dagar med h\u00f6gsommarv\u00e4rme, men vi n\u00e5dde inte upp till n\u00e5gon v\u00e4rmeb\u00f6lja, vilket det blev p\u00e5 en del andra platser i v\u00e5rat land, enligt SMHI:s rapportering i sin septembersammanfattning. F\u00f6r att det ska ben\u00e4mnas v\u00e4rmeb\u00f6lja, s\u00e5 kr\u00e4vs det 5 dygn p\u00e5 raken med en maxtemperatur \u00f6ver +25 grader.<\/em><\/p>\n\n\n\n<p class=\"has-medium-font-size\"><em>M\u00e5nadens medeltemperatur blev +13,8 grader, och det \u00e4r 1,4 grader h\u00f6gre j\u00e4mf\u00f6rt mot normalt. Jag l\u00e4gger in ett diagram nedanf\u00f6r h\u00e4r, som visar m\u00e5nadens medeltemperatur genom \u00e5ren 1991-2024. D\u00e4r ser vi bl.a. att fjol\u00e5rets septemberm\u00e5nad var varmast i den h\u00e4r perioden, som jag redovisar h\u00e4r<\/em>:<\/p>\n\n\n\n<figure class=\"wp-block-image size-large is-resized\"><img loading=\"lazy\" decoding=\"async\" width=\"1024\" height=\"352\" src=\"https:\/\/media1.jensgustafsson.se\/2024\/10\/image-3-1024x352.png\" alt=\"\" class=\"wp-image-33703\" style=\"width:817px;height:auto\" srcset=\"https:\/\/media1.jensgustafsson.se\/2024\/10\/image-3-1024x352.png 1024w, https:\/\/media1.jensgustafsson.se\/2024\/10\/image-3-300x103.png 300w, https:\/\/media1.jensgustafsson.se\/2024\/10\/image-3-768x264.png 768w, https:\/\/media1.jensgustafsson.se\/2024\/10\/image-3-1536x528.png 1536w, https:\/\/media1.jensgustafsson.se\/2024\/10\/image-3-2048x704.png 2048w, https:\/\/media1.jensgustafsson.se\/2024\/10\/image-3-500x172.png 500w\" sizes=\"auto, (max-width: 1024px) 100vw, 1024px\" \/><\/figure>\n\n\n\n<p class=\"has-medium-font-size\"><em>Nedan ser vi en sammanfattning av lite temperaturdata m.m. fr\u00e5n loggen p\u00e5 min v\u00e4derstation under september 2024.<\/em><\/p>\n\n\n\n<p class=\"has-medium-font-size\"><strong>Temperatur (\u00b0C):<br \/>Medel (min+max): +13,8<br \/>Medelminimum: +8,2<br \/>Medelmaximum: +20,1<br \/>Minimum: -1,1 den 30 september<br \/>Maximum: +27,8 den 4 september<br \/>H\u00f6gsta minimum: +13,8 den 4 september<br \/>L\u00e4gsta maximum: +11,9 den 29 september<br \/>Frostdygn: 1 ( mintemp. under 0\u00b0)<br \/>Markfrost: 3 dygn (mintemp. \u00f6ver 0\u00b0, men fl\u00e4ckvis frost p\u00e5 marken)<br \/>H\u00f6gsommardagar: 4 (maxtemp. \u00f6ver +25\u00b0)<\/strong><\/p>\n\n\n\n<figure class=\"wp-block-image size-large is-resized\"><img loading=\"lazy\" decoding=\"async\" width=\"1024\" height=\"683\" src=\"https:\/\/media1.jensgustafsson.se\/2024\/10\/DSC_8252-1-1024x683.jpg\" alt=\"\" class=\"wp-image-33717\" style=\"width:695px;height:auto\" srcset=\"https:\/\/media1.jensgustafsson.se\/2024\/10\/DSC_8252-1-1024x683.jpg 1024w, https:\/\/media1.jensgustafsson.se\/2024\/10\/DSC_8252-1-300x200.jpg 300w, https:\/\/media1.jensgustafsson.se\/2024\/10\/DSC_8252-1-768x512.jpg 768w, https:\/\/media1.jensgustafsson.se\/2024\/10\/DSC_8252-1-1536x1024.jpg 1536w, https:\/\/media1.jensgustafsson.se\/2024\/10\/DSC_8252-1-2048x1365.jpg 2048w, https:\/\/media1.jensgustafsson.se\/2024\/10\/DSC_8252-1-450x300.jpg 450w\" sizes=\"auto, (max-width: 1024px) 100vw, 1024px\" \/><figcaption class=\"wp-element-caption\"><strong><em>Klobosj\u00f6n en morgon med mycket sj\u00f6r\u00f6k.<\/em><\/strong><\/figcaption><\/figure>\n\n\n\n<figure class=\"wp-block-image size-large is-resized\"><img loading=\"lazy\" decoding=\"async\" width=\"1024\" height=\"463\" src=\"https:\/\/media1.jensgustafsson.se\/2024\/10\/image-4-1024x463.png\" alt=\"\" class=\"wp-image-33705\" style=\"width:765px;height:auto\" srcset=\"https:\/\/media1.jensgustafsson.se\/2024\/10\/image-4-1024x463.png 1024w, https:\/\/media1.jensgustafsson.se\/2024\/10\/image-4-300x136.png 300w, https:\/\/media1.jensgustafsson.se\/2024\/10\/image-4-768x347.png 768w, https:\/\/media1.jensgustafsson.se\/2024\/10\/image-4-1536x694.png 1536w, https:\/\/media1.jensgustafsson.se\/2024\/10\/image-4-500x226.png 500w, https:\/\/media1.jensgustafsson.se\/2024\/10\/image-4.png 1560w\" sizes=\"auto, (max-width: 1024px) 100vw, 1024px\" \/><\/figure>\n\n\n\n<p class=\"has-medium-font-size\"><em>September b\u00f6rjade med v\u00e4rme och torka. Det gick \u00e4nda fram till den 10:e innan det kom n\u00e5got regn. Det \u00e4r f\u00f6rst p\u00e5 slutet av m\u00e5naden som det fyllde p\u00e5 ordentligt. Efter att ha haft ett nederb\u00f6rdsunderskott till att b\u00f6rja med, s\u00e5 slutade m\u00e5naden med totalt 55 millimeter regn. Det \u00e4r 106% av den normala regnm\u00e4ngden f\u00f6r september. Diagrammet h\u00e4r nedan visar den genomsnittliga regnm\u00e4ngden i september genom \u00e5ren 1991-2024.<\/em><\/p>\n\n\n\n<figure class=\"wp-block-image size-large is-resized\"><img loading=\"lazy\" decoding=\"async\" width=\"1024\" height=\"309\" src=\"https:\/\/media1.jensgustafsson.se\/2024\/10\/image-5-1024x309.png\" alt=\"\" class=\"wp-image-33706\" style=\"width:888px;height:auto\" srcset=\"https:\/\/media1.jensgustafsson.se\/2024\/10\/image-5-1024x309.png 1024w, https:\/\/media1.jensgustafsson.se\/2024\/10\/image-5-300x91.png 300w, https:\/\/media1.jensgustafsson.se\/2024\/10\/image-5-768x232.png 768w, https:\/\/media1.jensgustafsson.se\/2024\/10\/image-5-1536x464.png 1536w, https:\/\/media1.jensgustafsson.se\/2024\/10\/image-5-2048x619.png 2048w, https:\/\/media1.jensgustafsson.se\/2024\/10\/image-5-500x151.png 500w\" sizes=\"auto, (max-width: 1024px) 100vw, 1024px\" \/><\/figure>\n\n\n\n<figure class=\"wp-block-image size-large is-resized\"><img loading=\"lazy\" decoding=\"async\" width=\"1024\" height=\"683\" src=\"https:\/\/media1.jensgustafsson.se\/2024\/10\/DSC_8280-1024x683.jpg\" alt=\"\" class=\"wp-image-33720\" style=\"width:636px;height:auto\" srcset=\"https:\/\/media1.jensgustafsson.se\/2024\/10\/DSC_8280-1024x683.jpg 1024w, https:\/\/media1.jensgustafsson.se\/2024\/10\/DSC_8280-300x200.jpg 300w, https:\/\/media1.jensgustafsson.se\/2024\/10\/DSC_8280-768x512.jpg 768w, https:\/\/media1.jensgustafsson.se\/2024\/10\/DSC_8280-1536x1024.jpg 1536w, https:\/\/media1.jensgustafsson.se\/2024\/10\/DSC_8280-2048x1365.jpg 2048w, https:\/\/media1.jensgustafsson.se\/2024\/10\/DSC_8280-450x300.jpg 450w\" sizes=\"auto, (max-width: 1024px) 100vw, 1024px\" \/><figcaption class=\"wp-element-caption\"><strong><em>N\u00f6t\u00e5n vid Blankan. Ganska bra vattenfl\u00f6de trots m\u00e5nadens torra inledning.<\/em><\/strong><\/figcaption><\/figure>\n\n\n\n<p class=\"has-medium-font-size\"><em>Diagrammet nedan visar vindriktningarna i september. Den genomsnittliga maxvinden i september blev 5,5 m\/s.<\/em><\/p>\n\n\n\n<figure class=\"wp-block-image size-large is-resized\"><img loading=\"lazy\" decoding=\"async\" width=\"1024\" height=\"375\" src=\"https:\/\/media1.jensgustafsson.se\/2024\/10\/image-6-1024x375.png\" alt=\"\" class=\"wp-image-33708\" style=\"width:740px;height:auto\" srcset=\"https:\/\/media1.jensgustafsson.se\/2024\/10\/image-6-1024x375.png 1024w, https:\/\/media1.jensgustafsson.se\/2024\/10\/image-6-300x110.png 300w, https:\/\/media1.jensgustafsson.se\/2024\/10\/image-6-768x281.png 768w, https:\/\/media1.jensgustafsson.se\/2024\/10\/image-6-1536x562.png 1536w, https:\/\/media1.jensgustafsson.se\/2024\/10\/image-6-500x183.png 500w, https:\/\/media1.jensgustafsson.se\/2024\/10\/image-6.png 1538w\" sizes=\"auto, (max-width: 1024px) 100vw, 1024px\" \/><\/figure>\n\n\n\n<figure class=\"wp-block-image size-large is-resized\"><img loading=\"lazy\" decoding=\"async\" width=\"1024\" height=\"683\" src=\"https:\/\/media1.jensgustafsson.se\/2024\/10\/DSC_8371-1024x683.jpg\" alt=\"\" class=\"wp-image-33721\" style=\"width:715px;height:auto\" srcset=\"https:\/\/media1.jensgustafsson.se\/2024\/10\/DSC_8371-1024x683.jpg 1024w, https:\/\/media1.jensgustafsson.se\/2024\/10\/DSC_8371-300x200.jpg 300w, https:\/\/media1.jensgustafsson.se\/2024\/10\/DSC_8371-768x512.jpg 768w, https:\/\/media1.jensgustafsson.se\/2024\/10\/DSC_8371-1536x1024.jpg 1536w, https:\/\/media1.jensgustafsson.se\/2024\/10\/DSC_8371-2048x1365.jpg 2048w, https:\/\/media1.jensgustafsson.se\/2024\/10\/DSC_8371-450x300.jpg 450w\" sizes=\"auto, (max-width: 1024px) 100vw, 1024px\" \/><figcaption class=\"wp-element-caption\"><strong><em>Lupinerna g\u00f6r en omstart, som dom brukar g\u00f6ra vid denna tid varje \u00e5r.<\/em><\/strong><\/figcaption><\/figure>\n\n\n\n<p class=\"has-medium-font-size\"><em>Diagrammet nedan visar det dagliga medelv\u00e4rdet p\u00e5 lufttrycket i september<\/em>:<\/p>\n\n\n\n<p class=\"has-medium-font-size\"><\/p>\n\n\n\n<figure class=\"wp-block-image size-large is-resized\"><img loading=\"lazy\" decoding=\"async\" width=\"1024\" height=\"478\" src=\"https:\/\/media1.jensgustafsson.se\/2024\/10\/image-7-1024x478.png\" alt=\"\" class=\"wp-image-33710\" style=\"width:726px;height:auto\" srcset=\"https:\/\/media1.jensgustafsson.se\/2024\/10\/image-7-1024x478.png 1024w, https:\/\/media1.jensgustafsson.se\/2024\/10\/image-7-300x140.png 300w, https:\/\/media1.jensgustafsson.se\/2024\/10\/image-7-768x358.png 768w, https:\/\/media1.jensgustafsson.se\/2024\/10\/image-7-500x233.png 500w, https:\/\/media1.jensgustafsson.se\/2024\/10\/image-7.png 1374w\" sizes=\"auto, (max-width: 1024px) 100vw, 1024px\" \/><\/figure>\n\n\n\n<p class=\"has-medium-font-size\"><\/p>\n\n\n\n<figure class=\"wp-block-image size-large is-resized\"><img loading=\"lazy\" decoding=\"async\" width=\"1024\" height=\"798\" src=\"https:\/\/media1.jensgustafsson.se\/2024\/10\/DSC_8305-1024x798.jpg\" alt=\"\" class=\"wp-image-33722\" style=\"width:673px;height:auto\" srcset=\"https:\/\/media1.jensgustafsson.se\/2024\/10\/DSC_8305-1024x798.jpg 1024w, https:\/\/media1.jensgustafsson.se\/2024\/10\/DSC_8305-300x234.jpg 300w, https:\/\/media1.jensgustafsson.se\/2024\/10\/DSC_8305-768x599.jpg 768w, https:\/\/media1.jensgustafsson.se\/2024\/10\/DSC_8305-1536x1198.jpg 1536w, https:\/\/media1.jensgustafsson.se\/2024\/10\/DSC_8305-2048x1597.jpg 2048w, https:\/\/media1.jensgustafsson.se\/2024\/10\/DSC_8305-385x300.jpg 385w\" sizes=\"auto, (max-width: 1024px) 100vw, 1024px\" \/><figcaption class=\"wp-element-caption\"><strong><em>Ett av m\u00e5nga m\u00f6ten med r\u00e5djur p\u00e5 mina morgonpromenader.<\/em><\/strong><\/figcaption><\/figure>\n\n\n\n<p class=\"has-medium-font-size\"><em>Vi g\u00e5r in i h\u00f6stm\u00e5nad nummer tv\u00e5 av tre nu. Vi har fortfarande meteorologisk sommar, men vi \u00e4r inne i en kyligare period nu, s\u00e5 de n\u00e4rmaste dagarna avg\u00f6r om det sl\u00e5r \u00f6ver till h\u00f6st \u00e4ven meteorologiskt. <\/em><\/p>\n","protected":false},"excerpt":{"rendered":"<p>H\u00e4r kommer en sammanfattning av september 2024. V\u00e4derdata f\u00f6r \u00e5rets septemberm\u00e5nad \u00e4r h\u00e4mtade fr\u00e5n min privata v\u00e4derstation h\u00e4r i F\u00e5gelfors. Statistiken som jag anv\u00e4nder och j\u00e4mf\u00f6r mot, \u00e4r h\u00e4mtad fr\u00e5n SMHI:s n\u00e4rmaste m\u00e4tstationer Blankastr\u00f6m, och Drageryd f\u00f6r \u00e5ren 1931-2012. Fr\u00e5n &hellip; <a href=\"https:\/\/jensgustafsson.se\/?page_id=33698\">Forts\u00e4tt l\u00e4sa <span class=\"meta-nav\">&rarr;<\/span><\/a><\/p>\n","protected":false},"author":1,"featured_media":33725,"parent":31413,"menu_order":9,"comment_status":"open","ping_status":"closed","template":"","meta":{"footnotes":""},"class_list":["post-33698","page","type-page","status-publish","has-post-thumbnail","hentry"],"_links":{"self":[{"href":"https:\/\/jensgustafsson.se\/index.php?rest_route=\/wp\/v2\/pages\/33698","targetHints":{"allow":["GET"]}}],"collection":[{"href":"https:\/\/jensgustafsson.se\/index.php?rest_route=\/wp\/v2\/pages"}],"about":[{"href":"https:\/\/jensgustafsson.se\/index.php?rest_route=\/wp\/v2\/types\/page"}],"author":[{"embeddable":true,"href":"https:\/\/jensgustafsson.se\/index.php?rest_route=\/wp\/v2\/users\/1"}],"replies":[{"embeddable":true,"href":"https:\/\/jensgustafsson.se\/index.php?rest_route=%2Fwp%2Fv2%2Fcomments&post=33698"}],"version-history":[{"count":13,"href":"https:\/\/jensgustafsson.se\/index.php?rest_route=\/wp\/v2\/pages\/33698\/revisions"}],"predecessor-version":[{"id":33733,"href":"https:\/\/jensgustafsson.se\/index.php?rest_route=\/wp\/v2\/pages\/33698\/revisions\/33733"}],"up":[{"embeddable":true,"href":"https:\/\/jensgustafsson.se\/index.php?rest_route=\/wp\/v2\/pages\/31413"}],"wp:featuredmedia":[{"embeddable":true,"href":"https:\/\/jensgustafsson.se\/index.php?rest_route=\/wp\/v2\/media\/33725"}],"wp:attachment":[{"href":"https:\/\/jensgustafsson.se\/index.php?rest_route=%2Fwp%2Fv2%2Fmedia&parent=33698"}],"curies":[{"name":"wp","href":"https:\/\/api.w.org\/{rel}","templated":true}]}}