{"id":34296,"date":"2024-12-01T08:51:27","date_gmt":"2024-12-01T07:51:27","guid":{"rendered":"https:\/\/jensgustafsson.se\/?page_id=34296"},"modified":"2025-01-01T15:50:09","modified_gmt":"2025-01-01T14:50:09","slug":"november-2024","status":"publish","type":"page","link":"https:\/\/jensgustafsson.se\/?page_id=34296","title":{"rendered":"November 2024."},"content":{"rendered":"\n<p class=\"has-medium-font-size\"><em>H\u00e4r kommer en sammanfattning av november 2024. V\u00e4derdata f\u00f6r \u00e5rets novemberm\u00e5nad \u00e4r h\u00e4mtade fr\u00e5n min privata v\u00e4derstation h\u00e4r i F\u00e5gelfors. Statistiken som jag anv\u00e4nder och j\u00e4mf\u00f6r mot, \u00e4r h\u00e4mtad fr\u00e5n SMHI:s n\u00e4rmaste m\u00e4tstationer Blankastr\u00f6m, och Drageryd f\u00f6r \u00e5ren 1931-2012. Fr\u00e5n 2013 och fram\u00e5t \u00e4r det min egna, privata v\u00e4derstation som levererar siffrorna. Nuvarande \u201dnormalperiod\u201d som anv\u00e4nds att j\u00e4mf\u00f6ra november 2024 mot, \u00e4r \u00e5ren 1991-2020. D\u00e4r jag anv\u00e4nder ordet \u201dnormalt\u201d i texterna h\u00e4r, menas allts\u00e5 d\u00e5 medeltalen f\u00f6r referensperioden 1991-2020.<\/em><\/p>\n\n\n\n<figure class=\"wp-block-image size-large is-resized\"><img loading=\"lazy\" decoding=\"async\" width=\"1024\" height=\"880\" src=\"https:\/\/media1.jensgustafsson.se\/2024\/12\/DSC_9215-1024x880.jpg\" alt=\"\" class=\"wp-image-34310\" style=\"width:596px;height:auto\" srcset=\"https:\/\/media1.jensgustafsson.se\/2024\/12\/DSC_9215-1024x880.jpg 1024w, https:\/\/media1.jensgustafsson.se\/2024\/12\/DSC_9215-300x258.jpg 300w, https:\/\/media1.jensgustafsson.se\/2024\/12\/DSC_9215-768x660.jpg 768w, https:\/\/media1.jensgustafsson.se\/2024\/12\/DSC_9215-1536x1320.jpg 1536w, https:\/\/media1.jensgustafsson.se\/2024\/12\/DSC_9215-2048x1761.jpg 2048w, https:\/\/media1.jensgustafsson.se\/2024\/12\/DSC_9215-349x300.jpg 349w\" sizes=\"auto, (max-width: 1024px) 100vw, 1024px\" \/><\/figure>\n\n\n\n<figure class=\"wp-block-image size-large\"><img loading=\"lazy\" decoding=\"async\" width=\"1024\" height=\"435\" src=\"https:\/\/media1.jensgustafsson.se\/2024\/12\/image-1024x435.png\" alt=\"\" class=\"wp-image-34299\" srcset=\"https:\/\/media1.jensgustafsson.se\/2024\/12\/image-1024x435.png 1024w, https:\/\/media1.jensgustafsson.se\/2024\/12\/image-300x127.png 300w, https:\/\/media1.jensgustafsson.se\/2024\/12\/image-768x326.png 768w, https:\/\/media1.jensgustafsson.se\/2024\/12\/image-1536x653.png 1536w, https:\/\/media1.jensgustafsson.se\/2024\/12\/image-500x212.png 500w, https:\/\/media1.jensgustafsson.se\/2024\/12\/image.png 1923w\" sizes=\"auto, (max-width: 1024px) 100vw, 1024px\" \/><\/figure>\n\n\n\n<p class=\"has-medium-font-size\"><em>Novemberm\u00e5naden i \u00e5r blev aningen mildare j\u00e4mf\u00f6rt mot normalt. M\u00e5nadens medeltemperatur blev +3,8 grader, och det \u00e4r 0,5 grader varmare \u00e4n normalt. Vi fick dock en k\u00f6ldkn\u00e4pp med b\u00f6rjan den 19:e, vilket gjorde att vi fick 5 dygn i str\u00e4ck med en dygnsmedeltemperatur under 0 grader, vilket betydde att vi gick in i meteorologisk vinter den 19 november. Det \u00e4r lite tidigare ankomst j\u00e4mf\u00f6rt med hur det brukar vara. Den meteorologiska h\u00f6sten blev f\u00f6ljdaktligen lite kortare \u00e4n normalt. Sommaren var aningen l\u00e4ngre \u00e4n normalt, s\u00e5 totalt fick vi 52 dagar med meteorologisk h\u00f6st, genomsnittet f\u00f6r \u00e5ren 1991-2020 \u00e4r 74 dagar.<\/em><\/p>\n\n\n\n<p class=\"has-medium-font-size\"><em>Som vanligt i mina m\u00e5nadssammanfattning, s\u00e5 visar jag normalperiodens medeltemperatur i november \u00e5rsvis, och d\u00e5 lagt dit \u00e5ren 2021-2024 ocks\u00e5.<\/em><\/p>\n\n\n\n<figure class=\"wp-block-image size-large\"><img loading=\"lazy\" decoding=\"async\" width=\"1024\" height=\"354\" src=\"https:\/\/media1.jensgustafsson.se\/2024\/12\/image-1-1024x354.png\" alt=\"\" class=\"wp-image-34300\" srcset=\"https:\/\/media1.jensgustafsson.se\/2024\/12\/image-1-1024x354.png 1024w, https:\/\/media1.jensgustafsson.se\/2024\/12\/image-1-300x104.png 300w, https:\/\/media1.jensgustafsson.se\/2024\/12\/image-1-768x265.png 768w, https:\/\/media1.jensgustafsson.se\/2024\/12\/image-1-1536x531.png 1536w, https:\/\/media1.jensgustafsson.se\/2024\/12\/image-1-2048x708.png 2048w, https:\/\/media1.jensgustafsson.se\/2024\/12\/image-1-500x173.png 500w\" sizes=\"auto, (max-width: 1024px) 100vw, 1024px\" \/><\/figure>\n\n\n\n<p class=\"has-medium-font-size\"><em>Nedan ser vi en sammanfattning av lite temperaturdata m.m. fr\u00e5n loggen p\u00e5 min v\u00e4derstation under november 2024.<\/em><\/p>\n\n\n\n<p class=\"has-medium-font-size\"><strong>Temperatur (\u00b0C):<br \/>Medel (min+max): +3,8<br \/>Medelminimum: +1,3<br \/>Medelmaximum: +6,8<br \/>Minimum: -7,5 den 22 november<br \/>Maximum: +15,2 den 1 november<br \/>H\u00f6gsta minimum: +6,4 den 26 november<br \/>L\u00e4gsta maximum: -2,5 den 22 november<br \/>Frostdygn: 10 dygn ( mintemp. under 0\u00b0)<br \/>Markfrost: 2 dygn (mintemp. \u00f6ver 0\u00b0, men frost p\u00e5 marken)<br \/>Isdygn: 1 dygn (temperaturen under 0\u00b0 hela dygnet)<\/strong><\/p>\n\n\n\n<figure class=\"wp-block-image size-large\"><img loading=\"lazy\" decoding=\"async\" width=\"1024\" height=\"683\" src=\"https:\/\/media1.jensgustafsson.se\/2024\/12\/DSC_9561-1024x683.jpg\" alt=\"\" class=\"wp-image-34311\" srcset=\"https:\/\/media1.jensgustafsson.se\/2024\/12\/DSC_9561-1024x683.jpg 1024w, https:\/\/media1.jensgustafsson.se\/2024\/12\/DSC_9561-300x200.jpg 300w, https:\/\/media1.jensgustafsson.se\/2024\/12\/DSC_9561-768x512.jpg 768w, https:\/\/media1.jensgustafsson.se\/2024\/12\/DSC_9561-1536x1024.jpg 1536w, https:\/\/media1.jensgustafsson.se\/2024\/12\/DSC_9561-2048x1365.jpg 2048w, https:\/\/media1.jensgustafsson.se\/2024\/12\/DSC_9561-450x300.jpg 450w\" sizes=\"auto, (max-width: 1024px) 100vw, 1024px\" \/><\/figure>\n\n\n\n<figure class=\"wp-block-image size-large\"><img loading=\"lazy\" decoding=\"async\" width=\"1024\" height=\"482\" src=\"https:\/\/media1.jensgustafsson.se\/2024\/12\/image-2-1024x482.png\" alt=\"\" class=\"wp-image-34301\" srcset=\"https:\/\/media1.jensgustafsson.se\/2024\/12\/image-2-1024x482.png 1024w, https:\/\/media1.jensgustafsson.se\/2024\/12\/image-2-300x141.png 300w, https:\/\/media1.jensgustafsson.se\/2024\/12\/image-2-768x361.png 768w, https:\/\/media1.jensgustafsson.se\/2024\/12\/image-2-1536x723.png 1536w, https:\/\/media1.jensgustafsson.se\/2024\/12\/image-2-500x235.png 500w, https:\/\/media1.jensgustafsson.se\/2024\/12\/image-2.png 1560w\" sizes=\"auto, (max-width: 1024px) 100vw, 1024px\" \/><\/figure>\n\n\n\n<p class=\"has-medium-font-size\"><em>En nederb\u00f6rdsfattig m\u00e5nad blev det. 11 millimeter har jag m\u00e4tt upp, och det \u00e4r bara 21% av den normala novembernederb\u00f6rden. Den lilla m\u00e4ngden har spritts ut \u00f6ver 11 dygn, och en del av nederb\u00f6rden har fallit som sn\u00f6, men vi har inte haft n\u00e5got m\u00e4tbart sn\u00f6djup under hela m\u00e5naden. <\/em><\/p>\n\n\n\n<p class=\"has-medium-font-size\"><em>S\u00e5 ett diagram \u00f6ver nederb\u00f6rdsm\u00e4ngderna i november 1991-2024.<\/em><\/p>\n\n\n\n<figure class=\"wp-block-image size-large\"><img loading=\"lazy\" decoding=\"async\" width=\"1024\" height=\"386\" src=\"https:\/\/media1.jensgustafsson.se\/2024\/12\/image-3-1024x386.png\" alt=\"\" class=\"wp-image-34302\" srcset=\"https:\/\/media1.jensgustafsson.se\/2024\/12\/image-3-1024x386.png 1024w, https:\/\/media1.jensgustafsson.se\/2024\/12\/image-3-300x113.png 300w, https:\/\/media1.jensgustafsson.se\/2024\/12\/image-3-768x290.png 768w, https:\/\/media1.jensgustafsson.se\/2024\/12\/image-3-1536x580.png 1536w, https:\/\/media1.jensgustafsson.se\/2024\/12\/image-3-2048x773.png 2048w, https:\/\/media1.jensgustafsson.se\/2024\/12\/image-3-500x189.png 500w\" sizes=\"auto, (max-width: 1024px) 100vw, 1024px\" \/><\/figure>\n\n\n\n<figure class=\"wp-block-image size-large\"><img loading=\"lazy\" decoding=\"async\" width=\"1024\" height=\"683\" src=\"https:\/\/media1.jensgustafsson.se\/2024\/12\/DSC_9430-1024x683.jpg\" alt=\"\" class=\"wp-image-34312\" srcset=\"https:\/\/media1.jensgustafsson.se\/2024\/12\/DSC_9430-1024x683.jpg 1024w, https:\/\/media1.jensgustafsson.se\/2024\/12\/DSC_9430-300x200.jpg 300w, https:\/\/media1.jensgustafsson.se\/2024\/12\/DSC_9430-768x512.jpg 768w, https:\/\/media1.jensgustafsson.se\/2024\/12\/DSC_9430-1536x1024.jpg 1536w, https:\/\/media1.jensgustafsson.se\/2024\/12\/DSC_9430-2048x1365.jpg 2048w, https:\/\/media1.jensgustafsson.se\/2024\/12\/DSC_9430-450x300.jpg 450w\" sizes=\"auto, (max-width: 1024px) 100vw, 1024px\" \/><\/figure>\n\n\n\n<p class=\"has-medium-font-size\"><em>Diagrammet nedan visar vindriktningarna i november. Den genomsnittliga maxvinden i november blev 7 m\/s<\/em>.<\/p>\n\n\n\n<figure class=\"wp-block-image size-large\"><img loading=\"lazy\" decoding=\"async\" width=\"1024\" height=\"357\" src=\"https:\/\/media1.jensgustafsson.se\/2024\/12\/image-4-1024x357.png\" alt=\"\" class=\"wp-image-34303\" srcset=\"https:\/\/media1.jensgustafsson.se\/2024\/12\/image-4-1024x357.png 1024w, https:\/\/media1.jensgustafsson.se\/2024\/12\/image-4-300x104.png 300w, https:\/\/media1.jensgustafsson.se\/2024\/12\/image-4-768x267.png 768w, https:\/\/media1.jensgustafsson.se\/2024\/12\/image-4-1536x535.png 1536w, https:\/\/media1.jensgustafsson.se\/2024\/12\/image-4-500x174.png 500w, https:\/\/media1.jensgustafsson.se\/2024\/12\/image-4.png 1614w\" sizes=\"auto, (max-width: 1024px) 100vw, 1024px\" \/><\/figure>\n\n\n\n<figure class=\"wp-block-image size-large\"><img loading=\"lazy\" decoding=\"async\" width=\"1024\" height=\"683\" src=\"https:\/\/media1.jensgustafsson.se\/2024\/12\/DSC_9500-1024x683.jpg\" alt=\"\" class=\"wp-image-34313\" srcset=\"https:\/\/media1.jensgustafsson.se\/2024\/12\/DSC_9500-1024x683.jpg 1024w, https:\/\/media1.jensgustafsson.se\/2024\/12\/DSC_9500-300x200.jpg 300w, https:\/\/media1.jensgustafsson.se\/2024\/12\/DSC_9500-768x512.jpg 768w, https:\/\/media1.jensgustafsson.se\/2024\/12\/DSC_9500-1536x1024.jpg 1536w, https:\/\/media1.jensgustafsson.se\/2024\/12\/DSC_9500-2048x1365.jpg 2048w, https:\/\/media1.jensgustafsson.se\/2024\/12\/DSC_9500-450x300.jpg 450w\" sizes=\"auto, (max-width: 1024px) 100vw, 1024px\" \/><\/figure>\n\n\n\n<p class=\"has-medium-font-size\"><em>Diagrammet nedan visar det dagliga medelv\u00e4rdet p\u00e5 lufttrycket i november<\/em>:<\/p>\n\n\n\n<figure class=\"wp-block-image size-large\"><img loading=\"lazy\" decoding=\"async\" width=\"1024\" height=\"456\" src=\"https:\/\/media1.jensgustafsson.se\/2024\/12\/image-5-1024x456.png\" alt=\"\" class=\"wp-image-34304\" srcset=\"https:\/\/media1.jensgustafsson.se\/2024\/12\/image-5-1024x456.png 1024w, https:\/\/media1.jensgustafsson.se\/2024\/12\/image-5-300x133.png 300w, https:\/\/media1.jensgustafsson.se\/2024\/12\/image-5-768x342.png 768w, https:\/\/media1.jensgustafsson.se\/2024\/12\/image-5-500x222.png 500w, https:\/\/media1.jensgustafsson.se\/2024\/12\/image-5.png 1254w\" sizes=\"auto, (max-width: 1024px) 100vw, 1024px\" \/><\/figure>\n\n\n\n<figure class=\"wp-block-image size-large\"><img loading=\"lazy\" decoding=\"async\" width=\"1024\" height=\"683\" src=\"https:\/\/media1.jensgustafsson.se\/2024\/12\/DSC_9674-1024x683.jpg\" alt=\"\" class=\"wp-image-34314\" srcset=\"https:\/\/media1.jensgustafsson.se\/2024\/12\/DSC_9674-1024x683.jpg 1024w, https:\/\/media1.jensgustafsson.se\/2024\/12\/DSC_9674-300x200.jpg 300w, https:\/\/media1.jensgustafsson.se\/2024\/12\/DSC_9674-768x512.jpg 768w, https:\/\/media1.jensgustafsson.se\/2024\/12\/DSC_9674-1536x1024.jpg 1536w, https:\/\/media1.jensgustafsson.se\/2024\/12\/DSC_9674-2048x1365.jpg 2048w, https:\/\/media1.jensgustafsson.se\/2024\/12\/DSC_9674-450x300.jpg 450w\" sizes=\"auto, (max-width: 1024px) 100vw, 1024px\" \/><\/figure>\n\n\n\n<p class=\"has-medium-font-size\"><em>Eftersom den kalendariska h\u00f6sten nu \u00e4r slut, s\u00e5 sammanfattar jag den lite kort h\u00e4r p\u00e5 slutet av detta inl\u00e4gg.<\/em><\/p>\n\n\n\n<p class=\"has-medium-font-size\"><em>Medeltemperaturen f\u00f6r h\u00f6sten i \u00e5r blev +8,8 grader. Det \u00e4r 1,1 grad varmare j\u00e4mf\u00f6rt mot normalt. Det \u00e4r dock inte n\u00e5got rekord f\u00f6r v\u00e5r del. Den varmaste h\u00f6sten vi haft var 2006, och d\u00e5 var medeltemperaturen f\u00f6r h\u00f6sten +10 grader.<\/em><\/p>\n\n\n\n<p class=\"has-medium-font-size\"><em>Nedan h\u00e4r ser vi h\u00f6stmedeltemperaturen under \u00e5ren 1991-2024<\/em><\/p>\n\n\n\n<figure class=\"wp-block-image size-large\"><img loading=\"lazy\" decoding=\"async\" width=\"1024\" height=\"379\" src=\"https:\/\/media1.jensgustafsson.se\/2024\/12\/image-6-1024x379.png\" alt=\"\" class=\"wp-image-34306\" srcset=\"https:\/\/media1.jensgustafsson.se\/2024\/12\/image-6-1024x379.png 1024w, https:\/\/media1.jensgustafsson.se\/2024\/12\/image-6-300x111.png 300w, https:\/\/media1.jensgustafsson.se\/2024\/12\/image-6-768x284.png 768w, https:\/\/media1.jensgustafsson.se\/2024\/12\/image-6-1536x569.png 1536w, https:\/\/media1.jensgustafsson.se\/2024\/12\/image-6-500x185.png 500w, https:\/\/media1.jensgustafsson.se\/2024\/12\/image-6.png 1602w\" sizes=\"auto, (max-width: 1024px) 100vw, 1024px\" \/><\/figure>\n\n\n\n<p class=\"has-medium-font-size\"><em>Nederb\u00f6rd har vi  totalt f\u00e5tt 136 millimeter under de tre h\u00f6stm\u00e5naderna. Det motsvarar 87% av den normala nederb\u00f6rden f\u00f6r h\u00f6sten.<\/em><\/p>\n\n\n\n<p class=\"has-medium-font-size\"><em>Nedan ser vi ett diagram med nederb\u00f6rdsm\u00e4ngderna f\u00f6r h\u00f6starna under \u00e5ren 1991-2024.<\/em><\/p>\n\n\n\n<figure class=\"wp-block-image size-large\"><img loading=\"lazy\" decoding=\"async\" width=\"1024\" height=\"404\" src=\"https:\/\/media1.jensgustafsson.se\/2024\/12\/image-7-1024x404.png\" alt=\"\" class=\"wp-image-34307\" srcset=\"https:\/\/media1.jensgustafsson.se\/2024\/12\/image-7-1024x404.png 1024w, https:\/\/media1.jensgustafsson.se\/2024\/12\/image-7-300x118.png 300w, https:\/\/media1.jensgustafsson.se\/2024\/12\/image-7-768x303.png 768w, https:\/\/media1.jensgustafsson.se\/2024\/12\/image-7-500x197.png 500w, https:\/\/media1.jensgustafsson.se\/2024\/12\/image-7.png 1239w\" sizes=\"auto, (max-width: 1024px) 100vw, 1024px\" \/><\/figure>\n\n\n\n<figure class=\"wp-block-image size-large\"><img loading=\"lazy\" decoding=\"async\" width=\"1024\" height=\"802\" src=\"https:\/\/media1.jensgustafsson.se\/2024\/12\/1-dec-2013-1024x802.jpg\" alt=\"\" class=\"wp-image-34308\" srcset=\"https:\/\/media1.jensgustafsson.se\/2024\/12\/1-dec-2013-1024x802.jpg 1024w, https:\/\/media1.jensgustafsson.se\/2024\/12\/1-dec-2013-300x235.jpg 300w, https:\/\/media1.jensgustafsson.se\/2024\/12\/1-dec-2013-768x602.jpg 768w, https:\/\/media1.jensgustafsson.se\/2024\/12\/1-dec-2013-383x300.jpg 383w, https:\/\/media1.jensgustafsson.se\/2024\/12\/1-dec-2013.jpg 1279w\" sizes=\"auto, (max-width: 1024px) 100vw, 1024px\" \/><\/figure>\n\n\n\n<p class=\"has-medium-font-size\"><em>D\u00e5 har vi f\u00f6rsta advent idag, och f\u00f6rsta ljuset t\u00e4nt. Snart \u00e4r vi framme vid v\u00e4ndpunkten f\u00f6r dagsljusets l\u00e4ngd. Tiden g\u00e5r snabbt, och vi kan bara acceptera det, och h\u00e4nga med. V\u00e4dret forts\u00e4tter att variera sig, vi f\u00f6ljer det, med acceptans d\u00e4r ocks\u00e5.<\/em><\/p>\n","protected":false},"excerpt":{"rendered":"<p>H\u00e4r kommer en sammanfattning av november 2024. V\u00e4derdata f\u00f6r \u00e5rets novemberm\u00e5nad \u00e4r h\u00e4mtade fr\u00e5n min privata v\u00e4derstation h\u00e4r i F\u00e5gelfors. Statistiken som jag anv\u00e4nder och j\u00e4mf\u00f6r mot, \u00e4r h\u00e4mtad fr\u00e5n SMHI:s n\u00e4rmaste m\u00e4tstationer Blankastr\u00f6m, och Drageryd f\u00f6r \u00e5ren 1931-2012. Fr\u00e5n &hellip; <a href=\"https:\/\/jensgustafsson.se\/?page_id=34296\">Forts\u00e4tt l\u00e4sa <span class=\"meta-nav\">&rarr;<\/span><\/a><\/p>\n","protected":false},"author":1,"featured_media":34235,"parent":31413,"menu_order":11,"comment_status":"open","ping_status":"closed","template":"","meta":{"footnotes":""},"class_list":["post-34296","page","type-page","status-publish","has-post-thumbnail","hentry"],"_links":{"self":[{"href":"https:\/\/jensgustafsson.se\/index.php?rest_route=\/wp\/v2\/pages\/34296","targetHints":{"allow":["GET"]}}],"collection":[{"href":"https:\/\/jensgustafsson.se\/index.php?rest_route=\/wp\/v2\/pages"}],"about":[{"href":"https:\/\/jensgustafsson.se\/index.php?rest_route=\/wp\/v2\/types\/page"}],"author":[{"embeddable":true,"href":"https:\/\/jensgustafsson.se\/index.php?rest_route=\/wp\/v2\/users\/1"}],"replies":[{"embeddable":true,"href":"https:\/\/jensgustafsson.se\/index.php?rest_route=%2Fwp%2Fv2%2Fcomments&post=34296"}],"version-history":[{"count":7,"href":"https:\/\/jensgustafsson.se\/index.php?rest_route=\/wp\/v2\/pages\/34296\/revisions"}],"predecessor-version":[{"id":34611,"href":"https:\/\/jensgustafsson.se\/index.php?rest_route=\/wp\/v2\/pages\/34296\/revisions\/34611"}],"up":[{"embeddable":true,"href":"https:\/\/jensgustafsson.se\/index.php?rest_route=\/wp\/v2\/pages\/31413"}],"wp:featuredmedia":[{"embeddable":true,"href":"https:\/\/jensgustafsson.se\/index.php?rest_route=\/wp\/v2\/media\/34235"}],"wp:attachment":[{"href":"https:\/\/jensgustafsson.se\/index.php?rest_route=%2Fwp%2Fv2%2Fmedia&parent=34296"}],"curies":[{"name":"wp","href":"https:\/\/api.w.org\/{rel}","templated":true}]}}