{"id":9666,"date":"2018-04-01T04:56:04","date_gmt":"2018-04-01T03:56:04","guid":{"rendered":"http:\/\/jensgustafsson.se\/?page_id=9666"},"modified":"2026-03-02T06:26:37","modified_gmt":"2026-03-02T05:26:37","slug":"mars-2018","status":"publish","type":"page","link":"https:\/\/jensgustafsson.se\/?page_id=9666","title":{"rendered":"Mars 2018."},"content":{"rendered":"\n<p><span style=\"color: #33cccc;\"><em>Mars 2018 blir v\u00e4l en m\u00e5nad vi kommer att minnas som den vintrigaste vi haft p\u00e5 m\u00e5nga \u00e5r. Marken har varit sn\u00f6t\u00e4ckt alla 31 dagarna, och det st\u00f6rsta sn\u00f6djupet m\u00e4tte jag upp 3 mars med 48 centimeter.<\/em><\/span><\/p>\n\n\n\n<p><span style=\"color: #33cccc;\"><em>Den 6 mars blev det mildv\u00e4der, och d\u00e5 sj\u00f6nk sn\u00f6t\u00e4cket ihop med ca 15 centimeter p\u00e5 en dag, d\u00e4refter s\u00e5 bildades en h\u00e5rd sn\u00f6skorpa, som har och \u00e4r fortfarande v\u00e4ldigt sv\u00e5rsm\u00e4lt.<\/em><\/span><\/p>\n\n\n\n<p><span style=\"color: #33cccc;\"><em>Vi har haft 5 isdygn, d.v.s. maxtemperaturen p\u00e5 dygnet \u00e4r under nollstrecket.<\/em><\/span><\/p>\n\n\n\n<p><span style=\"color: #33cccc;\"><em>Vi har haft 11 dygn som jag registrerat m\u00e4tbar nederb\u00f6rd p\u00e5, dessemellan kan det ha kommit lite l\u00e4tt nederb\u00f6rd som inte varit m\u00e4tbar.<\/em><\/span><\/p>\n\n\n\n<p><span style=\"color: #33cccc;\"><em>Vinden har varit kylig och m\u00e4rkbar med sin kyleffekt m\u00e5nga av dagarna har jag uppfattat det som, och den har ofta kommit fr\u00e5n den nordliga eller ostliga sidan, se nedan f\u00f6rdelningen \u00f6ver vindriktning och antal dagar med respektive riktning:<\/em><\/span><\/p>\n\n\n\n<p><span style=\"color: #33cccc;\"><em>Nordlig. 5<\/em><\/span><br \/>\n<span style=\"color: #33cccc;\"><em>Nordostlig. 8<\/em><\/span><br \/>\n<span style=\"color: #33cccc;\"><em>Nordv\u00e4stlig. 4<\/em><\/span><br \/>\n<span style=\"color: #33cccc;\"><em>Ostlig. 3<\/em><\/span><br \/>\n<span style=\"color: #33cccc;\"><em>Sydostlig. 3<\/em><\/span><br \/>\n<span style=\"color: #33cccc;\"><em>Sydv\u00e4stlig. 5<\/em><\/span><br \/>\n<span style=\"color: #33cccc;\"><em>V\u00e4stlig. 3<\/em><\/span><\/p>\n\n\n\n<p><span style=\"color: #33cccc;\"><em>H\u00e4r nedan kommer sammanfattningen fr\u00e5n loggningen p\u00e5 min v\u00e4derstation, som jobbar med tv\u00e5 program, Heavy Weather, och Cumulus som ocks\u00e5 l\u00e4gger upp v\u00e4derstationen &#8221;live&#8221; p\u00e5 min v\u00e4dersida:<\/em><\/span><\/p>\n\n\n\n<p><span style=\"color: #33cccc;\"><em>Summary for period 2018-03-01 to 2018-03-31 <\/em><\/span><\/p>\n\n\n\n<p><span style=\"color: #33cccc;\"><em>Temperature (\u00b0C): <\/em><\/span><br \/>\n<span style=\"color: #33cccc;\"><em>Mean (min+max) -1,0 <\/em><\/span><br \/>\n<span style=\"color: #33cccc;\"><em>Mean Minimum -4,5 <\/em><\/span><br \/>\n<span style=\"color: #33cccc;\"><em>Mean Maximum 2,4 <\/em><\/span><br \/>\n<span style=\"color: #33cccc;\"><em>Minimum -16,7 on 2018-03-18 <\/em><\/span><br \/>\n<span style=\"color: #33cccc;\"><em>Maximum 8,4 on 2018-03-25 <\/em><\/span><br \/>\n<span style=\"color: #33cccc;\"><em>Highest Minimum 1,3 on 2018-03-12 <\/em><\/span><br \/>\n<span style=\"color: #33cccc;\"><em>Lowest Maximum -5,2 on 2018-03-17 <\/em><\/span><br \/>\n<span style=\"color: #33cccc;\"><em>Air frosts 28 <\/em><\/span><\/p>\n\n\n\n<p><span style=\"color: #33cccc;\"><em>Rainfall (mm): <\/em><\/span><br \/>\n<span style=\"color: #33cccc;\"><em>Total for period 71,5 <\/em><\/span><br \/>\n<span style=\"color: #33cccc;\"><em>Rain days 11 <\/em><\/span><br \/>\n<span style=\"color: #33cccc;\"><em>Dry days 20 <\/em><\/span><\/p>\n\n\n\n<p><span style=\"color: #33cccc;\"><em>Wind (m\/s): <\/em><\/span><br \/>\n<span style=\"color: #33cccc;\"><em>Highest Gust 11 on 2018-03-16 <\/em><\/span><\/p>\n\n\n\n<p><span style=\"color: #33cccc;\"><em>Pressure (hPa): <\/em><\/span><br \/>\n<span style=\"color: #33cccc;\"><em>Maximum 1034,0 on 2018-03-01 <\/em><\/span><br \/>\n<span style=\"color: #33cccc;\"><em>Minimum 987,7 on 2018-03-13 <\/em><\/span><\/p>\n\n\n\n<p><span style=\"color: #33cccc;\"><em>Som avslutning en liten sammanfattning av mars i bilder ocks\u00e5:<\/em><\/span><\/p>\n\n\n<div class=\"wp-block-image\">\n<figure class=\"aligncenter\"><a href=\"http:\/\/jensgustafsson.se\/?attachment_id=9667\" rel=\"attachment wp-att-9667\"><img loading=\"lazy\" decoding=\"async\" width=\"1024\" height=\"768\" src=\"http:\/\/media1.jensgustafsson.se\/2018\/03\/IMG_0470-1-1024x768.jpg\" alt=\"\" class=\"wp-image-9667\" srcset=\"https:\/\/media1.jensgustafsson.se\/2018\/03\/IMG_0470-1-1024x768.jpg 1024w, https:\/\/media1.jensgustafsson.se\/2018\/03\/IMG_0470-1-300x225.jpg 300w, https:\/\/media1.jensgustafsson.se\/2018\/03\/IMG_0470-1-768x576.jpg 768w, https:\/\/media1.jensgustafsson.se\/2018\/03\/IMG_0470-1-400x300.jpg 400w, https:\/\/media1.jensgustafsson.se\/2018\/03\/IMG_0470-1.jpg 2016w\" sizes=\"auto, (max-width: 1024px) 100vw, 1024px\" \/><\/a><figcaption class=\"wp-element-caption\"><span style=\"color: #33cccc;\"><em>Mostugan p\u00e5 Mov\u00e4gen i F\u00e5gelfors, inb\u00e4ddad i sn\u00f6, 2 mars.<\/em><\/span><\/figcaption><\/figure>\n<\/div>\n\n<div class=\"wp-block-image\">\n<figure class=\"aligncenter\"><a href=\"http:\/\/jensgustafsson.se\/?attachment_id=9668\" rel=\"attachment wp-att-9668\"><img loading=\"lazy\" decoding=\"async\" width=\"1024\" height=\"683\" src=\"http:\/\/media1.jensgustafsson.se\/2018\/03\/P1120814-1024x683.jpg\" alt=\"\" class=\"wp-image-9668\" srcset=\"https:\/\/media1.jensgustafsson.se\/2018\/03\/P1120814-1024x683.jpg 1024w, https:\/\/media1.jensgustafsson.se\/2018\/03\/P1120814-300x200.jpg 300w, https:\/\/media1.jensgustafsson.se\/2018\/03\/P1120814-768x512.jpg 768w, https:\/\/media1.jensgustafsson.se\/2018\/03\/P1120814-450x300.jpg 450w\" sizes=\"auto, (max-width: 1024px) 100vw, 1024px\" \/><\/a><figcaption class=\"wp-element-caption\"><span style=\"color: #33cccc;\"><em>&#8221;Sn\u00f6bollar&#8221; som v\u00e4xer p\u00e5 tr\u00e4n ute i Ugglemon, 3 mars.<\/em><\/span><\/figcaption><\/figure>\n<\/div>\n\n<div class=\"wp-block-image\">\n<figure class=\"aligncenter\"><a href=\"http:\/\/jensgustafsson.se\/?attachment_id=9669\" rel=\"attachment wp-att-9669\"><img loading=\"lazy\" decoding=\"async\" width=\"1024\" height=\"683\" src=\"http:\/\/media1.jensgustafsson.se\/2018\/03\/P1120820-1024x683.jpg\" alt=\"\" class=\"wp-image-9669\" srcset=\"https:\/\/media1.jensgustafsson.se\/2018\/03\/P1120820-1024x683.jpg 1024w, https:\/\/media1.jensgustafsson.se\/2018\/03\/P1120820-300x200.jpg 300w, https:\/\/media1.jensgustafsson.se\/2018\/03\/P1120820-768x512.jpg 768w, https:\/\/media1.jensgustafsson.se\/2018\/03\/P1120820-450x300.jpg 450w\" sizes=\"auto, (max-width: 1024px) 100vw, 1024px\" \/><\/a><figcaption class=\"wp-element-caption\"><span style=\"color: #33cccc;\"><em>En svartvit bild fr\u00e5n Vecklevad (N\u00f6t\u00e5n) 3 mars<\/em><\/span><\/figcaption><\/figure>\n<\/div>\n\n<div class=\"wp-block-image\">\n<figure class=\"aligncenter\"><a href=\"http:\/\/jensgustafsson.se\/?attachment_id=9670\" rel=\"attachment wp-att-9670\"><img loading=\"lazy\" decoding=\"async\" width=\"1024\" height=\"683\" src=\"http:\/\/media1.jensgustafsson.se\/2018\/03\/DSC_0824-1024x683.jpg\" alt=\"\" class=\"wp-image-9670\" srcset=\"https:\/\/media1.jensgustafsson.se\/2018\/03\/DSC_0824-1024x683.jpg 1024w, https:\/\/media1.jensgustafsson.se\/2018\/03\/DSC_0824-300x200.jpg 300w, https:\/\/media1.jensgustafsson.se\/2018\/03\/DSC_0824-768x512.jpg 768w, https:\/\/media1.jensgustafsson.se\/2018\/03\/DSC_0824-450x300.jpg 450w\" sizes=\"auto, (max-width: 1024px) 100vw, 1024px\" \/><\/a><figcaption class=\"wp-element-caption\"><span style=\"color: #33cccc;\"><em>Vid &#8221;Hytten&#8221;, v\u00e4gen in mot Lilla Klobo 4 mars.<\/em><\/span><\/figcaption><\/figure>\n<\/div>\n\n<div class=\"wp-block-image\">\n<figure class=\"aligncenter\"><a href=\"http:\/\/jensgustafsson.se\/?attachment_id=9671\" rel=\"attachment wp-att-9671\"><img loading=\"lazy\" decoding=\"async\" width=\"1024\" height=\"683\" src=\"http:\/\/media1.jensgustafsson.se\/2018\/03\/DSC_0851-1024x683.jpg\" alt=\"\" class=\"wp-image-9671\" srcset=\"https:\/\/media1.jensgustafsson.se\/2018\/03\/DSC_0851-1024x683.jpg 1024w, https:\/\/media1.jensgustafsson.se\/2018\/03\/DSC_0851-300x200.jpg 300w, https:\/\/media1.jensgustafsson.se\/2018\/03\/DSC_0851-768x512.jpg 768w, https:\/\/media1.jensgustafsson.se\/2018\/03\/DSC_0851-450x300.jpg 450w\" sizes=\"auto, (max-width: 1024px) 100vw, 1024px\" \/><\/a><figcaption class=\"wp-element-caption\"><span style=\"color: #33cccc;\"><em>Bygatan i Lilla Klobo 4 mars.<\/em><\/span><\/figcaption><\/figure>\n<\/div>\n\n<div class=\"wp-block-image\">\n<figure class=\"aligncenter\"><a href=\"http:\/\/jensgustafsson.se\/?attachment_id=9672\" rel=\"attachment wp-att-9672\"><img loading=\"lazy\" decoding=\"async\" width=\"1024\" height=\"768\" src=\"http:\/\/media1.jensgustafsson.se\/2018\/03\/IMG_0490-1-1024x768.jpg\" alt=\"\" class=\"wp-image-9672\" srcset=\"https:\/\/media1.jensgustafsson.se\/2018\/03\/IMG_0490-1-1024x768.jpg 1024w, https:\/\/media1.jensgustafsson.se\/2018\/03\/IMG_0490-1-300x225.jpg 300w, https:\/\/media1.jensgustafsson.se\/2018\/03\/IMG_0490-1-768x576.jpg 768w, https:\/\/media1.jensgustafsson.se\/2018\/03\/IMG_0490-1-400x300.jpg 400w, https:\/\/media1.jensgustafsson.se\/2018\/03\/IMG_0490-1.jpg 2016w\" sizes=\"auto, (max-width: 1024px) 100vw, 1024px\" \/><\/a><figcaption class=\"wp-element-caption\"><span style=\"color: #33cccc;\"><em>Utanf\u00f6r v\u00e5rt hus 6 mars.<\/em><\/span><\/figcaption><\/figure>\n<\/div>\n\n<div class=\"wp-block-image\">\n<figure class=\"aligncenter\"><a href=\"http:\/\/jensgustafsson.se\/?attachment_id=9537\" rel=\"attachment wp-att-9537\"><img loading=\"lazy\" decoding=\"async\" width=\"1024\" height=\"683\" src=\"http:\/\/media1.jensgustafsson.se\/2018\/03\/DSC_0927-1024x683.jpg\" alt=\"\" class=\"wp-image-9537\" srcset=\"https:\/\/media1.jensgustafsson.se\/2018\/03\/DSC_0927-1024x683.jpg 1024w, https:\/\/media1.jensgustafsson.se\/2018\/03\/DSC_0927-300x200.jpg 300w, https:\/\/media1.jensgustafsson.se\/2018\/03\/DSC_0927-768x512.jpg 768w, https:\/\/media1.jensgustafsson.se\/2018\/03\/DSC_0927-450x300.jpg 450w\" sizes=\"auto, (max-width: 1024px) 100vw, 1024px\" \/><\/a><figcaption class=\"wp-element-caption\"><span style=\"color: #33cccc;\"><em>Kopprab\u00f6le, utanf\u00f6r F\u00e5gelfors p\u00e5 v\u00e4gen till Virserum, 10 mars<\/em><\/span><\/figcaption><\/figure>\n<\/div>\n\n<div class=\"wp-block-image\">\n<figure class=\"aligncenter\"><a href=\"http:\/\/jensgustafsson.se\/?attachment_id=9673\" rel=\"attachment wp-att-9673\"><img loading=\"lazy\" decoding=\"async\" width=\"1024\" height=\"683\" src=\"http:\/\/media1.jensgustafsson.se\/2018\/03\/DSC_0960-1024x683.jpg\" alt=\"\" class=\"wp-image-9673\" srcset=\"https:\/\/media1.jensgustafsson.se\/2018\/03\/DSC_0960-1024x683.jpg 1024w, https:\/\/media1.jensgustafsson.se\/2018\/03\/DSC_0960-300x200.jpg 300w, https:\/\/media1.jensgustafsson.se\/2018\/03\/DSC_0960-768x512.jpg 768w, https:\/\/media1.jensgustafsson.se\/2018\/03\/DSC_0960-450x300.jpg 450w\" sizes=\"auto, (max-width: 1024px) 100vw, 1024px\" \/><\/a><figcaption class=\"wp-element-caption\"><span style=\"color: #33cccc;\"><em>Ernemar, Oskarshamn 11 mars.<\/em><\/span><\/figcaption><\/figure>\n<\/div>\n\n<div class=\"wp-block-image\">\n<figure class=\"aligncenter\"><a href=\"http:\/\/jensgustafsson.se\/?attachment_id=9674\" rel=\"attachment wp-att-9674\"><img loading=\"lazy\" decoding=\"async\" width=\"1024\" height=\"683\" src=\"http:\/\/media1.jensgustafsson.se\/2018\/03\/DSC_0026-1024x683.jpg\" alt=\"\" class=\"wp-image-9674\" srcset=\"https:\/\/media1.jensgustafsson.se\/2018\/03\/DSC_0026-1024x683.jpg 1024w, https:\/\/media1.jensgustafsson.se\/2018\/03\/DSC_0026-300x200.jpg 300w, https:\/\/media1.jensgustafsson.se\/2018\/03\/DSC_0026-768x512.jpg 768w, https:\/\/media1.jensgustafsson.se\/2018\/03\/DSC_0026-450x300.jpg 450w\" sizes=\"auto, (max-width: 1024px) 100vw, 1024px\" \/><\/a><figcaption class=\"wp-element-caption\"><span style=\"color: #33cccc;\"><em>Kyrkogatan p\u00e5 kv\u00e4llen 14 mars.<\/em><\/span><\/figcaption><\/figure>\n<\/div>\n\n<div class=\"wp-block-image\">\n<figure class=\"aligncenter\"><a href=\"http:\/\/jensgustafsson.se\/?attachment_id=9675\" rel=\"attachment wp-att-9675\"><img loading=\"lazy\" decoding=\"async\" width=\"1024\" height=\"708\" src=\"http:\/\/media1.jensgustafsson.se\/2018\/03\/P1130162-1024x708.jpg\" alt=\"\" class=\"wp-image-9675\" srcset=\"https:\/\/media1.jensgustafsson.se\/2018\/03\/P1130162-1024x708.jpg 1024w, https:\/\/media1.jensgustafsson.se\/2018\/03\/P1130162-300x207.jpg 300w, https:\/\/media1.jensgustafsson.se\/2018\/03\/P1130162-768x531.jpg 768w, https:\/\/media1.jensgustafsson.se\/2018\/03\/P1130162-434x300.jpg 434w\" sizes=\"auto, (max-width: 1024px) 100vw, 1024px\" \/><\/a><figcaption class=\"wp-element-caption\"><span style=\"color: #33cccc;\"><em>Sn\u00f6kanonernas dag, 17 mars.<\/em><\/span><\/figcaption><\/figure>\n<\/div>\n\n<div class=\"wp-block-image\">\n<figure class=\"aligncenter\"><a href=\"http:\/\/jensgustafsson.se\/?attachment_id=9676\" rel=\"attachment wp-att-9676\"><img loading=\"lazy\" decoding=\"async\" width=\"1024\" height=\"683\" src=\"http:\/\/media1.jensgustafsson.se\/2018\/03\/P1130187-1024x683.jpg\" alt=\"\" class=\"wp-image-9676\" srcset=\"https:\/\/media1.jensgustafsson.se\/2018\/03\/P1130187-1024x683.jpg 1024w, https:\/\/media1.jensgustafsson.se\/2018\/03\/P1130187-300x200.jpg 300w, https:\/\/media1.jensgustafsson.se\/2018\/03\/P1130187-768x512.jpg 768w, https:\/\/media1.jensgustafsson.se\/2018\/03\/P1130187-450x300.jpg 450w\" sizes=\"auto, (max-width: 1024px) 100vw, 1024px\" \/><\/a><figcaption class=\"wp-element-caption\"><span style=\"color: #33cccc;\"><em>Klarbl\u00e5 himmel \u00f6ver Val\u00e5kra, 18 mars<\/em><\/span><\/figcaption><\/figure>\n<\/div>\n\n<div class=\"wp-block-image\">\n<figure class=\"aligncenter\"><a href=\"http:\/\/jensgustafsson.se\/?attachment_id=9677\" rel=\"attachment wp-att-9677\"><img loading=\"lazy\" decoding=\"async\" width=\"1024\" height=\"768\" src=\"http:\/\/media1.jensgustafsson.se\/2018\/03\/IMG_0546-1024x768.jpg\" alt=\"\" class=\"wp-image-9677\" srcset=\"https:\/\/media1.jensgustafsson.se\/2018\/03\/IMG_0546-1024x768.jpg 1024w, https:\/\/media1.jensgustafsson.se\/2018\/03\/IMG_0546-300x225.jpg 300w, https:\/\/media1.jensgustafsson.se\/2018\/03\/IMG_0546-768x576.jpg 768w, https:\/\/media1.jensgustafsson.se\/2018\/03\/IMG_0546-400x300.jpg 400w, https:\/\/media1.jensgustafsson.se\/2018\/03\/IMG_0546.jpg 2016w\" sizes=\"auto, (max-width: 1024px) 100vw, 1024px\" \/><\/a><figcaption class=\"wp-element-caption\"><span style=\"color: #33cccc;\"><em>P\u00e5 morgonen 23 mars.<\/em><\/span><\/figcaption><\/figure>\n<\/div>\n\n<div class=\"wp-block-image\">\n<figure class=\"aligncenter\"><a href=\"http:\/\/jensgustafsson.se\/?attachment_id=9678\" rel=\"attachment wp-att-9678\"><img loading=\"lazy\" decoding=\"async\" width=\"1024\" height=\"635\" src=\"http:\/\/media1.jensgustafsson.se\/2018\/03\/DSC_0128-1024x635.jpg\" alt=\"\" class=\"wp-image-9678\" srcset=\"https:\/\/media1.jensgustafsson.se\/2018\/03\/DSC_0128-1024x635.jpg 1024w, https:\/\/media1.jensgustafsson.se\/2018\/03\/DSC_0128-300x186.jpg 300w, https:\/\/media1.jensgustafsson.se\/2018\/03\/DSC_0128-768x476.jpg 768w, https:\/\/media1.jensgustafsson.se\/2018\/03\/DSC_0128-484x300.jpg 484w\" sizes=\"auto, (max-width: 1024px) 100vw, 1024px\" \/><\/a><figcaption class=\"wp-element-caption\"><span style=\"color: #33cccc;\"><em>Trana vid Tr\u00e5nshult 24 mars.<\/em><\/span><\/figcaption><\/figure>\n<\/div>\n\n<div class=\"wp-block-image\">\n<figure class=\"aligncenter\"><a href=\"http:\/\/jensgustafsson.se\/?attachment_id=9679\" rel=\"attachment wp-att-9679\"><img loading=\"lazy\" decoding=\"async\" width=\"1024\" height=\"683\" src=\"http:\/\/media1.jensgustafsson.se\/2018\/03\/P1130267-1024x683.jpg\" alt=\"\" class=\"wp-image-9679\" srcset=\"https:\/\/media1.jensgustafsson.se\/2018\/03\/P1130267-1024x683.jpg 1024w, https:\/\/media1.jensgustafsson.se\/2018\/03\/P1130267-300x200.jpg 300w, https:\/\/media1.jensgustafsson.se\/2018\/03\/P1130267-768x512.jpg 768w, https:\/\/media1.jensgustafsson.se\/2018\/03\/P1130267-450x300.jpg 450w\" sizes=\"auto, (max-width: 1024px) 100vw, 1024px\" \/><\/a><figcaption class=\"wp-element-caption\"><span style=\"color: #33cccc;\"><em>30 mars.<\/em><\/span><\/figcaption><\/figure>\n<\/div>","protected":false},"excerpt":{"rendered":"<p>Mars 2018 blir v\u00e4l en m\u00e5nad vi kommer att minnas som den vintrigaste vi haft p\u00e5 m\u00e5nga \u00e5r. Marken har varit sn\u00f6t\u00e4ckt alla 31 dagarna, och det st\u00f6rsta sn\u00f6djupet m\u00e4tte jag upp 3 mars med 48 centimeter. Den 6 mars &hellip; <a href=\"https:\/\/jensgustafsson.se\/?page_id=9666\">Forts\u00e4tt l\u00e4sa <span class=\"meta-nav\">&rarr;<\/span><\/a><\/p>\n","protected":false},"author":1,"featured_media":0,"parent":9263,"menu_order":3,"comment_status":"closed","ping_status":"closed","template":"","meta":{"footnotes":""},"class_list":["post-9666","page","type-page","status-publish","hentry"],"_links":{"self":[{"href":"https:\/\/jensgustafsson.se\/index.php?rest_route=\/wp\/v2\/pages\/9666","targetHints":{"allow":["GET"]}}],"collection":[{"href":"https:\/\/jensgustafsson.se\/index.php?rest_route=\/wp\/v2\/pages"}],"about":[{"href":"https:\/\/jensgustafsson.se\/index.php?rest_route=\/wp\/v2\/types\/page"}],"author":[{"embeddable":true,"href":"https:\/\/jensgustafsson.se\/index.php?rest_route=\/wp\/v2\/users\/1"}],"replies":[{"embeddable":true,"href":"https:\/\/jensgustafsson.se\/index.php?rest_route=%2Fwp%2Fv2%2Fcomments&post=9666"}],"version-history":[{"count":5,"href":"https:\/\/jensgustafsson.se\/index.php?rest_route=\/wp\/v2\/pages\/9666\/revisions"}],"predecessor-version":[{"id":38670,"href":"https:\/\/jensgustafsson.se\/index.php?rest_route=\/wp\/v2\/pages\/9666\/revisions\/38670"}],"up":[{"embeddable":true,"href":"https:\/\/jensgustafsson.se\/index.php?rest_route=\/wp\/v2\/pages\/9263"}],"wp:attachment":[{"href":"https:\/\/jensgustafsson.se\/index.php?rest_route=%2Fwp%2Fv2%2Fmedia&parent=9666"}],"curies":[{"name":"wp","href":"https:\/\/api.w.org\/{rel}","templated":true}]}}